{"id":17281,"date":"2024-10-08T09:39:59","date_gmt":"2024-10-08T07:39:59","guid":{"rendered":"https:\/\/lavia.cc\/gpx\/?page_id=17281"},"modified":"2024-10-08T09:47:37","modified_gmt":"2024-10-08T07:47:37","slug":"maria-scolastica-ciucci-guida-escursionistica-lazio","status":"publish","type":"page","link":"https:\/\/lavia.cc\/gpx\/maria-scolastica-ciucci-guida-escursionistica-lazio\/","title":{"rendered":"Maria Scolastica Ciucci | Guida Escursionistica Lazio"},"content":{"rendered":"\t\t<div data-elementor-type=\"wp-page\" data-elementor-id=\"17281\" class=\"elementor elementor-17281\">\n\t\t\t\t<div class=\"elementor-element elementor-element-a622c3b e-con-full e-flex e-con e-child\" data-id=\"a622c3b\" data-element_type=\"container\" data-e-type=\"container\">\n\t\t<div class=\"elementor-element elementor-element-7227c6f e-con-full e-flex e-con e-child\" data-id=\"7227c6f\" data-element_type=\"container\" data-e-type=\"container\">\n\t\t<div class=\"elementor-element elementor-element-e724d26 e-con-full e-flex e-con e-child\" data-id=\"e724d26\" data-element_type=\"container\" data-e-type=\"container\" data-settings=\"{&quot;background_background&quot;:&quot;classic&quot;}\">\n\t\t<div class=\"elementor-element elementor-element-00cf7d2 e-con-full e-flex e-con e-child\" data-id=\"00cf7d2\" data-element_type=\"container\" data-e-type=\"container\">\n\t\t\t\t<div class=\"elementor-element elementor-element-716f832 elementor-widget__width-initial elementor-widget elementor-widget-image\" data-id=\"716f832\" data-element_type=\"widget\" data-e-type=\"widget\" data-widget_type=\"image.default\">\n\t\t\t\t<div class=\"elementor-widget-container\">\n\t\t\t\t\t\t\t\t\t\t\t\t\t\t\t<img fetchpriority=\"high\" decoding=\"async\" width=\"300\" height=\"300\" src=\"https:\/\/lavia.cc\/gpx\/wp-content\/uploads\/2024\/10\/Maria-Scolastica-Ciucci-Guida-Escursionistica-Lazio-300x300.jpg\" class=\"attachment-medium size-medium wp-image-17300\" alt=\"Maria Scolastica Ciucci | Guida Escursionistica Lazio | LAVIA\" srcset=\"https:\/\/lavia.cc\/gpx\/wp-content\/uploads\/2024\/10\/Maria-Scolastica-Ciucci-Guida-Escursionistica-Lazio-300x300.jpg 300w, https:\/\/lavia.cc\/gpx\/wp-content\/uploads\/2024\/10\/Maria-Scolastica-Ciucci-Guida-Escursionistica-Lazio-150x150.jpg 150w, https:\/\/lavia.cc\/gpx\/wp-content\/uploads\/2024\/10\/Maria-Scolastica-Ciucci-Guida-Escursionistica-Lazio-768x768.jpg 768w, https:\/\/lavia.cc\/gpx\/wp-content\/uploads\/2024\/10\/Maria-Scolastica-Ciucci-Guida-Escursionistica-Lazio-500x500.jpg 500w, https:\/\/lavia.cc\/gpx\/wp-content\/uploads\/2024\/10\/Maria-Scolastica-Ciucci-Guida-Escursionistica-Lazio.jpg 896w\" sizes=\"(max-width: 300px) 100vw, 300px\" \/>\t\t\t\t\t\t\t\t\t\t\t\t\t\t\t<\/div>\n\t\t\t\t<\/div>\n\t\t\t\t<div class=\"elementor-element elementor-element-3ab9389 elementor-widget__width-initial elementor-widget elementor-widget-text-editor\" data-id=\"3ab9389\" data-element_type=\"widget\" data-e-type=\"widget\" data-widget_type=\"text-editor.default\">\n\t\t\t\t<div class=\"elementor-widget-container\">\n\t\t\t\t\t\t\t\t\t<p>Mi chiamo Maria Scolastica, e sono cresciuta nel cuore del Parco Monti Simbruini: l&#8217;ho visto nascere nel 1983 e la mia casa \u00e8 stata inclusa in esso, ma forse sono andata troppo indietro nel racconto di me; eppure tutto ci\u00f2 credo abbia influito sulle mie passioni e capacit\u00e0, cos\u00ec crescevo in un luogo e in un tempo in cui i bambini erano lasciati liberi di fare scorribande esplorative nelle campagne, nella natura correndo liberamente e passando ore ed ore a contatto con la natura.<\/p><p>Oggi tutto questo mi \u00e8 possibile rendendo la mia passione un impegno settimanale che mi permette ancor oggi di scoprire, ma anche di accompagnare persone amanti della natura in luoghi stupendi che racchiudono storia, natura e le nostre radici.<\/p><p>Di questo sono entusiasta, e quando un tempo, da fanciulla, credevo di aver esplorato il mondo, che secondo me finiva nella vista del mio orizzonte, fui delusa da una fine avevo visto tutto, credevo..ah ah &#8230;oggi continuo una fantastica avventura che non vuol dire attraversare l&#8217;oceano ma soltanto andare li, passo dopo passo, dove mi porta il cuore..insieme a chi vuole condividere emozioni semplici e passi lenti..fino a giungere alle Vette si, ma non tralasciando Valli, Tradizioni e cultura di un luogo.<\/p><p>\u26f0\ufe0f Guida Ambientale Escursionistica AIGAE<\/p><p>\ud83d\udde3\ufe0f Lingue parlate: Italiano, Inglese, Francese<\/p><p>\ud83d\udccd Subiaco, <a href=\"https:\/\/lavia.cc\/gpx\/tag-tracce\/roma\/\" target=\"_blank\" rel=\"noopener\">Roma<\/a><\/p>\t\t\t\t\t\t\t\t<\/div>\n\t\t\t\t<\/div>\n\t\t\t\t<\/div>\n\t\t\t\t<\/div>\n\t\t\t\t<div class=\"elementor-element elementor-element-d2560f3 elementor-shape-rounded elementor-grid-0 e-grid-align-center elementor-widget elementor-widget-social-icons\" data-id=\"d2560f3\" data-element_type=\"widget\" data-e-type=\"widget\" data-widget_type=\"social-icons.default\">\n\t\t\t\t<div class=\"elementor-widget-container\">\n\t\t\t\t\t\t\t<div class=\"elementor-social-icons-wrapper elementor-grid\" role=\"list\">\n\t\t\t\t\t\t\t<span class=\"elementor-grid-item\" role=\"listitem\">\n\t\t\t\t\t<a class=\"elementor-icon elementor-social-icon elementor-social-icon-award elementor-animation-push elementor-repeater-item-366f8b2\" href=\"http:\/\/href=#popmake-17295\" target=\"_blank\">\n\t\t\t\t\t\t<span class=\"elementor-screen-only\">Award<\/span>\n\t\t\t\t\t\t<i aria-hidden=\"true\" class=\"fas fa-award\"><\/i>\t\t\t\t\t<\/a>\n\t\t\t\t<\/span>\n\t\t\t\t\t\t\t<span class=\"elementor-grid-item\" role=\"listitem\">\n\t\t\t\t\t<a class=\"elementor-icon elementor-social-icon elementor-social-icon-instagram elementor-animation-push elementor-repeater-item-9bf0b73\" href=\"https:\/\/www.instagram.com\/marialibera2023\/\" target=\"_blank\" rel=\"noopener\">\n\t\t\t\t\t\t<span class=\"elementor-screen-only\">Instagram<\/span>\n\t\t\t\t\t\t<i aria-hidden=\"true\" class=\"fab fa-instagram\"><\/i>\t\t\t\t\t<\/a>\n\t\t\t\t<\/span>\n\t\t\t\t\t\t\t<span class=\"elementor-grid-item\" role=\"listitem\">\n\t\t\t\t\t<a class=\"elementor-icon elementor-social-icon elementor-social-icon-facebook-f elementor-animation-push elementor-repeater-item-ee05156\" href=\"https:\/\/www.facebook.com\/marias.maria.568\" target=\"_blank\" rel=\"noopener\">\n\t\t\t\t\t\t<span class=\"elementor-screen-only\">Facebook-f<\/span>\n\t\t\t\t\t\t<i aria-hidden=\"true\" class=\"fab fa-facebook-f\"><\/i>\t\t\t\t\t<\/a>\n\t\t\t\t<\/span>\n\t\t\t\t\t\t\t<span class=\"elementor-grid-item\" role=\"listitem\">\n\t\t\t\t\t<a class=\"elementor-icon elementor-social-icon elementor-social-icon-phone-alt elementor-animation-push elementor-repeater-item-b02f8b7\" href=\"tel:%20+393318041418\" target=\"_blank\">\n\t\t\t\t\t\t<span class=\"elementor-screen-only\">Phone-alt<\/span>\n\t\t\t\t\t\t<i aria-hidden=\"true\" class=\"fas fa-phone-alt\"><\/i>\t\t\t\t\t<\/a>\n\t\t\t\t<\/span>\n\t\t\t\t\t\t\t<span class=\"elementor-grid-item\" role=\"listitem\">\n\t\t\t\t\t<a class=\"elementor-icon elementor-social-icon elementor-social-icon-envelope elementor-animation-push elementor-repeater-item-7bc2dfa\" href=\"http:\/\/href=#popmake-17290\" target=\"_blank\">\n\t\t\t\t\t\t<span class=\"elementor-screen-only\">Envelope<\/span>\n\t\t\t\t\t\t<i aria-hidden=\"true\" class=\"fas fa-envelope\"><\/i>\t\t\t\t\t<\/a>\n\t\t\t\t<\/span>\n\t\t\t\t\t<\/div>\n\t\t\t\t\t\t<\/div>\n\t\t\t\t<\/div>\n\t\t<div class=\"elementor-element elementor-element-b0a994b e-con-full e-flex e-con e-child\" data-id=\"b0a994b\" data-element_type=\"container\" data-e-type=\"container\" data-settings=\"{&quot;background_background&quot;:&quot;classic&quot;}\">\n\t\t\t\t<div class=\"elementor-element elementor-element-5216aa6 elementor-widget elementor-widget-heading\" data-id=\"5216aa6\" data-element_type=\"widget\" data-e-type=\"widget\" data-widget_type=\"heading.default\">\n\t\t\t\t<div class=\"elementor-widget-container\">\n\t\t\t\t\t<h5 class=\"elementor-heading-title elementor-size-default\">\ud83d\udc47 Vieni con me!<\/h5>\t\t\t\t<\/div>\n\t\t\t\t<\/div>\n\t\t\t\t<\/div>\n\t\t\t\t<\/div>\n\t\t\t\t<\/div>\n\t\t\t\t<\/div>\n\t\t","protected":false},"excerpt":{"rendered":"<p>Mi chiamo Maria Scolastica, e sono cresciuta nel cuore del Parco Monti Simbruini: l&#8217;ho visto nascere nel 1983 e la mia casa \u00e8 stata inclusa in esso, ma forse sono andata troppo indietro nel racconto di me; eppure tutto ci\u00f2 credo abbia influito sulle mie passioni e capacit\u00e0, cos\u00ec crescevo in un luogo e in [&hellip;]<\/p>\n","protected":false},"author":1,"featured_media":0,"parent":0,"menu_order":0,"comment_status":"closed","ping_status":"closed","template":"","meta":{"footnotes":""},"categories":[],"tags":[],"class_list":["post-17281","page","type-page","status-publish","hentry"],"blocksy_meta":[],"_links":{"self":[{"href":"https:\/\/lavia.cc\/gpx\/wp-json\/wp\/v2\/pages\/17281","targetHints":{"allow":["GET"]}}],"collection":[{"href":"https:\/\/lavia.cc\/gpx\/wp-json\/wp\/v2\/pages"}],"about":[{"href":"https:\/\/lavia.cc\/gpx\/wp-json\/wp\/v2\/types\/page"}],"author":[{"embeddable":true,"href":"https:\/\/lavia.cc\/gpx\/wp-json\/wp\/v2\/users\/1"}],"replies":[{"embeddable":true,"href":"https:\/\/lavia.cc\/gpx\/wp-json\/wp\/v2\/comments?post=17281"}],"version-history":[{"count":23,"href":"https:\/\/lavia.cc\/gpx\/wp-json\/wp\/v2\/pages\/17281\/revisions"}],"predecessor-version":[{"id":17315,"href":"https:\/\/lavia.cc\/gpx\/wp-json\/wp\/v2\/pages\/17281\/revisions\/17315"}],"wp:attachment":[{"href":"https:\/\/lavia.cc\/gpx\/wp-json\/wp\/v2\/media?parent=17281"}],"wp:term":[{"taxonomy":"category","embeddable":true,"href":"https:\/\/lavia.cc\/gpx\/wp-json\/wp\/v2\/categories?post=17281"},{"taxonomy":"post_tag","embeddable":true,"href":"https:\/\/lavia.cc\/gpx\/wp-json\/wp\/v2\/tags?post=17281"}],"curies":[{"name":"wp","href":"https:\/\/api.w.org\/{rel}","templated":true}]}}