{"id":10182,"date":"2024-02-12T14:43:08","date_gmt":"2024-02-12T13:43:08","guid":{"rendered":"https:\/\/lavia.cc\/gpx\/?post_type=product&#038;p=10182"},"modified":"2024-07-29T21:39:00","modified_gmt":"2024-07-29T19:39:00","slug":"anello-di-pietra-cappa-da-natile-vecchio","status":"publish","type":"product","link":"https:\/\/lavia.cc\/gpx\/tracce\/anello-di-pietra-cappa-da-natile-vecchio\/","title":{"rendered":"Anello di Pietra Cappa da Natile Vecchio"},"content":{"rendered":"<h5>Anello di Pietra Cappa da Natile Vecchio<\/h5>\n<p>\u27a1\ufe0f Clicca qui per andare al punto di partenza: <a href=\"https:\/\/www.google.it\/maps\/place\/38%C2%B011&#039;17.7%22N+16%C2%B003&#039;07.5%22E\/@38.1914636,16.034686,14.75z\/data=!4m4!3m3!8m2!3d38.18825!4d16.05209?entry=ttu\" target=\"_blank\" rel=\"noopener\">GOOGLE MAPS<\/a> (Parcheggio)<\/p>\n<p>\u2139\ufe0f Simbolo del Parco Nazionale dell\u2019Aspromonte, Pietra Cappa \u00e8 il monolite pi\u00f9 alto d\u2019Europa e uno dei luoghi pi\u00f9 suggestivi della Calabria. Per la sua peculiarit\u00e0 \u00e8 stato candidato al riconoscimento come Geoparco dell\u2019Unesco.<\/p>\n<p>\u26fa\ufe0f Possibilit\u00e0 di pernottamento presso <a href=\"https:\/\/guias-viajes.com\/italy\/locri\/casa-di-ida\/\" target=\"_blank\" rel=\"noopener\">La Casa di Ida.<\/a> Bed &amp; breakfast situato a Locri, che offre numerosi comfort ai suoi ospiti, con la connessione WiFi gratuita, una sala comune e una terrazza..<\/p>\n<p>\ud83d\uddfa\ufe0f Mappa e altimetria dell&#8217; <a href=\"https:\/\/lavia.cc\/gpx\/categoria-tracce\/escursionismo\/\">escursione<\/a> &#8220;<strong>Anello di Pietra Cappa da Natile Vecchio<\/strong>&#8220;:<\/p>\n\r\n\t\t<div id=\"wpgpxmaps_10182_3759751\" class=\"wpgpxmaps\">\r\n\t\t\t<div id=\"map_10182_3759751_cont\" style=\"width:100%; height:450px;position:relative\" >\r\n\t\t\t\t<div id=\"map_10182_3759751\" style=\"width:100%; height:450px\"><\/div>\r\n\t\t\t\t<div id=\"wpgpxmaps_10182_3759751_osm_footer\" class=\"wpgpxmaps_osm_footer\" style=\"display:none;\"><span> &copy; <a href=\"http:\/\/www.openstreetmap.org\/copyright\" target=\"_blank\" rel=\"noopener\">OpenStreetMap<\/a> contributors<\/span><\/div>\r\n\t\t\t<\/div>\r\n\t\t\t<canvas id=\"myChart_10182_3759751\" class=\"plot\" style=\"width:100%; height:200px\"><\/canvas>\r\n\t\t\t<div id=\"ngimages_10182_3759751\" class=\"ngimages\" style=\"display:none\"><\/div>\r\n\t\t\t<div id=\"report_10182_3759751\" class=\"report\"><\/div>\r\n\t\t<\/div>\r\n\t\t\r\n\t\t<script type=\"text\/javascript\">\r\n\r\n\t\t\tjQuery(document).ready(function() {\r\n\r\n\t\t\t\tjQuery( \"#wpgpxmaps_10182_3759751\" ).wpgpxmaps( {\r\n\t\t\t\t\ttargetId           : \"10182_3759751\",\r\n\t\t\t\t\tmapType            : \"HYBRID\",\r\n\t\t\t\t\tmapData            : [[38.1882510,16.0520970],[38.1883570,16.0519870],[38.1884670,16.0518900],[38.1886270,16.0513930],[38.1887340,16.0513840],[38.1887810,16.0512870],[38.1888790,16.0511020],[38.1887950,16.0510180],[38.1886740,16.0508880],[38.1886500,16.0507090],[38.1884520,16.0504860],[38.1883620,16.0504230],[38.1879450,16.0503850],[38.1875580,16.0505490],[38.1872510,16.0503390],[38.1871380,16.0500810],[38.1870690,16.0497860],[38.1870270,16.0495680],[38.1870110,16.0493870],[38.1868320,16.0491500],[38.1868280,16.0490090],[38.1867870,16.0489040],[38.1864950,16.0483960],[38.1863460,16.0484370],[38.1861750,16.0486370],[38.1861460,16.0488280],[38.1861470,16.0489800],[38.1861010,16.0490990],[38.1859730,16.0491850],[38.1858740,16.0492150],[38.1857500,16.0492440],[38.1855550,16.0492260],[38.1854680,16.0493580],[38.1853750,16.0494120],[38.1853900,16.0492470],[38.1853720,16.0490810],[38.1854180,16.0489400],[38.1853690,16.0487670],[38.1853930,16.0486220],[38.1853000,16.0483830],[38.1851620,16.0483240],[38.1848620,16.0479400],[38.1846820,16.0473970],[38.1846740,16.0472370],[38.1845930,16.0471410],[38.1845690,16.0469580],[38.1845900,16.0468050],[38.1845690,16.0466710],[38.1846090,16.0462270],[38.1845720,16.0460490],[38.1844190,16.0457790],[38.1843720,16.0456460],[38.1844470,16.0452500],[38.1844170,16.0451130],[38.1843120,16.0451670],[38.1839680,16.0450080],[38.1837090,16.0447610],[38.1835860,16.0445670],[38.1834090,16.0446280],[38.1832000,16.0448210],[38.1831230,16.0444150],[38.1830630,16.0440090],[38.1829080,16.0440720],[38.1828060,16.0439420],[38.1826990,16.0437040],[38.1827060,16.0434660],[38.1829380,16.0432320],[38.1831080,16.0429780],[38.1832120,16.0428630],[38.1832120,16.0427210],[38.1832750,16.0425300],[38.1833000,16.0423400],[38.1835340,16.0421240],[38.1835740,16.0419340],[38.1836990,16.0417340],[38.1838380,16.0416070],[38.1837980,16.0414900],[38.1837040,16.0415240],[38.1837090,16.0413750],[38.1836340,16.0414390],[38.1835440,16.0412230],[38.1834490,16.0411020],[38.1833000,16.0411930],[38.1831830,16.0414940],[38.1831060,16.0416390],[38.1830180,16.0418040],[38.1831060,16.0416390],[38.1831830,16.0414940],[38.1833000,16.0411930],[38.1833870,16.0410740],[38.1834640,16.0409520],[38.1833560,16.0408930],[38.1833370,16.0406150],[38.1831980,16.0406220],[38.1833370,16.0406150],[38.1833560,16.0408930],[38.1834640,16.0409520],[38.1835520,16.0408140],[38.1836860,16.0407310],[38.1838160,16.0405310],[38.1839130,16.0403540],[38.1838810,16.0400900],[38.1839510,16.0398210],[38.1840650,16.0396550],[38.1841180,16.0393100],[38.1841930,16.0391100],[38.1842820,16.0390880],[38.1843920,16.0391540],[38.1845240,16.0391730],[38.1850130,16.0390370],[38.1852320,16.0392110],[38.1853350,16.0392400],[38.1854840,16.0392140],[38.1856140,16.0392490],[38.1858140,16.0391570],[38.1860980,16.0391860],[38.1862430,16.0391730],[38.1864760,16.0394030],[38.1864170,16.0391510],[38.1863080,16.0389350],[38.1860130,16.0385670],[38.1857270,16.0379110],[38.1857850,16.0373180],[38.1856340,16.0366450],[38.1856230,16.0363720],[38.1856820,16.0359400],[38.1855650,16.0353000],[38.1856430,16.0350350],[38.1857400,16.0348380],[38.1857050,16.0345340],[38.1856370,16.0342540],[38.1853280,16.0342130],[38.1851850,16.0337410],[38.1849160,16.0335280],[38.1848740,16.0330790],[38.1846650,16.0327480],[38.1845130,16.0322280],[38.1844730,16.0318190],[38.1843730,16.0314230],[38.1842140,16.0310980],[38.1840500,16.0306550],[38.1840170,16.0303110],[38.1838860,16.0300130],[38.1835980,16.0295720],[38.1833550,16.0292800],[38.1833080,16.0289230],[38.1830020,16.0282420],[38.1828470,16.0280010],[38.1822120,16.0272980],[38.1821540,16.0271110],[38.1819170,16.0269730],[38.1817790,16.0269790],[38.1815670,16.0272280],[38.1814690,16.0271460],[38.1813800,16.0272070],[38.1812890,16.0272670],[38.1811930,16.0272970],[38.1810970,16.0272850],[38.1811270,16.0271670],[38.1811500,16.0270410],[38.1811590,16.0269250],[38.1811550,16.0268000],[38.1811590,16.0266780],[38.1810970,16.0265740],[38.1810130,16.0264870],[38.1809410,16.0263980],[38.1809460,16.0262830],[38.1809820,16.0261710],[38.1809920,16.0259840],[38.1809120,16.0258620],[38.1808120,16.0257960],[38.1807440,16.0256940],[38.1806750,16.0256080],[38.1806480,16.0254820],[38.1806150,16.0253430],[38.1805180,16.0252380],[38.1804790,16.0251210],[38.1804330,16.0250030],[38.1804160,16.0248840],[38.1804180,16.0247550],[38.1804380,16.0246380],[38.1804690,16.0245140],[38.1805110,16.0243920],[38.1805050,16.0242320],[38.1804990,16.0241040],[38.1805230,16.0239770],[38.1805360,16.0238530],[38.1805390,16.0237330],[38.1804700,16.0236350],[38.1804020,16.0235180],[38.1803280,16.0234080],[38.1802040,16.0234100],[38.1801130,16.0234280],[38.1800790,16.0234180],[38.1801750,16.0234380],[38.1802120,16.0233220],[38.1801130,16.0232900],[38.1800280,16.0233530],[38.1800550,16.0233940],[38.1801010,16.0232810],[38.1800140,16.0232040],[38.1799150,16.0231200],[38.1798470,16.0232000],[38.1797770,16.0233110],[38.1796760,16.0234180],[38.1795980,16.0235490],[38.1795840,16.0236630],[38.1793340,16.0244310],[38.1792460,16.0246500],[38.1790820,16.0248580],[38.1789240,16.0249400],[38.1788740,16.0249290],[38.1788250,16.0250500],[38.1787530,16.0251500],[38.1787050,16.0252730],[38.1786380,16.0253770],[38.1786180,16.0255160],[38.1785830,16.0256660],[38.1785500,16.0258330],[38.1785790,16.0259450],[38.1784900,16.0260010],[38.1783990,16.0260320],[38.1783690,16.0261620],[38.1782790,16.0262100],[38.1781740,16.0262330],[38.1781670,16.0262360],[38.1780520,16.0264910],[38.1781730,16.0265710],[38.1781070,16.0263670],[38.1780660,16.0262050],[38.1781450,16.0262960],[38.1782220,16.0262150],[38.1781360,16.0262730],[38.1781360,16.0262830],[38.1782580,16.0263170],[38.1783460,16.0263770],[38.1784290,16.0264450],[38.1784870,16.0265410],[38.1785440,16.0266490],[38.1786040,16.0267480],[38.1786830,16.0268260],[38.1787490,16.0269320],[38.1788230,16.0270290],[38.1788530,16.0270330],[38.1788750,16.0270900],[38.1789690,16.0271400],[38.1789010,16.0271820],[38.1790010,16.0272430],[38.1790780,16.0271630],[38.1791160,16.0270100],[38.1791860,16.0268960],[38.1793070,16.0267770],[38.1794150,16.0266630],[38.1794360,16.0265190],[38.1794660,16.0263840],[38.1795610,16.0263160],[38.1796470,16.0262510],[38.1797610,16.0261970],[38.1798370,16.0261370],[38.1798780,16.0262280],[38.1799790,16.0262050],[38.1800010,16.0263620],[38.1800750,16.0266280],[38.1801940,16.0268290],[38.1802280,16.0271820],[38.1803240,16.0274760],[38.1803150,16.0277350],[38.1802310,16.0279180],[38.1801080,16.0280830],[38.1800620,16.0282500],[38.1801920,16.0285160],[38.1802260,16.0287470],[38.1801370,16.0291230],[38.1799960,16.0293960],[38.1797700,16.0294460],[38.1795440,16.0296120],[38.1794870,16.0297990],[38.1794530,16.0301870],[38.1793680,16.0303450],[38.1789160,16.0305970],[38.1788490,16.0308340],[38.1788540,16.0313950],[38.1788260,16.0315750],[38.1785430,16.0318550],[38.1783230,16.0319340],[38.1781650,16.0320560],[38.1779740,16.0323960],[38.1780850,16.0325570],[38.1781160,16.0327250],[38.1781000,16.0327420],[38.1778950,16.0320630],[38.1776170,16.0322380],[38.1773940,16.0323690],[38.1774760,16.0325000],[38.1775460,16.0326040],[38.1776300,16.0327200],[38.1777120,16.0328220],[38.1776860,16.0329630],[38.1776800,16.0330850],[38.1776790,16.0332030],[38.1776090,16.0332820],[38.1775500,16.0336610],[38.1775960,16.0343010],[38.1777930,16.0343940],[38.1779060,16.0345960],[38.1780870,16.0346460],[38.1784320,16.0346890],[38.1787820,16.0347830],[38.1790880,16.0344160],[38.1794950,16.0337760],[38.1796270,16.0335190],[38.1798390,16.0328700],[38.1799380,16.0321600],[38.1800990,16.0317920],[38.1801310,16.0315810],[38.1799870,16.0315160],[38.1798530,16.0314550],[38.1797570,16.0314050],[38.1796490,16.0313900],[38.1795850,16.0314960],[38.1795220,16.0315790],[38.1795000,16.0316930],[38.1795380,16.0315920],[38.1795940,16.0314970],[38.1796520,16.0313950],[38.1795770,16.0313090],[38.1795550,16.0311980],[38.1796200,16.0310620],[38.1796870,16.0309370],[38.1797590,16.0307970],[38.1798150,16.0306860],[38.1798650,16.0305770],[38.1799000,16.0304590],[38.1799320,16.0303460],[38.1801400,16.0303150],[38.1802160,16.0300090],[38.1803740,16.0296320],[38.1803490,16.0294020],[38.1803650,16.0289450],[38.1804220,16.0287000],[38.1804550,16.0283980],[38.1805300,16.0281520],[38.1807100,16.0277700],[38.1807770,16.0275340],[38.1808700,16.0274420],[38.1810740,16.0273360],[38.1812380,16.0273740],[38.1814620,16.0273520],[38.1817790,16.0269790],[38.1819170,16.0269730],[38.1821540,16.0271110],[38.1822120,16.0272980],[38.1828470,16.0280010],[38.1830020,16.0282420],[38.1833080,16.0289230],[38.1833550,16.0292800],[38.1835980,16.0295720],[38.1838860,16.0300130],[38.1840170,16.0303110],[38.1840500,16.0306550],[38.1842140,16.0310980],[38.1843730,16.0314230],[38.1844730,16.0318190],[38.1845130,16.0322280],[38.1846650,16.0327480],[38.1848740,16.0330790],[38.1849160,16.0335280],[38.1851850,16.0337410],[38.1852670,16.0341510],[38.1856370,16.0342540],[38.1857050,16.0345340],[38.1857400,16.0348380],[38.1856430,16.0350350],[38.1855650,16.0353000],[38.1856820,16.0359400],[38.1856230,16.0363720],[38.1856340,16.0366450],[38.1857850,16.0373180],[38.1857270,16.0379110],[38.1860130,16.0385670],[38.1863080,16.0389350],[38.1864170,16.0391510],[38.1864760,16.0394030],[38.1865080,16.0396050],[38.1867300,16.0401770],[38.1869590,16.0405640],[38.1873420,16.0408720],[38.1878280,16.0411810],[38.1881550,16.0412370],[38.1884780,16.0410420],[38.1885720,16.0410430],[38.1884620,16.0415390],[38.1884770,16.0421230],[38.1882780,16.0425380],[38.1882270,16.0427830],[38.1882740,16.0430880],[38.1882340,16.0433100],[38.1881110,16.0433910],[38.1879490,16.0437550],[38.1877560,16.0447280],[38.1874940,16.0455000],[38.1874970,16.0457510],[38.1876120,16.0459460],[38.1878340,16.0458290],[38.1881740,16.0457200],[38.1885340,16.0459180],[38.1887850,16.0458350],[38.1892950,16.0455640],[38.1896970,16.0453130],[38.1898160,16.0451570],[38.1898220,16.0450390],[38.1896990,16.0448530],[38.1897950,16.0446640],[38.1899440,16.0446060],[38.1901580,16.0442610],[38.1905870,16.0440690],[38.1910200,16.0440980],[38.1911720,16.0441460],[38.1913110,16.0444290],[38.1913570,16.0445840],[38.1913080,16.0448220],[38.1913170,16.0450260],[38.1918640,16.0458410],[38.1919690,16.0462350],[38.1921910,16.0466100],[38.1923140,16.0469830],[38.1922720,16.0473370],[38.1921390,16.0478250],[38.1920700,16.0482850],[38.1920670,16.0486230],[38.1918620,16.0491210],[38.1917100,16.0493360],[38.1912320,16.0494430],[38.1910410,16.0493410],[38.1910000,16.0491670],[38.1906110,16.0492300],[38.1902830,16.0494130],[38.1901760,16.0497950],[38.1898820,16.0502030],[38.1898640,16.0503310],[38.1899700,16.0505640],[38.1899580,16.0509480],[38.1899220,16.0511550],[38.1898720,16.0513040],[38.1895830,16.0511690],[38.1894440,16.0511770],[38.1892860,16.0512540],[38.1890720,16.0512330],[38.1890190,16.0514030],[38.1891190,16.0514380],[38.1890100,16.0514880],[38.1889780,16.0517570],[38.1888210,16.0517780],[38.1886610,16.0518590],[38.1884310,16.0519460]],\r\n\t\t\t\t\tgraphDist          : [0.00,0.02,0.03,0.08,0.09,0.12,0.14,0.15,0.17,0.18,0.21,0.22,0.27,0.32,0.36,0.38,0.41,0.43,0.45,0.48,0.49,0.50,0.56,0.57,0.60,0.62,0.63,0.64,0.66,0.67,0.69,0.71,0.72,0.73,0.75,0.76,0.78,0.79,0.81,0.83,0.85,0.90,0.95,0.96,0.97,0.99,1.00,1.02,1.06,1.07,1.10,1.11,1.15,1.16,1.18,1.22,1.25,1.28,1.30,1.33,1.37,1.40,1.43,1.45,1.47,1.49,1.52,1.55,1.57,1.58,1.60,1.62,1.65,1.67,1.69,1.71,1.72,1.73,1.75,1.76,1.78,1.80,1.82,1.85,1.86,1.88,1.90,1.91,1.94,1.96,1.97,1.98,2.01,2.02,2.05,2.07,2.09,2.10,2.12,2.14,2.16,2.18,2.21,2.23,2.26,2.28,2.29,2.30,2.32,2.37,2.40,2.42,2.43,2.45,2.47,2.50,2.52,2.55,2.58,2.60,2.64,2.71,2.76,2.82,2.85,2.89,2.94,2.97,2.99,3.02,3.04,3.08,3.12,3.16,3.20,3.23,3.28,3.32,3.35,3.39,3.43,3.46,3.49,3.54,3.58,3.61,3.68,3.71,3.80,3.82,3.85,3.87,3.90,3.91,3.92,3.94,3.95,3.96,3.97,3.98,3.99,4.00,4.01,4.02,4.04,4.05,4.06,4.07,4.08,4.10,4.11,4.12,4.13,4.15,4.16,4.17,4.18,4.20,4.21,4.22,4.23,4.24,4.25,4.27,4.28,4.29,4.30,4.31,4.32,4.33,4.35,4.36,4.37,4.38,4.40,4.41,4.42,4.43,4.44,4.45,4.46,4.48,4.49,4.50,4.51,4.53,4.54,4.62,4.64,4.66,4.68,4.70,4.71,4.72,4.73,4.74,4.76,4.77,4.79,4.80,4.81,4.82,4.83,4.84,4.85,4.87,4.90,4.91,4.93,4.95,4.96,4.97,4.98,4.99,5.01,5.02,5.03,5.04,5.05,5.06,5.07,5.09,5.10,5.11,5.12,5.13,5.14,5.16,5.17,5.19,5.20,5.22,5.23,5.25,5.26,5.27,5.28,5.30,5.31,5.32,5.33,5.34,5.37,5.39,5.42,5.45,5.47,5.49,5.52,5.53,5.56,5.58,5.62,5.65,5.67,5.70,5.72,5.75,5.77,5.82,5.85,5.89,5.91,5.95,5.98,6.00,6.03,6.05,6.07,6.08,6.15,6.19,6.21,6.23,6.24,6.26,6.27,6.28,6.29,6.30,6.32,6.35,6.41,6.43,6.45,6.48,6.51,6.55,6.60,6.67,6.70,6.76,6.83,6.86,6.88,6.90,6.91,6.93,6.94,6.95,6.96,6.97,6.98,6.99,7.00,7.02,7.03,7.04,7.05,7.07,7.08,7.09,7.10,7.11,7.14,7.17,7.21,7.23,7.27,7.29,7.32,7.34,7.38,7.40,7.41,7.44,7.46,7.48,7.53,7.54,7.57,7.59,7.69,7.71,7.78,7.82,7.85,7.90,7.93,7.96,8.01,8.04,8.08,8.11,8.16,8.20,8.24,8.27,8.31,8.35,8.38,8.41,8.43,8.45,8.51,8.55,8.57,8.63,8.68,8.75,8.80,8.82,8.84,8.86,8.92,8.96,9.01,9.07,9.11,9.15,9.16,9.20,9.25,9.30,9.32,9.34,9.36,9.38,9.42,9.51,9.58,9.60,9.62,9.65,9.69,9.73,9.76,9.82,9.87,9.89,9.90,9.93,9.94,9.96,10.00,10.05,10.10,10.12,10.15,10.16,10.18,10.20,10.30,10.33,10.38,10.41,10.44,10.49,10.53,10.56,10.61,10.64,10.69,10.71,10.73,10.77,10.81,10.85,10.90,10.91,10.93,10.97,10.99,11.00,11.03,11.05,11.07,11.09,11.11,11.12,11.14,11.16,11.18,11.20,11.23],\r\n\t\t\t\t\tgraphEle           : [309.16,309.16,309.16,309.16,309.16,310.37,311.75,312.59,313.94,315.06,317.14,317.95,321.23,325.66,331.30,335.06,338.98,341.94,344.47,348.76,350.55,352.05,362.20,365.57,370.39,373.56,376.04,378.21,381.21,383.32,385.94,389.95,392.27,394.02,396.26,398.52,400.57,403.05,405.13,408.73,411.27,418.56,426.87,429.17,431.18,433.84,436.06,438.01,444.41,447.04,451.81,453.89,459.70,461.72,463.77,470.41,476.27,479.83,483.15,487.35,492.41,496.81,499.60,501.92,504.85,507.38,510.77,512.32,513.13,513.79,514.75,515.64,517.34,518.25,519.43,520.44,520.92,520.99,521.07,521.14,521.27,521.38,521.51,521.68,521.77,521.87,521.98,522.07,523.41,524.09,524.74,525.36,526.52,527.25,528.43,529.59,530.21,530.95,531.89,534.09,535.84,538.00,540.30,542.09,544.95,546.75,547.69,548.94,550.35,556.58,559.90,561.21,563.09,564.74,567.39,570.94,572.79,577.11,580.13,583.09,589.14,597.78,602.65,607.90,609.95,613.23,615.91,615.79,615.68,615.54,615.41,615.23,614.91,613.54,612.02,610.58,608.71,607.32,609.29,611.23,613.70,615.44,617.17,623.00,630.19,636.32,649.60,654.87,668.38,670.77,674.71,676.80,681.15,683.02,684.55,685.14,685.60,686.05,686.51,686.98,687.43,687.88,688.34,688.82,689.32,689.78,690.22,690.66,691.35,691.93,692.45,692.94,693.74,694.68,695.73,696.93,697.84,698.79,699.68,700.61,701.47,702.44,703.40,704.55,705.48,706.43,707.33,708.22,709.20,709.64,709.80,710.00,710.13,710.27,710.41,710.55,710.70,710.83,710.98,711.13,711.27,711.44,711.57,711.73,711.92,711.56,710.02,701.44,698.90,695.86,693.62,692.10,690.69,689.27,687.92,686.68,685.38,683.95,682.37,681.23,680.07,678.94,677.70,676.57,675.32,673.96,670.77,669.19,667.39,666.79,666.29,665.85,665.41,664.90,664.33,663.89,663.44,663.01,662.55,662.10,661.66,661.18,660.69,660.19,659.74,659.51,659.60,659.69,659.83,659.95,660.05,660.18,660.31,660.41,660.52,660.61,660.70,660.81,660.90,661.00,661.13,661.47,662.08,662.63,663.40,664.08,664.65,665.10,665.80,666.22,667.09,667.74,668.82,669.72,670.52,671.44,671.99,673.41,674.18,676.71,677.72,679.98,680.72,681.58,681.62,681.66,681.73,681.76,681.79,681.81,682.74,683.95,684.91,685.55,685.97,686.45,686.90,687.35,687.72,688.08,688.56,691.58,697.85,700.46,702.88,705.18,709.49,712.39,714.72,718.14,719.41,719.31,716.55,714.94,714.12,713.37,712.68,712.17,711.27,710.22,709.31,708.38,707.38,706.44,705.44,704.43,703.41,702.16,700.98,699.68,698.65,697.67,696.68,695.74,693.56,691.83,689.53,688.28,685.81,684.44,682.80,681.63,680.53,679.91,679.54,678.84,678.32,677.61,676.25,674.15,669.60,666.84,652.14,647.87,636.75,631.55,625.45,617.21,612.31,611.52,610.90,610.41,609.88,609.36,609.98,611.40,612.91,614.25,615.67,616.33,615.84,615.32,614.93,614.45,613.35,611.70,609.15,602.64,597.08,590.57,587.30,585.71,584.07,582.79,578.83,577.56,578.21,578.99,579.47,579.27,578.48,575.06,571.18,567.95,566.27,563.55,560.00,557.25,550.73,535.08,524.99,522.76,520.60,517.88,513.92,509.48,507.51,504.11,501.36,500.31,499.73,498.56,497.26,494.77,489.23,481.95,475.00,472.49,468.22,465.85,462.33,459.40,444.07,438.11,431.77,426.44,421.73,414.94,408.77,404.36,397.19,393.51,385.63,382.27,379.96,373.24,366.77,361.01,353.15,351.31,347.48,344.24,344.24,344.24,344.24,344.24,344.24,344.24,344.24,344.24,344.24,344.24,344.24,344.24,344.24],\r\n\t\t\t\t\tgraphSpeed         : [],\r\n\t\t\t\t\tgraphHr            : [],\r\n\t\t\t\t\tgraphAtemp         : [],\r\n\t\t\t\t\tgraphCad           : [],\r\n\t\t\t\t\tgraphGrade         : [],\r\n\t\t\t\t\twaypoints          : [],\r\n\t\t\t\t\tunit               : \"2\",\r\n\t\t\t\t\tunitspeed          : \"0\",\r\n\t\t\t\t\tcolor1             : [\"#3366cc\"],\r\n\t\t\t\t\tcolor2             : \"#3366cc\",\r\n\t\t\t\t\tcolor3             : \"#ff0000\",\r\n\t\t\t\t\tcolor4             : \"#ff77bd\",\r\n\t\t\t\t\tcolor5             : \"#beecff\",\r\n\t\t\t\t\tcolor6             : \"#beecff\",\r\n\t\t\t\t\tcolor7             : \"#ff77bd\",\r\n\t\t\t\t\tchartFrom1         : \"\",\r\n\t\t\t\t\tchartTo1           : \"\",\r\n\t\t\t\t\tchartFrom2         : \"\",\r\n\t\t\t\t\tchartTo2           : \"\",\r\n\t\t\t\t\tstartIcon          : \"\",\r\n\t\t\t\t\tendIcon            : \"\",\r\n\t\t\t\t\tcurrentIcon        : \"\",\r\n\t\t\t\t\twaypointIcon       : \"https:\/\/lavia.cc\/gpx\/wp-content\/uploads\/gpx\/cropped-icona.ico\",\r\n\t\t\t\t\tcurrentpositioncon : \"\",\r\n\t\t\t\t\tusegpsposition     : \"\",\r\n\t\t\t\t\tzoomOnScrollWheel  : \"\",\r\n\t\t\t\t\tngGalleries        : [],\r\n\t\t\t\t\tngImages           : [],\r\n\t\t\t\t\tpluginUrl          : \"https:\/\/lavia.cc\/gpx\/wp-content\/plugins\",\r\n\t\t\t\t\tTFApiKey           : \"\",\r\n\t\t\t\t\tMapBoxApiKey           : \"\",\r\n\t\t\t\t\tlangs              : {\r\n\t\t\t\t\t\taltitude        : \"Altitudine\",\r\n\t\t\t\t\t\tcurrentPosition : \"Current position\",\r\n\t\t\t\t\t\tspeed           : \"Velocit\u00e0\",\r\n\t\t\t\t\t\tgrade           : \"Grade\",\r\n\t\t\t\t\t\theartRate       : \"Battito Cardiaco\",\r\n\t\t\t\t\t\tatemp           : \"Temperature\",\r\n\t\t\t\t\t\tcadence         : \"Cadenza\",\r\n\t\t\t\t\t\tgoFullScreen    : \"Go full screen\",\r\n\t\t\t\t\t\texitFullFcreen  : \"Exit full screen\",\r\n\t\t\t\t\t\thideImages      : \"Hide images\",\r\n\t\t\t\t\t\tshowImages      : \"Show images\",\r\n\t\t\t\t\t\tbackToCenter\t: \"Ritorna al centro della mappa\"\r\n\t\t\t\t\t}\r\n\t\t\t\t});\r\n\r\n\t\t\t});\r\n\r\n\t\t<\/script>\n<p>\ud83d\udfe2 Scarica la TRACCIA e Segui <a href=\"https:\/\/www.instagram.com\/lavia.cc\/\" target=\"_blank\" rel=\"noopener\">LAVIA<\/a>!<\/p>\n","protected":false},"excerpt":{"rendered":"<p>Eccoci con una delle escursioni ad anello pi\u00f9 belle ed interessanti nell\u2019Aspromonte orientale. Questo itinerario porta alla scoperta di uno dei monoliti pi\u00f9 grandi d\u2019Europa, nella Vallata delle Grandi Pietre, sito tra i pi\u00f9 importanti e famosi del <strong>Parco Nazionale d\u2019Aspromonte<\/strong>. Si tratta del sentiero che da Natile porta a Pietra Cappa, regina dell\u2019Aspromonte, che con la sua mole enigmatica e carica di leggende troneggia nella <strong>Vallata delle Grandi Pietre<\/strong>. La Pietra Cappa, posto a 840 m, \u00e8 un monolite che occupa circa quattro ettari di terreno e con i suoi 140 metri di altezza risulta il pi\u00f9 grande d\u2019Europa, \u00e8 una tra le migliori rarit\u00e0 perfettamente conservate e presenti sul nostro territorio. Fa parte insieme ad altri monoliti delle vicinanze, del piu&#8217; vasto gruppo della &#8221;Valle delle Grandi Pietre&#8221;. Infatti oltre la maestosa <strong>Pietra Cappa<\/strong>, sono presenti: Pietra Lunga, Rocche Castello, Pietra Tonda, Pietra San Pietro e Pietra Drione. Il nome non ha niente a che vedere con la lettera K. I documenti medievali riportano il nome di Pietra Cauca, che sta ad additare pietra vuota, scavata ed erosa dagli agenti atmosferici e che si riferiva non solo a Pietra Cappa ma all&#8217;intera zona circostante dato che sono parecchie, ma inferiori di grandezza, le rocce.\u00a0Il percorso ha inizio nell&#8217;estremo versante <strong>ionico<\/strong>, nei territori di Natile Vecchio, frazione di Careri, nella locride. Il punto di partenza \u00e8 posto proprio sulle alture poco sopra il vecchio borgo natilese. L\u2019itinerario prima di raggiungere il punto saliente di Pietra Cappa, passa per le Rocce di San Pietro, grotte scavate nella roccia dai monaci basiliani, come riparo e luoghi di preghiera. Il percorso, indicato dalla segnaletica rossa e bianca, \u00e8 di livello <strong>escursionistico<\/strong> e richiede un buon allenamento fisico. Il moderato impegno dell\u2019escursione ripaga per\u00f2 oltre ogni aspettativa, poich\u00e9 Il cammino si rivela subito affascinante, immerso in una natura rigogliosa composta da lecci, querce e castagni secolari, tra cui non di rado \u00e8 possibile scorgere maialini neri, mucche al pascolo ed atletiche caprette in grado di arrampicarsi praticamente ovunque. Tra racconti leggendari, passaggi storici e panorami mozzafiato, le ore di cammino volano davvero! Arrivati ai piedi di Pietra Cappa, la maestosit\u00e0 del monolite lascia senza fiato: \u00e8 una delle viste pi\u00f9 <strong>incredibili<\/strong> di tutto l\u2019Aspromonte!<\/p>\n<p>Bellissime foto di <a href=\"https:\/\/www.instagram.com\/p\/CWTHs_2ozDC\/\">@marcopansino_guida<\/a><\/p>\n<p>\ud83d\udfe2 Segui\u00a0<strong>LAVIA,<\/strong>\u00a0arriva alla\u00a0<strong>META<\/strong>!<\/p>\n","protected":false},"featured_media":10187,"comment_status":"open","ping_status":"closed","template":"","meta":[],"product_brand":[],"product_cat":[31],"product_tag":[53,1334],"class_list":{"0":"post-10182","1":"product","2":"type-product","3":"status-publish","4":"has-post-thumbnail","6":"product_cat-escursionismo","7":"product_tag-r-calabria","8":"product_tag-reggio-calabria","10":"first","11":"instock","12":"downloadable","13":"virtual","14":"product-type-simple"},"_links":{"self":[{"href":"https:\/\/lavia.cc\/gpx\/wp-json\/wp\/v2\/product\/10182","targetHints":{"allow":["GET"]}}],"collection":[{"href":"https:\/\/lavia.cc\/gpx\/wp-json\/wp\/v2\/product"}],"about":[{"href":"https:\/\/lavia.cc\/gpx\/wp-json\/wp\/v2\/types\/product"}],"replies":[{"embeddable":true,"href":"https:\/\/lavia.cc\/gpx\/wp-json\/wp\/v2\/comments?post=10182"}],"version-history":[{"count":4,"href":"https:\/\/lavia.cc\/gpx\/wp-json\/wp\/v2\/product\/10182\/revisions"}],"predecessor-version":[{"id":10541,"href":"https:\/\/lavia.cc\/gpx\/wp-json\/wp\/v2\/product\/10182\/revisions\/10541"}],"wp:featuredmedia":[{"embeddable":true,"href":"https:\/\/lavia.cc\/gpx\/wp-json\/wp\/v2\/media\/10187"}],"wp:attachment":[{"href":"https:\/\/lavia.cc\/gpx\/wp-json\/wp\/v2\/media?parent=10182"}],"wp:term":[{"taxonomy":"product_brand","embeddable":true,"href":"https:\/\/lavia.cc\/gpx\/wp-json\/wp\/v2\/product_brand?post=10182"},{"taxonomy":"product_cat","embeddable":true,"href":"https:\/\/lavia.cc\/gpx\/wp-json\/wp\/v2\/product_cat?post=10182"},{"taxonomy":"product_tag","embeddable":true,"href":"https:\/\/lavia.cc\/gpx\/wp-json\/wp\/v2\/product_tag?post=10182"}],"curies":[{"name":"wp","href":"https:\/\/api.w.org\/{rel}","templated":true}]}}