{"id":12608,"date":"2024-05-02T17:57:33","date_gmt":"2024-05-02T15:57:33","guid":{"rendered":"https:\/\/lavia.cc\/gpx\/?post_type=product&#038;p=12608"},"modified":"2025-05-07T20:23:20","modified_gmt":"2025-05-07T18:23:20","slug":"da-baratti-a-buca-delle-fate-populonia","status":"publish","type":"product","link":"https:\/\/lavia.cc\/gpx\/tracce\/da-baratti-a-buca-delle-fate-populonia\/","title":{"rendered":"Da Baratti a Buca delle Fate, passando per la rocca di Populonia"},"content":{"rendered":"<h5>Escursione da Baratti a Buca delle Fate, passando per la rocca di Populonia<\/h5>\n<p>\u27a1\ufe0f Clicca qui per raggiungere il punto di partenza: <a href=\"https:\/\/www.google.com\/maps\/place\/Parcheggio+a+pagamento+Baratti+3,+Baratti,+57025+Piombino+LI\/@42.9899206,10.5029855,18.71z\/data=!4m15!1m8!3m7!1s0x12d622081855af57:0x3dd56524d3e0a2f0!2s57025+Baratti+LI!3b1!8m2!3d42.9981756!4d10.5155404!16s%2Fm%2F06w3x4p!3m5!1s0x12d6226d96be44f5:0xd7db224061494940!8m2!3d42.9899936!4d10.5031603!16s%2Fg%2F11cknfsj2t?authuser=0&amp;entry=ttu\" target=\"_blank\" rel=\"noopener\">GOOGLE MAPS<\/a> (Parcheggio a pagamento Baratti 3).<\/p>\n<p>\ud83d\udd5c Periodo consigliato: tutto l&#8217;anno.<\/p>\n<p>\ud83d\uddfa\ufe0f Mappa e altimetria dell&#8217;escursione ad anello a <strong>Buca delle Fate<\/strong>:<\/p>\n\r\n\t\t<div id=\"wpgpxmaps_12608_2425164\" class=\"wpgpxmaps\">\r\n\t\t\t<div id=\"map_12608_2425164_cont\" style=\"width:100%; height:450px;position:relative\" >\r\n\t\t\t\t<div id=\"map_12608_2425164\" style=\"width:100%; height:450px\"><\/div>\r\n\t\t\t\t<div id=\"wpgpxmaps_12608_2425164_osm_footer\" class=\"wpgpxmaps_osm_footer\" style=\"display:none;\"><span> &copy; <a href=\"http:\/\/www.openstreetmap.org\/copyright\" target=\"_blank\" rel=\"noopener\">OpenStreetMap<\/a> contributors<\/span><\/div>\r\n\t\t\t<\/div>\r\n\t\t\t<canvas id=\"myChart_12608_2425164\" class=\"plot\" style=\"width:100%; height:200px\"><\/canvas>\r\n\t\t\t<div id=\"ngimages_12608_2425164\" class=\"ngimages\" style=\"display:none\"><\/div>\r\n\t\t\t<div id=\"report_12608_2425164\" class=\"report\"><\/div>\r\n\t\t<\/div>\r\n\t\t\r\n\t\t<script type=\"text\/javascript\">\r\n\r\n\t\t\tjQuery(document).ready(function() {\r\n\r\n\t\t\t\tjQuery( \"#wpgpxmaps_12608_2425164\" ).wpgpxmaps( {\r\n\t\t\t\t\ttargetId           : \"12608_2425164\",\r\n\t\t\t\t\tmapType            : \"HYBRID\",\r\n\t\t\t\t\tmapData            : [[42.9900800,10.5032120],[42.9901000,10.5030770],[42.9901630,10.5028340],[42.9902315,10.5028594],[42.9903490,10.5026810],[42.9904150,10.5024310],[42.9904830,10.5022630],[42.9906240,10.5019960],[42.9908130,10.5016550],[42.9910070,10.5013080],[42.9911930,10.5009820],[42.9912730,10.5008670],[42.9913740,10.5007640],[42.9914365,10.5006685],[42.9915031,10.5005916],[42.9917279,10.5004922],[42.9918765,10.5004352],[42.9920459,10.5003812],[42.9922154,10.5003273],[42.9923447,10.5002168],[42.9924741,10.5001063],[42.9925670,10.5000086],[42.9926640,10.4998937],[42.9927580,10.4997750],[42.9929210,10.4997420],[42.9930450,10.4997190],[42.9931360,10.4996650],[42.9933660,10.4995050],[42.9934180,10.4992500],[42.9934307,10.4991831],[42.9934379,10.4993221],[42.9934245,10.4994491],[42.9933540,10.4994852],[42.9932990,10.4995510],[42.9931360,10.4996650],[42.9930450,10.4997190],[42.9927600,10.4997740],[42.9925600,10.5000000],[42.9924620,10.5000990],[42.9923140,10.5002310],[42.9922220,10.5002940],[42.9919680,10.5003830],[42.9916920,10.5004690],[42.9914810,10.5005790],[42.9913300,10.5007090],[42.9911950,10.5006080],[42.9910780,10.5005930],[42.9909737,10.5006180],[42.9908102,10.5006807],[42.9907150,10.5007303],[42.9904719,10.5006663],[42.9901880,10.5006250],[42.9901530,10.5004700],[42.9900870,10.5001660],[42.9900410,10.4998930],[42.9898740,10.4995200],[42.9897110,10.4991200],[42.9896420,10.4988760],[42.9895780,10.4986200],[42.9894440,10.4980810],[42.9893760,10.4978640],[42.9893130,10.4977340],[42.9890870,10.4973600],[42.9890210,10.4972700],[42.9888010,10.4970620],[42.9886060,10.4968970],[42.9885090,10.4967690],[42.9883770,10.4965380],[42.9880810,10.4959600],[42.9879300,10.4957370],[42.9878410,10.4956340],[42.9876450,10.4954460],[42.9874880,10.4953440],[42.9873740,10.4952450],[42.9871820,10.4950320],[42.9870190,10.4948230],[42.9869390,10.4947320],[42.9867760,10.4945800],[42.9866750,10.4945010],[42.9864940,10.4943820],[42.9860360,10.4940100],[42.9859260,10.4939850],[42.9857740,10.4937910],[42.9855580,10.4935630],[42.9852740,10.4933260],[42.9850090,10.4930830],[42.9847200,10.4929900],[42.9846730,10.4926730],[42.9845600,10.4925530],[42.9844440,10.4925900],[42.9843060,10.4927390],[42.9842140,10.4927860],[42.9840770,10.4927980],[42.9839900,10.4927450],[42.9840750,10.4925540],[42.9842820,10.4923220],[42.9843550,10.4922300],[42.9845490,10.4919100],[42.9846690,10.4918020],[42.9847960,10.4918030],[42.9850840,10.4919210],[42.9852970,10.4919480],[42.9854350,10.4919580],[42.9857890,10.4918510],[42.9861500,10.4918820],[42.9862630,10.4918360],[42.9864870,10.4916340],[42.9866600,10.4915220],[42.9868830,10.4914310],[42.9872340,10.4912880],[42.9877770,10.4910850],[42.9881060,10.4909520],[42.9882580,10.4908750],[42.9884740,10.4907590],[42.9888840,10.4905230],[42.9889730,10.4905070],[42.9890940,10.4906840],[42.9893000,10.4911250],[42.9893720,10.4912700],[42.9895580,10.4916520],[42.9897190,10.4915220],[42.9897483,10.4915011],[42.9897616,10.4913947],[42.9897149,10.4913187],[42.9897771,10.4912577],[42.9897201,10.4911954],[42.9897598,10.4912617],[42.9897404,10.4912245],[42.9897679,10.4912383],[42.9897125,10.4912869],[42.9897058,10.4911571],[42.9896385,10.4911135],[42.9896170,10.4911477],[42.9896648,10.4912918],[42.9896997,10.4914153],[42.9897197,10.4913752],[42.9897777,10.4912990],[42.9898487,10.4912402],[42.9898972,10.4913188],[42.9899014,10.4912757],[42.9898670,10.4911515],[42.9898365,10.4910310],[42.9897700,10.4909685],[42.9896815,10.4909670],[42.9896918,10.4910515],[42.9896938,10.4911937],[42.9897240,10.4913392],[42.9897765,10.4914203],[42.9897400,10.4915130],[42.9895580,10.4916520],[42.9893720,10.4912700],[42.9893110,10.4911470],[42.9894200,10.4909310],[42.9894770,10.4908360],[42.9896940,10.4906170],[42.9897590,10.4905310],[42.9897280,10.4903070],[42.9896750,10.4901970],[42.9895890,10.4901320],[42.9894720,10.4900790],[42.9893740,10.4900380],[42.9892510,10.4899560],[42.9888920,10.4901700],[42.9888600,10.4903260],[42.9888740,10.4904940],[42.9884740,10.4907590],[42.9884940,10.4908910],[42.9885200,10.4910220],[42.9885770,10.4911230],[42.9882890,10.4914480],[42.9879440,10.4917460],[42.9877660,10.4919090],[42.9876390,10.4919150],[42.9875520,10.4918470],[42.9874690,10.4917610],[42.9873730,10.4917070],[42.9872650,10.4917210],[42.9867300,10.4921600],[42.9866140,10.4924340],[42.9865220,10.4926930],[42.9864170,10.4927750],[42.9855260,10.4929100],[42.9853270,10.4928960],[42.9852280,10.4929140],[42.9850330,10.4930340],[42.9847960,10.4930140],[42.9846940,10.4929520],[42.9846730,10.4926730],[42.9845600,10.4925530],[42.9844440,10.4925900],[42.9843060,10.4927390],[42.9842140,10.4927860],[42.9840770,10.4927980],[42.9839900,10.4927450],[42.9838790,10.4925910],[42.9837580,10.4923630],[42.9836740,10.4920760],[42.9837710,10.4919810],[42.9839090,10.4918090],[42.9839540,10.4916830],[42.9839670,10.4915480],[42.9839880,10.4913050],[42.9839830,10.4911220],[42.9839560,10.4909440],[42.9838690,10.4906630],[42.9837280,10.4903340],[42.9836580,10.4901400],[42.9835980,10.4898750],[42.9835820,10.4897210],[42.9836040,10.4895050],[42.9836080,10.4888980],[42.9836410,10.4886090],[42.9836110,10.4884880],[42.9834700,10.4884230],[42.9833120,10.4879960],[42.9832320,10.4878816],[42.9830280,10.4875840],[42.9828450,10.4873510],[42.9827470,10.4871820],[42.9826140,10.4869500],[42.9825250,10.4868280],[42.9824030,10.4867970],[42.9819550,10.4870200],[42.9818510,10.4870290],[42.9816330,10.4870920],[42.9813830,10.4870130],[42.9812680,10.4869950],[42.9809720,10.4870700],[42.9808290,10.4870410],[42.9806750,10.4868680],[42.9804410,10.4868350],[42.9801180,10.4864000],[42.9800000,10.4862960],[42.9797350,10.4861500],[42.9794290,10.4858690],[42.9791210,10.4859010],[42.9790120,10.4860450],[42.9789620,10.4861820],[42.9789531,10.4862658],[42.9790502,10.4862165],[42.9790419,10.4861368],[42.9789967,10.4861062],[42.9789113,10.4861592],[42.9788770,10.4861796],[42.9788579,10.4861203],[42.9788147,10.4860408],[42.9788954,10.4859935],[42.9789015,10.4860881],[42.9789793,10.4860569],[42.9790592,10.4860237],[42.9791382,10.4859956],[42.9790634,10.4859003],[42.9789810,10.4859352],[42.9790487,10.4858641],[42.9790924,10.4857481],[42.9791456,10.4856532],[42.9791973,10.4855543],[42.9792916,10.4855441],[42.9794040,10.4854872],[42.9793181,10.4853949],[42.9792170,10.4853699],[42.9791314,10.4854249],[42.9790588,10.4853750],[42.9790700,10.4854370],[42.9792380,10.4855040],[42.9793730,10.4857210],[42.9794160,10.4858350],[42.9796690,10.4860900],[42.9800000,10.4862960],[42.9800770,10.4863630],[42.9804250,10.4868330],[42.9806750,10.4868680],[42.9808290,10.4870410],[42.9809720,10.4870700],[42.9812680,10.4869950],[42.9813830,10.4870130],[42.9815540,10.4870840],[42.9818880,10.4871410],[42.9821380,10.4871230],[42.9823870,10.4870590],[42.9824740,10.4870170],[42.9826140,10.4869500],[42.9828450,10.4873510],[42.9830280,10.4875840],[42.9833120,10.4879960],[42.9834700,10.4884230],[42.9835770,10.4884930],[42.9836410,10.4886090],[42.9836220,10.4887670],[42.9836080,10.4888980],[42.9836040,10.4895050],[42.9835820,10.4897210],[42.9835980,10.4898750],[42.9836580,10.4901400],[42.9837020,10.4902730],[42.9838690,10.4906630],[42.9839560,10.4909440],[42.9839830,10.4911220],[42.9839880,10.4913050],[42.9839670,10.4915480],[42.9839550,10.4916750],[42.9840040,10.4918830],[42.9839630,10.4920800],[42.9840260,10.4922050],[42.9839980,10.4923490],[42.9840200,10.4926550],[42.9840230,10.4927800],[42.9842140,10.4927860],[42.9843060,10.4927390],[42.9843740,10.4926520],[42.9845600,10.4925530],[42.9846730,10.4926730],[42.9846940,10.4929520],[42.9849960,10.4930790],[42.9852740,10.4933260],[42.9855580,10.4935630],[42.9857740,10.4937910],[42.9859260,10.4939850],[42.9860360,10.4940100],[42.9864940,10.4943820],[42.9866130,10.4944600],[42.9867760,10.4945800],[42.9869390,10.4947320],[42.9870190,10.4948230],[42.9871820,10.4950320],[42.9873740,10.4952450],[42.9874880,10.4953440],[42.9876450,10.4954460],[42.9878410,10.4956340],[42.9879300,10.4957370],[42.9880810,10.4959600],[42.9883770,10.4965380],[42.9885090,10.4967690],[42.9886060,10.4968970],[42.9888010,10.4970620],[42.9890210,10.4972700],[42.9890870,10.4973600],[42.9892950,10.4977040],[42.9893760,10.4978640],[42.9894220,10.4979900],[42.9895780,10.4986200],[42.9896420,10.4988760],[42.9897110,10.4991200],[42.9898740,10.4995200],[42.9898440,10.4997530],[42.9898370,10.5001790],[42.9897660,10.5007940],[42.9897320,10.5012860],[42.9896950,10.5015180],[42.9895710,10.5017310],[42.9892340,10.5021570],[42.9890890,10.5028350],[42.9892070,10.5027840],[42.9893030,10.5028530],[42.9895250,10.5027720],[42.9896540,10.5028590],[42.9898530,10.5031260],[42.9899500,10.5031980],[42.9900781,10.5032120]],\r\n\t\t\t\t\tgraphDist          : [0.00,0.01,0.03,0.05,0.07,0.09,0.11,0.14,0.17,0.21,0.24,0.25,0.27,0.28,0.29,0.32,0.34,0.36,0.37,0.39,0.41,0.42,0.44,0.45,0.47,0.48,0.49,0.52,0.55,0.56,0.57,0.58,0.59,0.61,0.63,0.64,0.67,0.70,0.71,0.73,0.74,0.77,0.80,0.83,0.85,0.87,0.88,0.89,0.91,0.92,0.95,0.98,1.00,1.02,1.04,1.08,1.12,1.14,1.16,1.21,1.23,1.24,1.28,1.29,1.32,1.35,1.36,1.38,1.44,1.47,1.48,1.51,1.53,1.54,1.57,1.59,1.61,1.63,1.64,1.66,1.72,1.74,1.76,1.79,1.83,1.87,1.90,1.93,1.94,1.95,1.97,1.99,2.00,2.01,2.03,2.06,2.07,2.11,2.12,2.14,2.17,2.19,2.21,2.25,2.29,2.30,2.33,2.36,2.38,2.42,2.48,2.52,2.54,2.57,2.62,2.63,2.65,2.69,2.70,2.74,2.76,2.77,2.78,2.79,2.80,2.81,2.83,2.84,2.85,2.86,2.87,2.88,2.89,2.90,2.91,2.92,2.93,2.94,2.96,2.97,2.98,2.99,3.00,3.01,3.02,3.03,3.05,3.06,3.07,3.10,3.13,3.14,3.17,3.18,3.21,3.22,3.24,3.25,3.26,3.27,3.29,3.30,3.35,3.36,3.37,3.43,3.44,3.45,3.46,3.50,3.55,3.57,3.59,3.60,3.61,3.62,3.63,3.70,3.73,3.75,3.77,3.87,3.89,3.90,3.93,3.95,3.97,3.99,4.01,4.02,4.04,4.05,4.07,4.08,4.10,4.12,4.14,4.16,4.18,4.19,4.20,4.22,4.24,4.25,4.28,4.31,4.32,4.35,4.36,4.38,4.43,4.45,4.46,4.48,4.52,4.53,4.57,4.59,4.61,4.64,4.65,4.66,4.72,4.73,4.76,4.79,4.80,4.83,4.85,4.87,4.90,4.95,4.97,5.00,5.04,5.07,5.09,5.10,5.12,5.13,5.14,5.15,5.16,5.17,5.19,5.20,5.21,5.22,5.23,5.24,5.25,5.26,5.27,5.28,5.29,5.30,5.31,5.32,5.34,5.36,5.37,5.38,5.39,5.41,5.43,5.46,5.47,5.50,5.54,5.56,5.61,5.64,5.66,5.68,5.71,5.73,5.75,5.78,5.81,5.84,5.85,5.87,5.91,5.94,5.98,6.02,6.04,6.05,6.07,6.08,6.13,6.14,6.16,6.18,6.19,6.23,6.25,6.27,6.28,6.30,6.31,6.33,6.35,6.36,6.37,6.40,6.42,6.44,6.45,6.46,6.48,6.50,6.52,6.56,6.59,6.63,6.66,6.68,6.70,6.76,6.77,6.79,6.82,6.83,6.85,6.88,6.90,6.92,6.94,6.96,6.98,7.04,7.06,7.08,7.10,7.13,7.14,7.18,7.20,7.21,7.26,7.28,7.30,7.34,7.36,7.40,7.45,7.49,7.51,7.53,7.58,7.64,7.65,7.66,7.69,7.71,7.74,7.75,7.76],\r\n\t\t\t\t\tgraphEle           : [0.00,0.00,0.00,3.60,0.00,0.00,0.00,0.00,4.00,4.00,4.00,4.00,4.00,1.90,2.60,2.90,2.90,3.20,3.40,4.20,4.40,4.20,4.40,6.50,5.00,3.80,3.00,0.00,0.00,1.70,0.90,0.80,1.00,3.00,3.00,3.80,6.80,6.30,6.50,6.50,6.50,6.50,6.30,5.80,4.80,6.50,7.30,5.80,6.10,6.10,8.20,16.30,17.50,19.50,20.80,25.30,29.00,30.30,30.80,32.80,34.00,34.30,37.80,40.30,45.00,47.00,47.50,48.00,55.80,59.30,61.30,64.00,65.30,68.50,72.50,77.30,79.30,82.30,83.50,87.30,97.50,99.80,104.80,110.30,113.80,119.30,124.50,127.00,128.30,128.80,129.80,130.80,133.50,135.00,132.00,130.30,131.00,135.00,137.80,139.50,140.50,142.50,144.00,151.80,149.00,149.50,153.80,155.00,155.00,155.00,157.00,159.30,160.50,162.30,164.00,164.30,167.80,170.00,170.00,170.80,169.50,177.10,176.70,177.00,175.90,176.80,176.50,176.90,176.20,177.00,176.50,176.30,176.50,177.00,177.20,177.10,176.00,173.50,172.60,172.10,172.30,172.50,174.30,175.40,175.90,176.80,177.10,176.40,169.50,170.80,170.00,170.00,168.50,167.50,161.00,158.50,154.80,153.30,153.30,154.00,154.50,154.50,160.00,161.80,163.50,162.30,162.30,161.50,161.80,154.00,147.30,141.50,140.30,141.30,143.50,145.80,146.00,136.30,128.50,122.00,120.50,121.30,121.50,121.30,119.80,123.00,125.00,127.00,128.30,128.80,129.80,130.80,133.50,135.00,136.00,135.80,133.50,132.00,130.80,130.50,130.30,130.50,130.30,129.50,127.00,122.50,120.30,117.80,116.50,116.50,115.50,116.50,115.50,110.80,106.00,102.00,98.00,94.30,93.50,93.00,92.80,90.80,76.80,74.30,68.00,63.50,61.00,52.80,49.80,48.30,42.80,34.30,30.80,25.80,18.00,16.50,16.50,16.50,10.80,12.00,11.10,10.10,9.20,8.80,7.90,6.60,7.70,8.40,9.40,10.40,11.60,10.10,8.90,9.80,10.30,11.00,11.60,13.40,15.30,13.10,11.00,9.60,7.90,11.00,11.00,15.30,17.30,24.30,30.80,33.00,42.50,48.30,49.80,52.80,61.00,63.50,66.30,73.00,79.30,86.00,88.50,93.00,94.30,98.00,106.00,110.80,114.30,116.50,115.80,115.50,116.50,116.50,117.80,120.30,121.80,127.00,129.50,130.30,130.50,130.30,130.50,131.30,132.00,131.80,132.50,133.80,134.50,130.80,129.80,129.30,128.30,127.00,125.00,119.30,113.80,110.30,104.80,99.80,97.50,87.30,84.80,82.30,79.30,77.30,72.50,68.50,65.30,64.00,61.30,59.30,55.80,48.00,47.50,47.00,45.00,40.30,37.80,34.50,34.00,33.30,30.80,30.30,29.00,25.30,25.80,25.00,24.50,22.50,21.80,23.00,24.50,20.50,19.30,18.00,15.50,13.80,11.80,12.10,8.60],\r\n\t\t\t\t\tgraphSpeed         : [],\r\n\t\t\t\t\tgraphHr            : [],\r\n\t\t\t\t\tgraphAtemp         : [],\r\n\t\t\t\t\tgraphCad           : [],\r\n\t\t\t\t\tgraphGrade         : [],\r\n\t\t\t\t\twaypoints          : [],\r\n\t\t\t\t\tunit               : \"2\",\r\n\t\t\t\t\tunitspeed          : \"0\",\r\n\t\t\t\t\tcolor1             : [\"#3366cc\"],\r\n\t\t\t\t\tcolor2             : \"#3366cc\",\r\n\t\t\t\t\tcolor3             : \"#ff0000\",\r\n\t\t\t\t\tcolor4             : \"#ff77bd\",\r\n\t\t\t\t\tcolor5             : \"#beecff\",\r\n\t\t\t\t\tcolor6             : \"#beecff\",\r\n\t\t\t\t\tcolor7             : \"#ff77bd\",\r\n\t\t\t\t\tchartFrom1         : \"\",\r\n\t\t\t\t\tchartTo1           : \"\",\r\n\t\t\t\t\tchartFrom2         : \"\",\r\n\t\t\t\t\tchartTo2           : \"\",\r\n\t\t\t\t\tstartIcon          : \"\",\r\n\t\t\t\t\tendIcon            : \"\",\r\n\t\t\t\t\tcurrentIcon        : \"\",\r\n\t\t\t\t\twaypointIcon       : \"https:\/\/lavia.cc\/gpx\/wp-content\/uploads\/gpx\/cropped-icona.ico\",\r\n\t\t\t\t\tcurrentpositioncon : \"\",\r\n\t\t\t\t\tusegpsposition     : \"\",\r\n\t\t\t\t\tzoomOnScrollWheel  : \"\",\r\n\t\t\t\t\tngGalleries        : [],\r\n\t\t\t\t\tngImages           : [],\r\n\t\t\t\t\tpluginUrl          : \"https:\/\/lavia.cc\/gpx\/wp-content\/plugins\",\r\n\t\t\t\t\tTFApiKey           : \"\",\r\n\t\t\t\t\tMapBoxApiKey           : \"\",\r\n\t\t\t\t\tlangs              : {\r\n\t\t\t\t\t\taltitude        : \"Altitudine\",\r\n\t\t\t\t\t\tcurrentPosition : \"Current position\",\r\n\t\t\t\t\t\tspeed           : \"Velocit\u00e0\",\r\n\t\t\t\t\t\tgrade           : \"Grade\",\r\n\t\t\t\t\t\theartRate       : \"Battito Cardiaco\",\r\n\t\t\t\t\t\tatemp           : \"Temperature\",\r\n\t\t\t\t\t\tcadence         : \"Cadenza\",\r\n\t\t\t\t\t\tgoFullScreen    : \"Go full screen\",\r\n\t\t\t\t\t\texitFullFcreen  : \"Exit full screen\",\r\n\t\t\t\t\t\thideImages      : \"Hide images\",\r\n\t\t\t\t\t\tshowImages      : \"Show images\",\r\n\t\t\t\t\t\tbackToCenter\t: \"Ritorna al centro della mappa\"\r\n\t\t\t\t\t}\r\n\t\t\t\t});\r\n\r\n\t\t\t});\r\n\r\n\t\t<\/script>\n<p>\ud83d\udfe2 Segui\u00a0<strong><a href=\"https:\/\/www.instagram.com\/lavia.cc\/\" target=\"_blank\" rel=\"noopener\">LAVIA<\/a>,<\/strong>\u00a0arriva alla\u00a0<strong>META<\/strong>!<\/p>\n","protected":false},"excerpt":{"rendered":"<p><strong>\ud83d\udccd TRACCIA CARICATA DA:\u00a0<a href=\"https:\/\/lavia.cc\/gpx\/maremma-green-passion\/\" target=\"_blank\" rel=\"noopener\">MAREMMA GREEN PASSION<\/a><\/strong><\/p>\n<p>Stavolta esploriamo la Costa degli Etruschi facendo una bella passeggiata che parte dal Golfo di Baratti in direzione la Buca delle Fate, con tappa intermedia al Borgo di Populonia, uno dei 12 pi\u00f9 importanti insediamenti della civilt\u00e0 etrusca. Dopo una rapida ricognizione fino al porto di Baratti, si risale lungo la Strada Comunale, per raggiungere la rocca e ammirare il panorama dal castello medievale. Da quass\u00f9 \u00e8 possibile infatti godersi tutto lo spettacolare paesaggio di uno degli scenari pi\u00f9 belli della Val di Cornia! Si scende quindi percorrendo un tratto di Via della Romanella, girando verso il Piazzale del Reciso, per imboccare il percorso 301 che si snoda ripidamente nella macchia mediterranea, fino a raggiungere l\u2019acqua cristallina della Buca delle Fate. Qui la scogliera scende a formare una baia sassosa dove la leggenda narra che le fate attirassero i pescatori che non facevano pi\u00f9 ritorno\u2026 ma uno di loro riusc\u00ec a farcela per merito della fidanzata che, recandovi ogni giorno a piangerne la scomparsa, fu vista da un delfino che mosso a compassione trasform\u00f2 una sua lacrima in perla, donandola alle sirene in cambio del giovane. Il ritorno avviene sullo stesso sentiero fino al Reciso per poi recuperare la Via della Romanella fino al punto di partenza nel parcheggio a pagamento Baratti 3.<\/p>\n<p>\ud83c\udf89 W LA MAREMMA ETRUSCA!<\/p>\n<p>\ud83d\udfe2 Segui\u00a0<strong>LAVIA,<\/strong>\u00a0arriva alla\u00a0<strong>META<\/strong>!<\/p>\n","protected":false},"featured_media":16897,"comment_status":"open","ping_status":"closed","template":"","meta":[],"product_brand":[],"product_cat":[31,720],"product_tag":[1480,721,1352,1481,126],"class_list":{"0":"post-12608","1":"product","2":"type-product","3":"status-publish","4":"has-post-thumbnail","6":"product_cat-escursionismo","7":"product_cat-dog-walking","8":"product_tag-baratti","9":"product_tag-livorno","10":"product_tag-piombino","11":"product_tag-populonia","12":"product_tag-toscana","14":"first","15":"instock","16":"downloadable","17":"virtual","18":"product-type-simple"},"_links":{"self":[{"href":"https:\/\/lavia.cc\/gpx\/wp-json\/wp\/v2\/product\/12608","targetHints":{"allow":["GET"]}}],"collection":[{"href":"https:\/\/lavia.cc\/gpx\/wp-json\/wp\/v2\/product"}],"about":[{"href":"https:\/\/lavia.cc\/gpx\/wp-json\/wp\/v2\/types\/product"}],"replies":[{"embeddable":true,"href":"https:\/\/lavia.cc\/gpx\/wp-json\/wp\/v2\/comments?post=12608"}],"version-history":[{"count":2,"href":"https:\/\/lavia.cc\/gpx\/wp-json\/wp\/v2\/product\/12608\/revisions"}],"predecessor-version":[{"id":12613,"href":"https:\/\/lavia.cc\/gpx\/wp-json\/wp\/v2\/product\/12608\/revisions\/12613"}],"wp:featuredmedia":[{"embeddable":true,"href":"https:\/\/lavia.cc\/gpx\/wp-json\/wp\/v2\/media\/16897"}],"wp:attachment":[{"href":"https:\/\/lavia.cc\/gpx\/wp-json\/wp\/v2\/media?parent=12608"}],"wp:term":[{"taxonomy":"product_brand","embeddable":true,"href":"https:\/\/lavia.cc\/gpx\/wp-json\/wp\/v2\/product_brand?post=12608"},{"taxonomy":"product_cat","embeddable":true,"href":"https:\/\/lavia.cc\/gpx\/wp-json\/wp\/v2\/product_cat?post=12608"},{"taxonomy":"product_tag","embeddable":true,"href":"https:\/\/lavia.cc\/gpx\/wp-json\/wp\/v2\/product_tag?post=12608"}],"curies":[{"name":"wp","href":"https:\/\/api.w.org\/{rel}","templated":true}]}}