{"id":12893,"date":"2024-05-15T08:44:02","date_gmt":"2024-05-15T06:44:02","guid":{"rendered":"https:\/\/lavia.cc\/gpx\/?post_type=product&#038;p=12893"},"modified":"2024-07-29T21:44:16","modified_gmt":"2024-07-29T19:44:16","slug":"giro-del-bonom-da-bocchetto-sessera","status":"publish","type":"product","link":"https:\/\/lavia.cc\/gpx\/tracce\/giro-del-bonom-da-bocchetto-sessera\/","title":{"rendered":"Giro del Bonom da Bocchetto Sessera"},"content":{"rendered":"<h5>Giro del Bonom da Bocchetto Sessera<\/h5>\n<p>\u27a1\ufe0f Clicca qui per andare al punto di partenza: <a href=\"https:\/\/www.google.com\/maps\/place\/Locanda+Bocchetto+Sessera\/@45.6637983,8.0622451,17z\/data=!3m1!4b1!4m9!3m8!1s0x47861e36c0ba2f67:0xe19edc5163a2b627!5m2!4m1!1i2!8m2!3d45.6637983!4d8.0622451!16s%2Fg%2F1tdkl2fj?entry=ttu\" target=\"_blank\" rel=\"noopener\">GOOGLE MAPS<\/a> (Parcheggio)<\/p>\n<p>\u2139\ufe0f La <strong>Pera Fur\u00e0<\/strong> (pietra bucata), una \u201cfinestra naturale\u201d composta da lastroni di roccia erosi posizionati circolarmente, all\u2019interno dei quali sedersi in silenzio ad ascoltare il \u201c<strong>respiro della montagna<\/strong>\u201d. Un suono unico provocato dal vento che si insinua nelle fessure; mentre nell\u2019apertura pi\u00f9 grande tra le rocce sembra emergere il volto di uomo di pietra.<\/p>\n<p>\ud83c\udf74 All&#8217;inizio dell&#8217;escursione si trova la <a href=\"https:\/\/bocchettosessera.it\/\" target=\"_blank\" rel=\"noopener\">Locanda Bocchetto Sessera<\/a>, caratteristico luogo di accoglienza all&#8217;interno dell&#8217;Oasi Zegna<i>. <\/i>La Locanda, dal tipico sapore di montano, dispone di 8 camere da letto con bagno (di cui una attrezzata per portatori di handicap) per un totale di 19 posti letto.<\/p>\n<p>\ud83d\uddfa\ufe0f Mappa e altimetria dell&#8217;<a href=\"https:\/\/lavia.cc\/gpx\/categoria-tracce\/escursionismo\/\">escursione<\/a> &#8220;<strong>Giro del Bonom da Bocchetto Sessera<\/strong>&#8220;:<\/p>\n\r\n\t\t<div id=\"wpgpxmaps_12893_1709066\" class=\"wpgpxmaps\">\r\n\t\t\t<div id=\"map_12893_1709066_cont\" style=\"width:100%; height:450px;position:relative\" >\r\n\t\t\t\t<div id=\"map_12893_1709066\" style=\"width:100%; height:450px\"><\/div>\r\n\t\t\t\t<div id=\"wpgpxmaps_12893_1709066_osm_footer\" class=\"wpgpxmaps_osm_footer\" style=\"display:none;\"><span> &copy; <a href=\"http:\/\/www.openstreetmap.org\/copyright\" target=\"_blank\" rel=\"noopener\">OpenStreetMap<\/a> contributors<\/span><\/div>\r\n\t\t\t<\/div>\r\n\t\t\t<canvas id=\"myChart_12893_1709066\" class=\"plot\" style=\"width:100%; height:200px\"><\/canvas>\r\n\t\t\t<div id=\"ngimages_12893_1709066\" class=\"ngimages\" style=\"display:none\"><\/div>\r\n\t\t\t<div id=\"report_12893_1709066\" class=\"report\"><\/div>\r\n\t\t<\/div>\r\n\t\t\r\n\t\t<script type=\"text\/javascript\">\r\n\r\n\t\t\tjQuery(document).ready(function() {\r\n\r\n\t\t\t\tjQuery( \"#wpgpxmaps_12893_1709066\" ).wpgpxmaps( {\r\n\t\t\t\t\ttargetId           : \"12893_1709066\",\r\n\t\t\t\t\tmapType            : \"HYBRID\",\r\n\t\t\t\t\tmapData            : [[45.6637580,8.0627370],[45.6639720,8.0627720],[45.6641520,8.0628020],[45.6642520,8.0626210],[45.6641370,8.0623340],[45.6641910,8.0620610],[45.6642260,8.0615800],[45.6643110,8.0612340],[45.6642990,8.0608960],[45.6643910,8.0606420],[45.6643720,8.0602350],[45.6643790,8.0598710],[45.6642840,8.0595310],[45.6643230,8.0594120],[45.6642260,8.0591520],[45.6641800,8.0589690],[45.6641570,8.0583970],[45.6642180,8.0581300],[45.6641770,8.0579720],[45.6640900,8.0579420],[45.6640760,8.0577770],[45.6640200,8.0574500],[45.6639750,8.0573100],[45.6639480,8.0571990],[45.6639650,8.0570320],[45.6640560,8.0568570],[45.6639340,8.0566100],[45.6639750,8.0564290],[45.6639760,8.0563380],[45.6640090,8.0562210],[45.6640610,8.0561170],[45.6639780,8.0559940],[45.6640590,8.0559140],[45.6640530,8.0557630],[45.6642720,8.0556820],[45.6642280,8.0554590],[45.6642120,8.0551840],[45.6641370,8.0550540],[45.6640520,8.0550090],[45.6640110,8.0547700],[45.6639710,8.0546510],[45.6638210,8.0544450],[45.6635950,8.0542220],[45.6634190,8.0538460],[45.6633390,8.0537500],[45.6632360,8.0535130],[45.6631010,8.0530280],[45.6630850,8.0527860],[45.6630720,8.0525080],[45.6631140,8.0523960],[45.6631740,8.0519930],[45.6631640,8.0518140],[45.6632090,8.0516270],[45.6631860,8.0514590],[45.6632460,8.0511500],[45.6633010,8.0509550],[45.6632800,8.0507930],[45.6633970,8.0505370],[45.6633360,8.0504440],[45.6633760,8.0503220],[45.6634260,8.0498520],[45.6633880,8.0491090],[45.6633530,8.0489610],[45.6634060,8.0485690],[45.6634430,8.0480490],[45.6635900,8.0476910],[45.6637260,8.0475960],[45.6638030,8.0474660],[45.6638690,8.0473860],[45.6641860,8.0473400],[45.6644720,8.0470610],[45.6645320,8.0469570],[45.6645670,8.0468260],[45.6648650,8.0464310],[45.6649650,8.0463960],[45.6653190,8.0460650],[45.6657420,8.0457440],[45.6658070,8.0456100],[45.6658960,8.0454250],[45.6660490,8.0448150],[45.6661230,8.0446140],[45.6661950,8.0444900],[45.6664090,8.0442340],[45.6665540,8.0438810],[45.6667780,8.0435090],[45.6668760,8.0433950],[45.6669130,8.0432450],[45.6670590,8.0429900],[45.6671380,8.0429170],[45.6672170,8.0427750],[45.6673290,8.0426670],[45.6673960,8.0425560],[45.6674190,8.0424170],[45.6675900,8.0419630],[45.6676560,8.0415940],[45.6676720,8.0412060],[45.6677320,8.0407430],[45.6677930,8.0405020],[45.6677820,8.0403030],[45.6678030,8.0401850],[45.6679280,8.0395620],[45.6680690,8.0392530],[45.6680780,8.0390240],[45.6681100,8.0387240],[45.6681940,8.0385540],[45.6684350,8.0377950],[45.6685590,8.0375870],[45.6687660,8.0368660],[45.6689040,8.0366710],[45.6690560,8.0362920],[45.6691970,8.0361260],[45.6693230,8.0358060],[45.6694470,8.0356850],[45.6696330,8.0353070],[45.6697610,8.0352060],[45.6699280,8.0348530],[45.6700540,8.0347020],[45.6701370,8.0345370],[45.6703600,8.0343480],[45.6705490,8.0340680],[45.6707710,8.0338450],[45.6711010,8.0331780],[45.6711670,8.0329980],[45.6712400,8.0328000],[45.6713130,8.0325950],[45.6714530,8.0323170],[45.6715840,8.0321620],[45.6717790,8.0320910],[45.6719420,8.0318450],[45.6719880,8.0317340],[45.6721090,8.0315100],[45.6721550,8.0313360],[45.6722290,8.0311890],[45.6723380,8.0310100],[45.6725410,8.0308040],[45.6726450,8.0305560],[45.6727240,8.0303970],[45.6728170,8.0301760],[45.6729330,8.0300060],[45.6730800,8.0298890],[45.6733040,8.0296060],[45.6737600,8.0291910],[45.6738340,8.0290660],[45.6738820,8.0289030],[45.6739400,8.0288000],[45.6740850,8.0285970],[45.6741810,8.0285250],[45.6742930,8.0283680],[45.6743900,8.0281130],[45.6745070,8.0278470],[45.6746640,8.0275790],[45.6749280,8.0273440],[45.6750540,8.0269820],[45.6751660,8.0268880],[45.6752140,8.0267790],[45.6753640,8.0266740],[45.6754270,8.0265680],[45.6755080,8.0264570],[45.6756820,8.0261100],[45.6758040,8.0260060],[45.6760010,8.0255390],[45.6761020,8.0253980],[45.6762350,8.0250580],[45.6763680,8.0247280],[45.6763530,8.0244260],[45.6764140,8.0242440],[45.6764230,8.0240910],[45.6763900,8.0238690],[45.6763520,8.0237550],[45.6763330,8.0235860],[45.6763320,8.0233760],[45.6763910,8.0232000],[45.6763870,8.0230310],[45.6764580,8.0226300],[45.6765020,8.0221820],[45.6765180,8.0216560],[45.6765000,8.0214750],[45.6765370,8.0213120],[45.6765050,8.0211760],[45.6765160,8.0206650],[45.6765850,8.0201930],[45.6766660,8.0198680],[45.6767730,8.0196520],[45.6769030,8.0194810],[45.6770260,8.0191410],[45.6771150,8.0190560],[45.6772180,8.0189020],[45.6773530,8.0187790],[45.6774580,8.0186280],[45.6778650,8.0182640],[45.6780680,8.0179570],[45.6783200,8.0177340],[45.6784090,8.0176080],[45.6784910,8.0174320],[45.6787370,8.0172110],[45.6788440,8.0170240],[45.6788210,8.0168530],[45.6788580,8.0167080],[45.6790270,8.0166680],[45.6791580,8.0167890],[45.6793430,8.0168840],[45.6798070,8.0170410],[45.6799460,8.0171780],[45.6802300,8.0173200],[45.6803570,8.0173960],[45.6805650,8.0176350],[45.6807480,8.0175740],[45.6809170,8.0175720],[45.6811620,8.0174750],[45.6814900,8.0174250],[45.6816220,8.0173720],[45.6819450,8.0171990],[45.6821590,8.0171860],[45.6822370,8.0172680],[45.6825190,8.0172680],[45.6827380,8.0171740],[45.6831080,8.0169240],[45.6833300,8.0168330],[45.6834170,8.0167550],[45.6841960,8.0165280],[45.6843390,8.0164860],[45.6844300,8.0164700],[45.6845340,8.0165310],[45.6849810,8.0165400],[45.6851250,8.0166540],[45.6853830,8.0167040],[45.6855020,8.0167760],[45.6857850,8.0168460],[45.6862190,8.0170260],[45.6864280,8.0172120],[45.6866280,8.0173840],[45.6866260,8.0175070],[45.6865360,8.0175220],[45.6864470,8.0175130],[45.6863620,8.0174650],[45.6862720,8.0174670],[45.6861650,8.0175110],[45.6860930,8.0175940],[45.6860120,8.0176510],[45.6860680,8.0177590],[45.6861070,8.0179040],[45.6861640,8.0180150],[45.6862090,8.0181380],[45.6862400,8.0182750],[45.6862450,8.0184080],[45.6861320,8.0183540],[45.6862640,8.0190170],[45.6861590,8.0189510],[45.6862310,8.0193200],[45.6862580,8.0195830],[45.6863230,8.0198790],[45.6863250,8.0201020],[45.6862680,8.0204840],[45.6861740,8.0203690],[45.6860740,8.0202040],[45.6859520,8.0205160],[45.6858640,8.0205670],[45.6857940,8.0204900],[45.6857420,8.0204050],[45.6856760,8.0205270],[45.6856170,8.0206420],[45.6854980,8.0203330],[45.6854150,8.0202930],[45.6853260,8.0205980],[45.6852890,8.0205000],[45.6851500,8.0206710],[45.6850990,8.0204990],[45.6849880,8.0205890],[45.6849440,8.0207250],[45.6847900,8.0210070],[45.6847010,8.0210870],[45.6846180,8.0212150],[45.6845320,8.0214090],[45.6844620,8.0217520],[45.6844130,8.0221950],[45.6842710,8.0222990],[45.6843050,8.0227420],[45.6842980,8.0229520],[45.6842240,8.0232760],[45.6841560,8.0232150],[45.6840680,8.0232990],[45.6838850,8.0226430],[45.6838650,8.0223440],[45.6836030,8.0216510],[45.6834290,8.0215880],[45.6834360,8.0217810],[45.6833520,8.0220890],[45.6832510,8.0219970],[45.6832360,8.0221360],[45.6832010,8.0222300],[45.6831630,8.0223900],[45.6830580,8.0222900],[45.6830760,8.0224200],[45.6829790,8.0224340],[45.6829980,8.0226830],[45.6829810,8.0228590],[45.6828500,8.0232160],[45.6827240,8.0238730],[45.6826570,8.0244920],[45.6825930,8.0246140],[45.6826120,8.0249590],[45.6825700,8.0253400],[45.6824230,8.0250720],[45.6823660,8.0252520],[45.6823060,8.0251250],[45.6822210,8.0253130],[45.6822190,8.0254890],[45.6821570,8.0256140],[45.6822400,8.0257710],[45.6821730,8.0259040],[45.6822300,8.0261110],[45.6822420,8.0262600],[45.6824990,8.0266550],[45.6824350,8.0268820],[45.6824410,8.0269980],[45.6823620,8.0270720],[45.6824760,8.0271580],[45.6825860,8.0271250],[45.6827050,8.0271410],[45.6828810,8.0272490],[45.6830020,8.0273100],[45.6830680,8.0275090],[45.6830490,8.0281080],[45.6830760,8.0282740],[45.6829180,8.0283540],[45.6829250,8.0285060],[45.6828250,8.0285970],[45.6828380,8.0287820],[45.6828670,8.0289700],[45.6827460,8.0290230],[45.6825840,8.0288980],[45.6824740,8.0287990],[45.6824620,8.0290500],[45.6825700,8.0294310],[45.6822910,8.0293330],[45.6821810,8.0293160],[45.6819930,8.0295360],[45.6817880,8.0297050],[45.6817030,8.0298830],[45.6815580,8.0300500],[45.6811710,8.0307650],[45.6808120,8.0314360],[45.6806760,8.0315690],[45.6805230,8.0319000],[45.6804360,8.0320320],[45.6800820,8.0323600],[45.6797410,8.0323920],[45.6794790,8.0321960],[45.6793280,8.0321390],[45.6787960,8.0320800],[45.6785940,8.0321420],[45.6785030,8.0322030],[45.6783790,8.0323460],[45.6782830,8.0324000],[45.6781090,8.0323330],[45.6778380,8.0327660],[45.6775280,8.0331350],[45.6774190,8.0333560],[45.6772370,8.0335060],[45.6767630,8.0338090],[45.6766580,8.0339280],[45.6764020,8.0343670],[45.6762920,8.0346310],[45.6760600,8.0349900],[45.6759310,8.0350890],[45.6757350,8.0351610],[45.6755520,8.0355130],[45.6754420,8.0356700],[45.6754460,8.0359130],[45.6754100,8.0360990],[45.6751460,8.0363440],[45.6749180,8.0366080],[45.6749010,8.0368640],[45.6749390,8.0369960],[45.6754920,8.0382130],[45.6755150,8.0384690],[45.6754870,8.0386820],[45.6753870,8.0390090],[45.6751210,8.0394450],[45.6747970,8.0398060],[45.6743910,8.0403290],[45.6742930,8.0404010],[45.6740360,8.0404040],[45.6737390,8.0402730],[45.6735220,8.0402220],[45.6730910,8.0402690],[45.6724130,8.0399880],[45.6723070,8.0400350],[45.6720750,8.0406380],[45.6720090,8.0410390],[45.6716400,8.0418600],[45.6716320,8.0420280],[45.6716880,8.0423110],[45.6715520,8.0429880],[45.6713100,8.0437280],[45.6710340,8.0444110],[45.6708330,8.0453610],[45.6707190,8.0456410],[45.6703820,8.0457010],[45.6699940,8.0459560],[45.6696770,8.0460840],[45.6695710,8.0464490],[45.6695280,8.0475880],[45.6695020,8.0477730],[45.6694240,8.0479580],[45.6692570,8.0481640],[45.6690020,8.0482670],[45.6685720,8.0485830],[45.6681510,8.0490200],[45.6684830,8.0501580],[45.6685480,8.0506340],[45.6685620,8.0508910],[45.6686610,8.0512460],[45.6688540,8.0516140],[45.6689240,8.0518870],[45.6688240,8.0521460],[45.6682530,8.0526880],[45.6678460,8.0529260],[45.6677100,8.0530500],[45.6672160,8.0537230],[45.6669110,8.0540020],[45.6667690,8.0542110],[45.6666670,8.0545470],[45.6666590,8.0547210],[45.6666920,8.0549340],[45.6667390,8.0550690],[45.6667880,8.0551910],[45.6667950,8.0557250],[45.6669140,8.0563990],[45.6671390,8.0571340],[45.6672290,8.0582210],[45.6672250,8.0583620],[45.6671240,8.0584960],[45.6670380,8.0585400],[45.6665330,8.0585600],[45.6662240,8.0584840],[45.6659790,8.0585370],[45.6657460,8.0587090],[45.6652190,8.0590280],[45.6651360,8.0591180],[45.6650420,8.0593040],[45.6650290,8.0595360],[45.6654300,8.0607190],[45.6654380,8.0608850],[45.6653990,8.0610310],[45.6653320,8.0611350],[45.6648670,8.0616660],[45.6646860,8.0618700],[45.6643580,8.0624450],[45.6642800,8.0626800],[45.6641520,8.0628020],[45.6639720,8.0627720],[45.6637580,8.0627370],[45.6639720,8.0627720],[45.6637580,8.0627370]],\r\n\t\t\t\t\tgraphDist          : [0.00,0.02,0.04,0.06,0.09,0.11,0.15,0.18,0.21,0.23,0.26,0.29,0.32,0.33,0.35,0.37,0.42,0.44,0.46,0.47,0.49,0.51,0.53,0.54,0.55,0.57,0.60,0.62,0.63,0.64,0.65,0.67,0.68,0.69,0.72,0.74,0.76,0.78,0.79,0.81,0.82,0.85,0.88,0.92,0.93,0.95,0.99,1.01,1.04,1.05,1.08,1.09,1.11,1.12,1.15,1.17,1.18,1.21,1.22,1.23,1.26,1.32,1.34,1.37,1.41,1.44,1.46,1.47,1.48,1.52,1.56,1.57,1.58,1.62,1.64,1.68,1.74,1.75,1.77,1.82,1.84,1.85,1.88,1.91,1.95,1.97,1.98,2.00,2.01,2.03,2.04,2.06,2.07,2.11,2.14,2.17,2.20,2.22,2.24,2.25,2.30,2.33,2.35,2.37,2.39,2.46,2.48,2.54,2.56,2.59,2.61,2.64,2.66,2.70,2.71,2.74,2.76,2.78,2.81,2.84,2.87,2.93,2.95,2.97,2.98,3.01,3.03,3.05,3.08,3.09,3.11,3.13,3.14,3.16,3.19,3.21,3.23,3.25,3.27,3.29,3.32,3.38,3.39,3.40,3.42,3.44,3.45,3.47,3.49,3.52,3.54,3.58,3.61,3.62,3.63,3.65,3.66,3.68,3.71,3.73,3.77,3.79,3.82,3.85,3.87,3.89,3.90,3.92,3.93,3.94,3.96,3.98,3.99,4.02,4.06,4.10,4.11,4.13,4.14,4.18,4.22,4.25,4.27,4.29,4.32,4.33,4.35,4.36,4.38,4.43,4.47,4.50,4.51,4.53,4.56,4.58,4.60,4.61,4.63,4.65,4.67,4.72,4.74,4.78,4.79,4.82,4.84,4.86,4.89,4.93,4.94,4.98,5.01,5.02,5.05,5.07,5.12,5.14,5.16,5.24,5.26,5.27,5.28,5.33,5.35,5.38,5.40,5.43,5.48,5.51,5.53,5.54,5.55,5.56,5.57,5.59,5.60,5.61,5.62,5.63,5.65,5.66,5.67,5.68,5.69,5.70,5.76,5.77,5.81,5.83,5.85,5.87,5.90,5.92,5.94,5.97,5.98,6.00,6.01,6.02,6.03,6.06,6.07,6.10,6.11,6.14,6.16,6.18,6.19,6.22,6.23,6.25,6.27,6.30,6.33,6.35,6.39,6.40,6.43,6.44,6.46,6.51,6.53,6.60,6.62,6.64,6.67,6.69,6.70,6.71,6.73,6.75,6.76,6.77,6.79,6.80,6.84,6.89,6.94,6.95,6.98,7.01,7.04,7.05,7.07,7.09,7.10,7.11,7.13,7.14,7.16,7.18,7.22,7.24,7.25,7.27,7.28,7.29,7.31,7.33,7.34,7.36,7.41,7.42,7.44,7.45,7.47,7.48,7.50,7.51,7.54,7.55,7.57,7.60,7.65,7.66,7.69,7.71,7.73,7.75,7.82,7.89,7.91,7.94,7.95,8.00,8.04,8.07,8.09,8.15,8.17,8.18,8.20,8.21,8.23,8.28,8.32,8.34,8.37,8.42,8.44,8.48,8.51,8.54,8.56,8.58,8.62,8.63,8.65,8.67,8.70,8.74,8.76,8.77,8.88,8.90,8.92,8.94,8.99,9.04,9.10,9.11,9.14,9.17,9.20,9.24,9.32,9.33,9.39,9.42,9.50,9.51,9.53,9.59,9.65,9.71,9.79,9.81,9.85,9.90,9.94,9.97,10.06,10.07,10.09,10.11,10.14,10.20,10.25,10.35,10.39,10.41,10.44,10.47,10.50,10.52,10.60,10.65,10.66,10.74,10.78,10.80,10.83,10.84,10.86,10.87,10.88,10.92,10.98,11.04,11.13,11.14,11.15,11.16,11.22,11.25,11.28,11.31,11.37,11.39,11.40,11.42,11.53,11.54,11.55,11.56,11.63,11.65,11.71,11.73,11.75,11.77,11.79,11.82,11.84],\r\n\t\t\t\t\tgraphEle           : [1379.28,1379.28,1379.28,1379.28,1379.28,1381.24,1386.61,1390.68,1394.43,1397.61,1402.17,1406.21,1412.32,1415.01,1421.04,1425.31,1437.02,1442.77,1447.17,1450.31,1454.74,1462.45,1466.51,1469.94,1474.75,1481.40,1490.27,1495.28,1499.10,1502.42,1507.02,1511.52,1515.23,1520.07,1528.58,1533.73,1539.18,1543.04,1545.60,1550.60,1553.47,1559.67,1567.55,1576.49,1579.32,1583.32,1590.55,1593.87,1597.99,1599.73,1605.45,1607.91,1610.61,1612.95,1617.21,1620.43,1622.77,1627.06,1628.73,1630.49,1636.72,1646.47,1648.11,1649.51,1651.43,1652.88,1653.64,1654.24,1654.73,1656.33,1654.83,1653.92,1652.97,1649.04,1648.01,1643.92,1639.24,1637.98,1636.10,1631.07,1629.25,1627.91,1624.82,1621.65,1618.59,1617.79,1617.09,1615.63,1615.04,1614.24,1613.39,1612.74,1612.11,1609.83,1608.36,1609.44,1610.75,1611.46,1612.01,1612.37,1614.19,1615.22,1616.43,1618.64,1620.10,1625.66,1627.45,1632.22,1632.15,1632.05,1631.98,1631.90,1631.84,1631.73,1631.68,1631.31,1630.76,1630.29,1629.42,1628.52,1627.61,1625.71,1625.62,1625.64,1625.67,1625.70,1625.72,1625.75,1625.78,1625.79,1625.82,1625.83,1625.87,1626.00,1626.16,1626.30,1626.40,1626.52,1626.64,1626.75,1626.95,1629.14,1629.75,1630.41,1630.90,1631.99,1632.57,1633.44,1634.52,1635.71,1637.87,1643.08,1647.85,1650.03,1651.54,1654.34,1655.97,1657.98,1663.05,1665.43,1673.49,1676.64,1682.71,1688.87,1693.59,1696.73,1699.12,1702.79,1704.76,1707.60,1710.82,1713.80,1716.39,1722.73,1729.66,1737.76,1740.56,1743.19,1745.39,1752.62,1759.37,1764.19,1767.90,1771.43,1776.79,1778.93,1781.92,1784.67,1787.17,1795.22,1800.18,1805.15,1807.25,1809.73,1812.85,1813.30,1813.63,1814.00,1814.45,1814.87,1815.44,1816.71,1817.16,1816.18,1815.49,1814.23,1813.35,1812.55,1811.35,1809.80,1809.15,1810.63,1811.98,1812.59,1814.37,1815.81,1818.39,1819.84,1820.68,1828.71,1830.28,1831.20,1832.34,1836.86,1838.34,1837.94,1837.75,1837.31,1836.62,1836.24,1835.89,1835.73,1835.13,1833.21,1831.36,1829.53,1826.79,1824.83,1822.82,1820.90,1818.68,1816.71,1814.68,1812.64,1810.70,1808.02,1797.72,1794.70,1787.39,1782.49,1776.78,1772.67,1765.48,1760.46,1756.32,1748.68,1745.46,1741.80,1738.70,1735.46,1732.22,1724.80,1722.17,1715.07,1712.39,1703.66,1699.73,1693.80,1690.69,1683.25,1680.12,1676.50,1671.72,1664.30,1654.98,1650.01,1642.06,1639.41,1635.13,1633.33,1631.03,1622.12,1618.34,1608.40,1604.65,1601.79,1596.02,1593.69,1591.63,1589.90,1586.54,1584.08,1582.40,1580.53,1576.88,1573.99,1567.42,1556.32,1546.12,1543.64,1538.00,1531.71,1525.87,1522.65,1520.16,1515.71,1512.84,1510.34,1507.06,1504.09,1499.81,1497.36,1488.74,1484.50,1482.20,1479.55,1476.54,1473.98,1471.27,1466.92,1463.88,1460.38,1451.45,1449.21,1445.90,1443.90,1441.58,1439.13,1436.36,1433.88,1430.31,1427.87,1424.40,1419.49,1414.63,1413.27,1410.22,1407.31,1405.46,1403.18,1395.94,1389.99,1388.33,1385.54,1384.26,1380.16,1379.15,1378.29,1377.83,1376.26,1375.66,1375.36,1374.99,1375.36,1376.00,1377.49,1378.94,1379.62,1380.37,1382.34,1382.87,1384.48,1385.34,1386.72,1387.31,1388.12,1388.89,1389.11,1389.35,1389.55,1389.99,1390.41,1390.67,1390.81,1390.33,1390.13,1389.95,1389.67,1389.21,1389.97,1391.28,1391.54,1392.16,1392.91,1393.44,1396.28,1400.97,1401.71,1404.91,1406.29,1409.09,1409.57,1410.42,1412.44,1414.09,1415.56,1417.41,1417.61,1417.62,1417.63,1417.64,1417.64,1418.34,1418.50,1418.70,1418.98,1419.32,1419.94,1421.43,1423.96,1424.94,1425.30,1425.62,1426.00,1426.25,1426.51,1427.32,1426.97,1426.83,1426.25,1425.95,1425.58,1424.15,1423.48,1422.63,1422.04,1421.50,1419.42,1416.72,1413.22,1408.23,1407.58,1406.69,1406.09,1403.26,1401.95,1400.91,1399.82,1397.43,1397.00,1396.07,1394.73,1387.17,1386.21,1385.32,1384.51,1381.79,1381.79,1381.79,1381.79,1381.79,1381.79,1381.79,1381.79,1381.79],\r\n\t\t\t\t\tgraphSpeed         : [],\r\n\t\t\t\t\tgraphHr            : [],\r\n\t\t\t\t\tgraphAtemp         : [],\r\n\t\t\t\t\tgraphCad           : [],\r\n\t\t\t\t\tgraphGrade         : [],\r\n\t\t\t\t\twaypoints          : [],\r\n\t\t\t\t\tunit               : \"2\",\r\n\t\t\t\t\tunitspeed          : \"0\",\r\n\t\t\t\t\tcolor1             : [\"#3366cc\"],\r\n\t\t\t\t\tcolor2             : \"#3366cc\",\r\n\t\t\t\t\tcolor3             : \"#ff0000\",\r\n\t\t\t\t\tcolor4             : \"#ff77bd\",\r\n\t\t\t\t\tcolor5             : \"#beecff\",\r\n\t\t\t\t\tcolor6             : \"#beecff\",\r\n\t\t\t\t\tcolor7             : \"#ff77bd\",\r\n\t\t\t\t\tchartFrom1         : \"\",\r\n\t\t\t\t\tchartTo1           : \"\",\r\n\t\t\t\t\tchartFrom2         : \"\",\r\n\t\t\t\t\tchartTo2           : \"\",\r\n\t\t\t\t\tstartIcon          : \"\",\r\n\t\t\t\t\tendIcon            : \"\",\r\n\t\t\t\t\tcurrentIcon        : \"\",\r\n\t\t\t\t\twaypointIcon       : \"https:\/\/lavia.cc\/gpx\/wp-content\/uploads\/gpx\/cropped-icona.ico\",\r\n\t\t\t\t\tcurrentpositioncon : \"\",\r\n\t\t\t\t\tusegpsposition     : \"\",\r\n\t\t\t\t\tzoomOnScrollWheel  : \"\",\r\n\t\t\t\t\tngGalleries        : [],\r\n\t\t\t\t\tngImages           : [],\r\n\t\t\t\t\tpluginUrl          : \"https:\/\/lavia.cc\/gpx\/wp-content\/plugins\",\r\n\t\t\t\t\tTFApiKey           : \"\",\r\n\t\t\t\t\tMapBoxApiKey           : \"\",\r\n\t\t\t\t\tlangs              : {\r\n\t\t\t\t\t\taltitude        : \"Altitudine\",\r\n\t\t\t\t\t\tcurrentPosition : \"Current position\",\r\n\t\t\t\t\t\tspeed           : \"Velocit\u00e0\",\r\n\t\t\t\t\t\tgrade           : \"Grade\",\r\n\t\t\t\t\t\theartRate       : \"Battito Cardiaco\",\r\n\t\t\t\t\t\tatemp           : \"Temperature\",\r\n\t\t\t\t\t\tcadence         : \"Cadenza\",\r\n\t\t\t\t\t\tgoFullScreen    : \"Go full screen\",\r\n\t\t\t\t\t\texitFullFcreen  : \"Exit full screen\",\r\n\t\t\t\t\t\thideImages      : \"Hide images\",\r\n\t\t\t\t\t\tshowImages      : \"Show images\",\r\n\t\t\t\t\t\tbackToCenter\t: \"Ritorna al centro della mappa\"\r\n\t\t\t\t\t}\r\n\t\t\t\t});\r\n\r\n\t\t\t});\r\n\r\n\t\t<\/script>\n<p>\ud83d\udfe2 Scarica la TRACCIA e Segui <a href=\"https:\/\/www.instagram.com\/lavia.cc\/\" target=\"_blank\" rel=\"noopener\">LAVIA<\/a>!<\/p>\n","protected":false},"excerpt":{"rendered":"<p>Il <strong>Giro del Bonom<\/strong> \u00e8 un anello particolarmente panoramico ed \u00e8 considerato uno dei sentieri biellesi pi\u00f9 belli e suggestivi. Un giro abbastanza lungo ma che regala paesaggi indimenticabili. Molto interessante da percorrere anche in primavera o in estate per la presenza di numerose <strong>fioriture<\/strong> come rododendri, margherite, arnica e raperonzoli. L\u2019escursione ad anello si svolge per buona parte lungo un sentiero in cresta tranne nell\u2019ultimo tratto dove si percorre una carrabile sterrata. La partenza avviene da <strong>Bocchetto Sessera<\/strong>, in Valsessera (lungo la Panoramica Zegna). Si lascia l\u2019auto nell\u2019ampio parcheggio Bocchetto Sessera, che si trova a circa met\u00e0 della Panoramica Zegna. Dal piazzale panoramico, sul retro della Locanda Bocchetto Sessera, parte, dagli scalini sulla sinistra, il sentiero da seguire,<strong> il n.17<\/strong> indicante Giro del Bonom. Da qui partono anche molti altri sentieri che si inoltrano nell\u2019Alta Valsessera, come ad esempio la strada dell\u2019Artignaga e il Bosco del Sorriso. Questi tracciati, nel periodo invernale e in presenza di neve si trasformano in percorsi adatti alle ciaspole e agli sci da fondo. Una volta imboccato il nostro sentiero si parte subito in salita per poi raggiungere per prima la cima del <strong>Monticchio<\/strong> a quota 1697 m dove \u00e8 presente una croce di legno con uno splendido panorama a 360 gradi sul Biellese occidentale, sulla Serra d\u2019Ivrea e sull\u2019intero arco Alpino. Il percorso procede in cresta per raggiungere Colma Bella e<strong> Pera Fur\u00e0 (1660 m)<\/strong>, una \u201cfinestra\u201d composta da rocce erose posizionate circolarmente. Al suo interno \u00e8 possibile sedersi e ascoltare il \u201crespiro della montagna\u201d, un suono provocato dal vento che si insinua nelle fessure. Da Pera Fur\u00e0 si prosegue per raggiungere la cima del <strong>Monte Bonom (1877 m)<\/strong> , il punto pi\u00f9 alto dell\u2019escursione che regala una vista davvero unica! Da qui si inizia la discesa verso l\u2019Alpe la Bassa e le tegge dell\u2019Artignaga. Si chiude poi l\u2019anello passando per l\u2019<strong>Alpe Montuccia<\/strong>, fino a fare ritorno al Bocchetto Sessera. Si percorre, in questo modo, anche un tratto del Bosco del Sorriso, un percorso esperienziale e contemplativo dove si \u00e8 avvolti nel silenzio e nel suono della natura.<\/p>\n<p>Bellissima foto di <a href=\"https:\/\/www.instagram.com\/p\/CeLNskysJmU\/\">@vagamondi_guide<\/a><\/p>\n<p>\ud83d\udfe2 Segui\u00a0<strong>LAVIA,<\/strong>\u00a0arriva alla\u00a0<strong>META<\/strong>!<\/p>\n","protected":false},"featured_media":12939,"comment_status":"open","ping_status":"closed","template":"","meta":[],"product_brand":[],"product_cat":[31],"product_tag":[643,89],"class_list":{"0":"post-12893","1":"product","2":"type-product","3":"status-publish","4":"has-post-thumbnail","6":"product_cat-escursionismo","7":"product_tag-biella","8":"product_tag-piemonte","10":"first","11":"instock","12":"downloadable","13":"virtual","14":"product-type-simple"},"_links":{"self":[{"href":"https:\/\/lavia.cc\/gpx\/wp-json\/wp\/v2\/product\/12893","targetHints":{"allow":["GET"]}}],"collection":[{"href":"https:\/\/lavia.cc\/gpx\/wp-json\/wp\/v2\/product"}],"about":[{"href":"https:\/\/lavia.cc\/gpx\/wp-json\/wp\/v2\/types\/product"}],"replies":[{"embeddable":true,"href":"https:\/\/lavia.cc\/gpx\/wp-json\/wp\/v2\/comments?post=12893"}],"version-history":[{"count":6,"href":"https:\/\/lavia.cc\/gpx\/wp-json\/wp\/v2\/product\/12893\/revisions"}],"predecessor-version":[{"id":13096,"href":"https:\/\/lavia.cc\/gpx\/wp-json\/wp\/v2\/product\/12893\/revisions\/13096"}],"wp:featuredmedia":[{"embeddable":true,"href":"https:\/\/lavia.cc\/gpx\/wp-json\/wp\/v2\/media\/12939"}],"wp:attachment":[{"href":"https:\/\/lavia.cc\/gpx\/wp-json\/wp\/v2\/media?parent=12893"}],"wp:term":[{"taxonomy":"product_brand","embeddable":true,"href":"https:\/\/lavia.cc\/gpx\/wp-json\/wp\/v2\/product_brand?post=12893"},{"taxonomy":"product_cat","embeddable":true,"href":"https:\/\/lavia.cc\/gpx\/wp-json\/wp\/v2\/product_cat?post=12893"},{"taxonomy":"product_tag","embeddable":true,"href":"https:\/\/lavia.cc\/gpx\/wp-json\/wp\/v2\/product_tag?post=12893"}],"curies":[{"name":"wp","href":"https:\/\/api.w.org\/{rel}","templated":true}]}}