{"id":14266,"date":"2024-07-17T14:21:33","date_gmt":"2024-07-17T12:21:33","guid":{"rendered":"https:\/\/lavia.cc\/gpx\/?post_type=product&#038;p=14266"},"modified":"2024-07-29T20:39:03","modified_gmt":"2024-07-29T18:39:03","slug":"monte-forcellone-da-prati-di-mezzo","status":"publish","type":"product","link":"https:\/\/lavia.cc\/gpx\/tracce\/monte-forcellone-da-prati-di-mezzo\/","title":{"rendered":"Monte Forcellone da Prati di Mezzo"},"content":{"rendered":"<h5>Monte Forcellone da Prati di Mezzo<\/h5>\n<p>\u27a1\ufe0f Clicca qui per andare al punto di partenza: <a href=\"https:\/\/www.google.com\/maps\/place\/Prati+di+Mezzo\/@41.6602783,13.9298623,17z\/data=!3m1!4b1!4m6!3m5!1s0x133a9f77b351c06f:0x39e86495a3295929!8m2!3d41.6602783!4d13.9298623!16s%2Fg%2F11bw4791d6?entry=ttu\" target=\"_blank\" rel=\"noopener\">GOOGLE MAPS<\/a> (Parcheggio Prati di Mezzo)<\/p>\n<p>\u2139\ufe0f Il <strong>Monte Forcellone<\/strong> \u00e8 la cima meno conosciuta e forse meno frequentata del gruppo de <strong>Le Mainarde<\/strong>, anche se, insieme al vicino Monte Predicopeglia, \u00e8 certamente quella pi\u00f9 \u201cdolomitica\u201d fra tutte. L\u2019appellativo dolomitico \u00e8 facilmente riscontrabile percorrendo il Piano di Fonte Fredda e volgendo lo sguardo verso sud: le guglie e i balzi di roccia che s\u2019innalzano dalla valle ricordano molto da vicino quelli delle pi\u00f9 rinomate vette trentine e bellunesi.<\/p>\n<p>\u26fa\ufe0f\ud83c\udf74A \u00a0<strong>Picinisco<\/strong>, sui monti del Parco Nazionale d\u2019Abruzzo, nel versante Laziale nella splendida Valle di Comino, si trova l&#8217;<a href=\"https:\/\/www.agriturismosantagiusta.it\/index.html\" target=\"_blank\" rel=\"noopener\">Agriturismo Santa Giusta<\/a>. E\u2019 un panorama fantastico quello che si gode da questa altezza, e l\u2019 Agriturismo Santa Giusta, gode di maestosi vigneti, uliveti e <strong>panorami mozzafiato<\/strong> circondato da borghi di ricco spessore culturale e storico. Grazie alla privilegiata collocazione geografica collinare si ha la fortuna di trovare ben 4 camere tutte doppie con bagni privati e balcone che affacciano su panorami di ben altrettanti paesi della Valle di Comino, le quali prendono il nome, proprio cosi, potrete vedere dalle finestre delle camere Picinisco, Settefrati oppure Atina<\/p>\n<ul>\n<li>Tel: <span class=\"fs10lh1-5 cf1 ff1\">39<\/span><span class=\"fs10lh1-5 cf1 ff1\">3442300571<\/span><\/li>\n<\/ul>\n<p>\u26a0\ufe0f La percorribilit\u00e0 dell\u2019itinerario proposto, come tutta la morfologia montana, \u00e8 soggetta a cambiamenti ambientali dovuti a eventi naturali e alle condizioni meteo. Quindi, prima di partire, consultate gli uffici turistici competenti e\/o i rifugi di riferimento.<\/p>\n<p>\ud83d\uddfa\ufe0f Mappa e altimetria dell&#8217; <a href=\"https:\/\/lavia.cc\/gpx\/categoria-tracce\/escursionismo\/\">escursione<\/a> &#8220;Monte Forcellone da Prati di Mezzo&#8221;:<\/p>\n\r\n\t\t<div id=\"wpgpxmaps_14266_4738746\" class=\"wpgpxmaps\">\r\n\t\t\t<div id=\"map_14266_4738746_cont\" style=\"width:100%; height:450px;position:relative\" >\r\n\t\t\t\t<div id=\"map_14266_4738746\" style=\"width:100%; height:450px\"><\/div>\r\n\t\t\t\t<div id=\"wpgpxmaps_14266_4738746_osm_footer\" class=\"wpgpxmaps_osm_footer\" style=\"display:none;\"><span> &copy; <a href=\"http:\/\/www.openstreetmap.org\/copyright\" target=\"_blank\" rel=\"noopener\">OpenStreetMap<\/a> contributors<\/span><\/div>\r\n\t\t\t<\/div>\r\n\t\t\t<canvas id=\"myChart_14266_4738746\" class=\"plot\" style=\"width:100%; height:200px\"><\/canvas>\r\n\t\t\t<div id=\"ngimages_14266_4738746\" class=\"ngimages\" style=\"display:none\"><\/div>\r\n\t\t\t<div id=\"report_14266_4738746\" class=\"report\"><\/div>\r\n\t\t<\/div>\r\n\t\t\r\n\t\t<script type=\"text\/javascript\">\r\n\r\n\t\t\tjQuery(document).ready(function() {\r\n\r\n\t\t\t\tjQuery( \"#wpgpxmaps_14266_4738746\" ).wpgpxmaps( {\r\n\t\t\t\t\ttargetId           : \"14266_4738746\",\r\n\t\t\t\t\tmapType            : \"HYBRID\",\r\n\t\t\t\t\tmapData            : [[41.6596890,13.9292040],[41.6597720,13.9293530],[41.6599940,13.9295080],[41.6601630,13.9298320],[41.6602020,13.9303640],[41.6601250,13.9308210],[41.6599900,13.9323330],[41.6598710,13.9330720],[41.6598820,13.9335280],[41.6597660,13.9343800],[41.6597390,13.9354700],[41.6598000,13.9357060],[41.6600950,13.9361630],[41.6601480,13.9366370],[41.6603110,13.9372040],[41.6603600,13.9375430],[41.6605830,13.9378950],[41.6606620,13.9382340],[41.6606970,13.9384670],[41.6606370,13.9389460],[41.6606560,13.9395330],[41.6605170,13.9400740],[41.6604130,13.9400890],[41.6602560,13.9399370],[41.6601990,13.9394350],[41.6600680,13.9392920],[41.6599750,13.9393280],[41.6597590,13.9396590],[41.6595890,13.9397300],[41.6589870,13.9398760],[41.6586960,13.9398130],[41.6584680,13.9393710],[41.6583940,13.9390070],[41.6583330,13.9388970],[41.6577190,13.9390310],[41.6576950,13.9391500],[41.6574010,13.9393740],[41.6572470,13.9395800],[41.6568010,13.9397200],[41.6562740,13.9402310],[41.6560930,13.9403280],[41.6558640,13.9408790],[41.6556860,13.9411710],[41.6555180,13.9412920],[41.6551880,13.9416880],[41.6550090,13.9420830],[41.6547280,13.9430740],[41.6547820,13.9432770],[41.6547960,13.9436520],[41.6548240,13.9442130],[41.6549360,13.9445780],[41.6547510,13.9447840],[41.6546590,13.9449900],[41.6544210,13.9450430],[41.6540590,13.9456440],[41.6540680,13.9460110],[41.6540110,13.9462100],[41.6540260,13.9468740],[41.6541020,13.9472930],[41.6541700,13.9485480],[41.6540380,13.9489980],[41.6539370,13.9496920],[41.6537150,13.9503570],[41.6534840,13.9508320],[41.6534560,13.9509520],[41.6534970,13.9515140],[41.6534300,13.9517140],[41.6534510,13.9519580],[41.6532660,13.9523690],[41.6535100,13.9529360],[41.6535440,13.9532800],[41.6535060,13.9540840],[41.6533590,13.9549230],[41.6530130,13.9560410],[41.6529960,13.9565410],[41.6527790,13.9569510],[41.6527490,13.9573050],[41.6526120,13.9577120],[41.6524930,13.9579250],[41.6522570,13.9581270],[41.6519260,13.9585860],[41.6514040,13.9587210],[41.6512260,13.9589070],[41.6509870,13.9592320],[41.6508450,13.9590870],[41.6507540,13.9589940],[41.6505320,13.9589110],[41.6503680,13.9589230],[41.6502080,13.9588020],[41.6500600,13.9590200],[41.6498940,13.9589820],[41.6496730,13.9591970],[41.6493960,13.9592510],[41.6493700,13.9594370],[41.6486300,13.9594620],[41.6484870,13.9597150],[41.6483760,13.9596540],[41.6483510,13.9595230],[41.6480100,13.9594960],[41.6473330,13.9592870],[41.6472250,13.9591580],[41.6472050,13.9589280],[41.6470960,13.9588040],[41.6471800,13.9583960],[41.6475650,13.9579400],[41.6475610,13.9577310],[41.6476740,13.9576720],[41.6477380,13.9575220],[41.6475650,13.9568730],[41.6475810,13.9562190],[41.6479300,13.9559020],[41.6483310,13.9550010],[41.6481340,13.9542870],[41.6482670,13.9540560],[41.6483990,13.9532570],[41.6481630,13.9525330],[41.6478020,13.9524100],[41.6474570,13.9518730],[41.6471850,13.9520770],[41.6468280,13.9521900],[41.6465920,13.9524010],[41.6457410,13.9520170],[41.6450530,13.9521670],[41.6449600,13.9523880],[41.6444640,13.9524180],[41.6439820,13.9514710],[41.6435880,13.9501450],[41.6435080,13.9493600],[41.6433550,13.9490680],[41.6433500,13.9488990],[41.6433550,13.9490680],[41.6435080,13.9493600],[41.6435880,13.9501450],[41.6439820,13.9514710],[41.6444640,13.9524180],[41.6449600,13.9523880],[41.6450530,13.9521670],[41.6457410,13.9520170],[41.6457950,13.9525780],[41.6456850,13.9528340],[41.6458720,13.9530960],[41.6458570,13.9533200],[41.6460540,13.9534020],[41.6459970,13.9536810],[41.6462440,13.9537140],[41.6461560,13.9541040],[41.6463900,13.9544620],[41.6463730,13.9552090],[41.6464320,13.9555070],[41.6461780,13.9556730],[41.6459930,13.9556810],[41.6459790,13.9560620],[41.6460840,13.9564050],[41.6461100,13.9566680],[41.6458390,13.9563670],[41.6457440,13.9568360],[41.6456450,13.9570540],[41.6450950,13.9577520],[41.6449270,13.9580470],[41.6449550,13.9583500],[41.6451090,13.9589180],[41.6451260,13.9593930],[41.6454020,13.9600450],[41.6453460,13.9603540],[41.6451600,13.9608230],[41.6454090,13.9610960],[41.6456040,13.9611860],[41.6459120,13.9609960],[41.6462230,13.9612080],[41.6464810,13.9612550],[41.6472410,13.9612080],[41.6474680,13.9616820],[41.6478190,13.9621070],[41.6479110,13.9620580],[41.6480200,13.9618680],[41.6481310,13.9620300],[41.6482710,13.9619440],[41.6483740,13.9616740],[41.6484410,13.9612200],[41.6485740,13.9610540],[41.6487780,13.9603620],[41.6490540,13.9599170],[41.6490660,13.9596850],[41.6493700,13.9594370],[41.6493960,13.9592510],[41.6496730,13.9591970],[41.6498940,13.9589820],[41.6500600,13.9590200],[41.6501320,13.9588120],[41.6503680,13.9589230],[41.6505320,13.9589110],[41.6507540,13.9589940],[41.6509870,13.9592320],[41.6511440,13.9589270],[41.6514040,13.9587210],[41.6519260,13.9585860],[41.6522570,13.9581270],[41.6524930,13.9579250],[41.6526120,13.9577120],[41.6527490,13.9573050],[41.6527790,13.9569510],[41.6529960,13.9565410],[41.6530130,13.9560410],[41.6533590,13.9549230],[41.6535060,13.9540840],[41.6535440,13.9532800],[41.6535100,13.9529360],[41.6532660,13.9523690],[41.6534510,13.9519580],[41.6534300,13.9517140],[41.6534970,13.9515140],[41.6534560,13.9509520],[41.6534840,13.9508320],[41.6536540,13.9503950],[41.6539370,13.9496920],[41.6540380,13.9489980],[41.6541700,13.9485480],[41.6541020,13.9472930],[41.6540260,13.9468740],[41.6540110,13.9462100],[41.6540680,13.9460110],[41.6540590,13.9456440],[41.6544210,13.9450430],[41.6546590,13.9449900],[41.6547510,13.9447840],[41.6549150,13.9446910],[41.6548240,13.9442130],[41.6547960,13.9436520],[41.6547820,13.9432770],[41.6547280,13.9430740],[41.6550090,13.9420830],[41.6551880,13.9416880],[41.6555180,13.9412920],[41.6556860,13.9411710],[41.6558640,13.9408790],[41.6560930,13.9403280],[41.6562740,13.9402310],[41.6568010,13.9397200],[41.6572470,13.9395800],[41.6574010,13.9393740],[41.6576950,13.9391500],[41.6577190,13.9390310],[41.6582490,13.9388680],[41.6583940,13.9390070],[41.6584680,13.9393710],[41.6586960,13.9398130],[41.6589870,13.9398760],[41.6595890,13.9397300],[41.6597590,13.9396590],[41.6599750,13.9393280],[41.6600680,13.9392920],[41.6601580,13.9393310],[41.6602560,13.9399370],[41.6604130,13.9400890],[41.6605170,13.9400740],[41.6606560,13.9395330],[41.6606370,13.9389460],[41.6606970,13.9384670],[41.6606620,13.9382340],[41.6605830,13.9378950],[41.6603600,13.9375430],[41.6603110,13.9372040],[41.6601480,13.9366370],[41.6600950,13.9361630],[41.6598000,13.9357060],[41.6597390,13.9354700],[41.6597660,13.9343800],[41.6598820,13.9335280],[41.6598710,13.9330720],[41.6599900,13.9323330],[41.6601250,13.9308210],[41.6602020,13.9303640],[41.6601630,13.9298320],[41.6599940,13.9295080],[41.6597720,13.9293530],[41.6596890,13.9292040]],\r\n\t\t\t\t\tgraphDist          : [0.00,0.02,0.04,0.08,0.12,0.16,0.29,0.35,0.39,0.46,0.55,0.57,0.62,0.66,0.71,0.74,0.78,0.81,0.83,0.87,0.92,0.97,0.98,1.00,1.04,1.06,1.07,1.11,1.13,1.20,1.23,1.28,1.31,1.32,1.39,1.40,1.44,1.46,1.51,1.59,1.61,1.66,1.69,1.71,1.76,1.80,1.89,1.91,1.94,1.99,2.02,2.05,2.07,2.10,2.16,2.19,2.21,2.26,2.30,2.40,2.44,2.50,2.56,2.61,2.62,2.67,2.69,2.71,2.75,2.80,2.83,2.90,2.97,3.07,3.11,3.15,3.18,3.22,3.24,3.27,3.33,3.39,3.41,3.45,3.47,3.49,3.51,3.53,3.55,3.58,3.60,3.63,3.66,3.68,3.76,3.79,3.80,3.81,3.85,3.93,3.95,3.97,3.98,4.02,4.08,4.10,4.11,4.12,4.18,4.24,4.29,4.37,4.44,4.46,4.53,4.60,4.64,4.70,4.73,4.77,4.81,4.91,4.98,5.01,5.06,5.16,5.28,5.34,5.37,5.39,5.40,5.43,5.50,5.61,5.71,5.77,5.79,5.87,5.91,5.94,5.97,5.99,6.01,6.04,6.06,6.10,6.14,6.20,6.23,6.26,6.28,6.31,6.34,6.37,6.41,6.45,6.47,6.55,6.59,6.61,6.66,6.70,6.76,6.79,6.83,6.87,6.89,6.93,6.97,7.00,7.08,7.13,7.18,7.19,7.21,7.23,7.25,7.27,7.31,7.33,7.40,7.44,7.46,7.50,7.52,7.55,7.58,7.60,7.62,7.65,7.67,7.70,7.73,7.76,7.79,7.85,7.91,7.94,7.96,8.00,8.03,8.07,8.11,8.21,8.28,8.35,8.38,8.43,8.47,8.49,8.51,8.56,8.57,8.61,8.68,8.74,8.78,8.88,8.92,8.97,8.99,9.02,9.09,9.11,9.13,9.15,9.20,9.24,9.27,9.29,9.38,9.42,9.47,9.49,9.52,9.57,9.60,9.67,9.72,9.74,9.78,9.79,9.85,9.87,9.90,9.95,9.98,10.05,10.07,10.11,10.12,10.13,10.18,10.20,10.21,10.26,10.31,10.35,10.37,10.40,10.44,10.47,10.52,10.56,10.61,10.63,10.72,10.79,10.83,10.90,11.02,11.06,11.11,11.14,11.17,11.18],\r\n\t\t\t\t\tgraphEle           : [1443.36,1443.36,1443.36,1443.36,1445.56,1449.74,1463.31,1470.69,1475.25,1483.92,1494.15,1496.37,1501.73,1505.98,1511.12,1513.52,1516.72,1519.18,1520.83,1524.19,1528.49,1533.11,1534.25,1536.34,1540.45,1542.42,1543.47,1547.18,1549.60,1557.91,1561.91,1567.36,1571.03,1571.76,1576.30,1576.97,1579.40,1580.97,1584.12,1587.39,1588.36,1590.72,1592.14,1593.31,1597.21,1600.25,1607.23,1608.64,1612.20,1617.54,1621.28,1624.65,1626.93,1629.99,1636.22,1639.04,1640.68,1645.79,1649.10,1656.27,1658.92,1662.79,1665.89,1668.29,1668.80,1671.12,1672.02,1673.03,1674.50,1676.46,1677.51,1679.93,1682.60,1686.37,1688.03,1691.44,1693.86,1696.89,1698.70,1701.24,1706.82,1715.98,1719.87,1726.07,1729.15,1731.12,1735.09,1738.59,1742.53,1747.84,1751.45,1757.31,1763.32,1766.35,1780.85,1785.11,1787.27,1789.08,1795.22,1808.19,1810.82,1813.97,1816.58,1822.33,1831.69,1834.54,1836.74,1839.17,1851.31,1862.84,1872.78,1888.66,1898.60,1902.41,1912.97,1920.08,1924.57,1930.94,1934.68,1938.83,1942.03,1952.19,1960.58,1962.93,1969.08,1979.53,1991.98,1997.57,1996.37,1995.79,1995.22,1994.01,1991.33,1978.93,1966.13,1957.66,1954.11,1941.08,1933.18,1929.01,1923.01,1919.28,1914.70,1909.91,1904.40,1897.65,1889.76,1879.30,1875.00,1869.74,1866.29,1860.98,1855.82,1852.32,1846.10,1839.69,1836.32,1823.09,1818.85,1815.36,1808.45,1803.01,1796.25,1795.69,1794.75,1793.99,1793.51,1792.71,1793.32,1794.64,1798.52,1800.66,1799.77,1799.21,1798.21,1797.29,1796.43,1795.15,1793.21,1792.19,1783.73,1775.76,1772.55,1765.98,1763.37,1758.20,1752.54,1749.04,1745.49,1740.09,1736.69,1731.91,1725.83,1720.34,1715.93,1708.35,1701.54,1697.55,1695.01,1692.95,1691.30,1688.98,1686.66,1682.30,1679.93,1677.71,1676.58,1674.34,1672.70,1671.86,1671.11,1669.15,1668.57,1666.28,1662.47,1659.18,1656.55,1648.77,1646.10,1641.45,1639.53,1636.22,1629.25,1626.33,1624.16,1622.01,1617.58,1612.72,1609.48,1607.62,1599.40,1597.12,1594.19,1592.93,1591.07,1588.16,1587.19,1583.95,1581.67,1580.59,1577.89,1576.93,1571.20,1569.21,1566.25,1562.03,1558.38,1550.17,1547.78,1543.38,1542.08,1540.81,1535.27,1533.53,1532.60,1528.76,1524.82,1521.57,1519.86,1517.05,1513.40,1510.66,1505.86,1502.06,1496.45,1494.09,1483.78,1475.42,1470.87,1463.33,1454.81,1454.81,1454.81,1454.81,1454.81,1454.81],\r\n\t\t\t\t\tgraphSpeed         : [],\r\n\t\t\t\t\tgraphHr            : [],\r\n\t\t\t\t\tgraphAtemp         : [],\r\n\t\t\t\t\tgraphCad           : [],\r\n\t\t\t\t\tgraphGrade         : [],\r\n\t\t\t\t\twaypoints          : [],\r\n\t\t\t\t\tunit               : \"2\",\r\n\t\t\t\t\tunitspeed          : \"0\",\r\n\t\t\t\t\tcolor1             : [\"#3366cc\"],\r\n\t\t\t\t\tcolor2             : \"#3366cc\",\r\n\t\t\t\t\tcolor3             : \"#ff0000\",\r\n\t\t\t\t\tcolor4             : \"#ff77bd\",\r\n\t\t\t\t\tcolor5             : \"#beecff\",\r\n\t\t\t\t\tcolor6             : \"#beecff\",\r\n\t\t\t\t\tcolor7             : \"#ff77bd\",\r\n\t\t\t\t\tchartFrom1         : \"\",\r\n\t\t\t\t\tchartTo1           : \"\",\r\n\t\t\t\t\tchartFrom2         : \"\",\r\n\t\t\t\t\tchartTo2           : \"\",\r\n\t\t\t\t\tstartIcon          : \"\",\r\n\t\t\t\t\tendIcon            : \"\",\r\n\t\t\t\t\tcurrentIcon        : \"\",\r\n\t\t\t\t\twaypointIcon       : \"https:\/\/lavia.cc\/gpx\/wp-content\/uploads\/gpx\/cropped-icona.ico\",\r\n\t\t\t\t\tcurrentpositioncon : \"\",\r\n\t\t\t\t\tusegpsposition     : \"\",\r\n\t\t\t\t\tzoomOnScrollWheel  : \"\",\r\n\t\t\t\t\tngGalleries        : [],\r\n\t\t\t\t\tngImages           : [],\r\n\t\t\t\t\tpluginUrl          : \"https:\/\/lavia.cc\/gpx\/wp-content\/plugins\",\r\n\t\t\t\t\tTFApiKey           : \"\",\r\n\t\t\t\t\tMapBoxApiKey           : \"\",\r\n\t\t\t\t\tlangs              : {\r\n\t\t\t\t\t\taltitude        : \"Altitudine\",\r\n\t\t\t\t\t\tcurrentPosition : \"Current position\",\r\n\t\t\t\t\t\tspeed           : \"Velocit\u00e0\",\r\n\t\t\t\t\t\tgrade           : \"Grade\",\r\n\t\t\t\t\t\theartRate       : \"Battito Cardiaco\",\r\n\t\t\t\t\t\tatemp           : \"Temperature\",\r\n\t\t\t\t\t\tcadence         : \"Cadenza\",\r\n\t\t\t\t\t\tgoFullScreen    : \"Go full screen\",\r\n\t\t\t\t\t\texitFullFcreen  : \"Exit full screen\",\r\n\t\t\t\t\t\thideImages      : \"Hide images\",\r\n\t\t\t\t\t\tshowImages      : \"Show images\",\r\n\t\t\t\t\t\tbackToCenter\t: \"Ritorna al centro della mappa\"\r\n\t\t\t\t\t}\r\n\t\t\t\t});\r\n\r\n\t\t\t});\r\n\r\n\t\t<\/script>\n<p>\ud83d\udfe2 Scarica la TRACCIA e Segui <a href=\"https:\/\/www.instagram.com\/lavia.cc\/\" target=\"_blank\" rel=\"noopener\">LAVIA<\/a>!<\/p>\n","protected":false},"excerpt":{"rendered":"<p>Tra le montagne della Meta, all\u2019interno del <strong>Parco Nazionale d\u2019Abruzzo, Lazio e Molise<\/strong>, svetta il Monte Forcellone con i suoi 2.030 metri di altitudine. Dalla cima, nelle giornate particolarmente limpide, si possono vedere il mar Tirreno e il Vesuvio. \u00c8 un itinerario affascinante che pu\u00f2 essere affrontato sia in estate che in inverno, purch\u00e9 si disponga dell\u2019attrezzatura adeguata e si presti la massima attenzione, dato che il percorso \u00e8 segnato solo fino a Fonte Fredda. Da Picinisco (Provincia di Frosinone) si segue la strada verso Prati di Mezzo. Una volta raggiunto il parcheggio di <strong>Prati di Mezzo<\/strong> (1.402 metri), si inizia seguendo il sentiero N2 del Parco, che costeggia uno skilift. Alla fine di questo, si incrocia la partenza di un altro skilift; una volta raggiunto l\u2019arrivo del secondo impianto, si segue il sentiero sulla sinistra, che porta a una sella da cui si apre la vista sul sistema montuoso. Si risale la valle con il monte Forcellone davanti agli occhi. La natura del percorso cambia con la presenza di rocce. Si arriva a un grande blocco di roccia da cui sgorga acqua, noto come Fonte Fredda (1.681 metri). Da qui il percorso non \u00e8 pi\u00f9 segnato. Nei pressi della Fonte, si continua sulla destra per raggiungere la Sella di Prato Piano (1.827 metri), situata tra Monte Forcellone (a destra) e <strong>Monte Cavallo<\/strong> (a sinistra), da dove si prosegue ancora verso destra. Si supera un piccolo lago e si segue un sentiero evidente sul crinale. Si sale fino a raggiungere la cresta e, quando la cima \u00e8 ormai visibile, si gira a sinistra per raggiungerla. Si arriva in vetta al <strong>Monte Forcellone<\/strong>, a <strong>2030 m <\/strong>di altitudine, riconoscibile dalle due croci, di cui una dotata di campanella. Per la discesa si segue lo stesso percorso dell\u2019andata. In questa escursione l\u2019ambiente \u00e8 veramente molto suggestivo e ad ogni passo si ha sempre la netta sensazione di camminare in una valle alpina. Gli elementi ci sono tutti: ruscelli, conche, guglie e grandi pianori. Il nostro unico consiglio \u00e8 quello di scegliere per questa escursione un\u2019ottima giornata di sole per evitare di ritrovarsi, in caso di pioggia, in un gigantesco pantano e senza la possibilit\u00e0 di riparo. In tutta la zona infatti non esistono ripari ne tanto meno rifugi: unico elemento per cui abbiamo la certezza inconfutabile di non trovarci in un angolo delle Alpi.<\/p>\n<p>\ud83d\udfe2 Scarica la TRACCIA e Segui <a href=\"https:\/\/www.instagram.com\/lavia.cc\/\" target=\"_blank\" rel=\"noopener\">LAVIA<\/a>!<\/p>\n","protected":false},"featured_media":14277,"comment_status":"open","ping_status":"closed","template":"","meta":[],"product_brand":[],"product_cat":[31],"product_tag":[1249,81],"class_list":{"0":"post-14266","1":"product","2":"type-product","3":"status-publish","4":"has-post-thumbnail","6":"product_cat-escursionismo","7":"product_tag-frosinone","8":"product_tag-lazio","10":"first","11":"instock","12":"downloadable","13":"virtual","14":"product-type-simple"},"_links":{"self":[{"href":"https:\/\/lavia.cc\/gpx\/wp-json\/wp\/v2\/product\/14266","targetHints":{"allow":["GET"]}}],"collection":[{"href":"https:\/\/lavia.cc\/gpx\/wp-json\/wp\/v2\/product"}],"about":[{"href":"https:\/\/lavia.cc\/gpx\/wp-json\/wp\/v2\/types\/product"}],"replies":[{"embeddable":true,"href":"https:\/\/lavia.cc\/gpx\/wp-json\/wp\/v2\/comments?post=14266"}],"version-history":[{"count":13,"href":"https:\/\/lavia.cc\/gpx\/wp-json\/wp\/v2\/product\/14266\/revisions"}],"predecessor-version":[{"id":14293,"href":"https:\/\/lavia.cc\/gpx\/wp-json\/wp\/v2\/product\/14266\/revisions\/14293"}],"wp:featuredmedia":[{"embeddable":true,"href":"https:\/\/lavia.cc\/gpx\/wp-json\/wp\/v2\/media\/14277"}],"wp:attachment":[{"href":"https:\/\/lavia.cc\/gpx\/wp-json\/wp\/v2\/media?parent=14266"}],"wp:term":[{"taxonomy":"product_brand","embeddable":true,"href":"https:\/\/lavia.cc\/gpx\/wp-json\/wp\/v2\/product_brand?post=14266"},{"taxonomy":"product_cat","embeddable":true,"href":"https:\/\/lavia.cc\/gpx\/wp-json\/wp\/v2\/product_cat?post=14266"},{"taxonomy":"product_tag","embeddable":true,"href":"https:\/\/lavia.cc\/gpx\/wp-json\/wp\/v2\/product_tag?post=14266"}],"curies":[{"name":"wp","href":"https:\/\/api.w.org\/{rel}","templated":true}]}}