{"id":1486,"date":"2022-07-15T17:24:50","date_gmt":"2022-07-15T15:24:50","guid":{"rendered":"https:\/\/lavia.cc\/gpx\/?post_type=product&#038;p=1486"},"modified":"2023-07-04T21:13:03","modified_gmt":"2023-07-04T19:13:03","slug":"anello-monte-san-franco","status":"publish","type":"product","link":"https:\/\/lavia.cc\/gpx\/tracce\/anello-monte-san-franco\/","title":{"rendered":"Anello del Monte San Franco"},"content":{"rendered":"<h4>Anello del Monte San Franco<\/h4>\n<p>Mappa dell&#8217;<a href=\"https:\/\/lavia.cc\/gpx\/categoria-tracce\/escursionismo\/\">escursione<\/a>.<\/p>\n\r\n\t\t<div id=\"wpgpxmaps_1486_118710\" class=\"wpgpxmaps\">\r\n\t\t\t<div id=\"map_1486_118710_cont\" style=\"width:100%; height:450px;position:relative\" >\r\n\t\t\t\t<div id=\"map_1486_118710\" style=\"width:100%; height:450px\"><\/div>\r\n\t\t\t\t<div id=\"wpgpxmaps_1486_118710_osm_footer\" class=\"wpgpxmaps_osm_footer\" style=\"display:none;\"><span> &copy; <a href=\"http:\/\/www.openstreetmap.org\/copyright\" target=\"_blank\" rel=\"noopener\">OpenStreetMap<\/a> contributors<\/span><\/div>\r\n\t\t\t<\/div>\r\n\t\t\t<canvas id=\"myChart_1486_118710\" class=\"plot\" style=\"width:100%; height:200px\"><\/canvas>\r\n\t\t\t<div id=\"ngimages_1486_118710\" class=\"ngimages\" style=\"display:none\"><\/div>\r\n\t\t\t<div id=\"report_1486_118710\" class=\"report\"><\/div>\r\n\t\t<\/div>\r\n\t\t\r\n\t\t<script type=\"text\/javascript\">\r\n\r\n\t\t\tjQuery(document).ready(function() {\r\n\r\n\t\t\t\tjQuery( \"#wpgpxmaps_1486_118710\" ).wpgpxmaps( {\r\n\t\t\t\t\ttargetId           : \"1486_118710\",\r\n\t\t\t\t\tmapType            : \"HYBRID\",\r\n\t\t\t\t\tmapData            : [[42.4676820,13.3550170],[42.4675630,13.3555710],[42.4675440,13.3558890],[42.4674040,13.3568270],[42.4672830,13.3571650],[42.4671590,13.3572410],[42.4668270,13.3571360],[42.4667440,13.3574520],[42.4665720,13.3577930],[42.4661920,13.3582490],[42.4659330,13.3586640],[42.4657460,13.3588460],[42.4659160,13.3589760],[42.4661090,13.3590360],[42.4666320,13.3589060],[42.4668910,13.3589360],[42.4670290,13.3588900],[42.4678660,13.3583180],[42.4684780,13.3573320],[42.4687330,13.3571450],[42.4692350,13.3563470],[42.4693680,13.3562960],[42.4695040,13.3563340],[42.4695750,13.3565450],[42.4692800,13.3567650],[42.4688940,13.3575930],[42.4686050,13.3579570],[42.4683760,13.3584790],[42.4685080,13.3585200],[42.4686310,13.3583020],[42.4688360,13.3581340],[42.4692590,13.3578740],[42.4693670,13.3578920],[42.4695490,13.3579810],[42.4700650,13.3588070],[42.4701680,13.3596920],[42.4703060,13.3600750],[42.4705500,13.3605490],[42.4706950,13.3610850],[42.4708010,13.3617490],[42.4708810,13.3618910],[42.4708560,13.3620470],[42.4709150,13.3624240],[42.4710350,13.3628090],[42.4710360,13.3630290],[42.4709400,13.3633960],[42.4704670,13.3642950],[42.4706410,13.3636730],[42.4706620,13.3631550],[42.4706110,13.3628470],[42.4703670,13.3621650],[42.4701150,13.3616720],[42.4696730,13.3610740],[42.4695830,13.3611100],[42.4699200,13.3621600],[42.4698260,13.3621440],[42.4698930,13.3623260],[42.4698430,13.3622070],[42.4697870,13.3620530],[42.4697250,13.3619130],[42.4696460,13.3617750],[42.4695610,13.3616440],[42.4694630,13.3615190],[42.4693290,13.3615730],[42.4691570,13.3615540],[42.4691110,13.3616850],[42.4691600,13.3618340],[42.4692250,13.3619350],[42.4693440,13.3621450],[42.4693930,13.3622530],[42.4694230,13.3623750],[42.4693920,13.3625430],[42.4694490,13.3627070],[42.4693710,13.3628440],[42.4692970,13.3628680],[42.4688350,13.3629800],[42.4687670,13.3631260],[42.4687790,13.3633440],[42.4684260,13.3644680],[42.4683700,13.3648250],[42.4680670,13.3654930],[42.4679860,13.3656720],[42.4679390,13.3659930],[42.4681090,13.3665290],[42.4680690,13.3667390],[42.4679370,13.3668240],[42.4680910,13.3675550],[42.4680010,13.3677710],[42.4681060,13.3680250],[42.4682790,13.3681910],[42.4682790,13.3683390],[42.4683890,13.3685150],[42.4685460,13.3691270],[42.4686010,13.3694480],[42.4685930,13.3696770],[42.4686800,13.3697340],[42.4686730,13.3699310],[42.4687160,13.3700910],[42.4687820,13.3701910],[42.4688340,13.3706590],[42.4688000,13.3708520],[42.4687990,13.3716940],[42.4687570,13.3719000],[42.4688040,13.3720810],[42.4686990,13.3729760],[42.4686270,13.3732990],[42.4685400,13.3733960],[42.4685500,13.3736290],[42.4684990,13.3738960],[42.4685270,13.3740340],[42.4683540,13.3746460],[42.4682050,13.3750880],[42.4681370,13.3759660],[42.4681700,13.3761070],[42.4681490,13.3764950],[42.4683370,13.3771940],[42.4686170,13.3779880],[42.4686370,13.3782740],[42.4685570,13.3783970],[42.4685630,13.3785110],[42.4685410,13.3786820],[42.4685290,13.3788150],[42.4684490,13.3789720],[42.4684070,13.3790960],[42.4683600,13.3792040],[42.4684340,13.3793230],[42.4684440,13.3794740],[42.4684190,13.3795940],[42.4683680,13.3797730],[42.4683410,13.3799550],[42.4682670,13.3802040],[42.4682300,13.3804500],[42.4682320,13.3806000],[42.4682030,13.3807250],[42.4681660,13.3808690],[42.4681210,13.3809990],[42.4680710,13.3811230],[42.4680450,13.3812410],[42.4680060,13.3813770],[42.4680080,13.3815750],[42.4680170,13.3817400],[42.4681030,13.3818860],[42.4681310,13.3820020],[42.4681560,13.3821590],[42.4682000,13.3823090],[42.4682330,13.3824870],[42.4682580,13.3826960],[42.4682250,13.3828940],[42.4682470,13.3831140],[42.4682390,13.3832680],[42.4682060,13.3834060],[42.4681670,13.3835500],[42.4681160,13.3841400],[42.4675750,13.3857500],[42.4668560,13.3873190],[42.4666190,13.3876240],[42.4662200,13.3878250],[42.4661280,13.3881610],[42.4659290,13.3884960],[42.4657980,13.3889250],[42.4651970,13.3902300],[42.4651470,13.3909390],[42.4649560,13.3916830],[42.4650060,13.3918630],[42.4649930,13.3921670],[42.4648460,13.3928580],[42.4649240,13.3930510],[42.4649970,13.3931780],[42.4651120,13.3933110],[42.4651770,13.3934130],[42.4652660,13.3935250],[42.4653210,13.3936500],[42.4653640,13.3938180],[42.4653980,13.3939810],[42.4654500,13.3941070],[42.4654660,13.3942340],[42.4655560,13.3943320],[42.4655730,13.3944910],[42.4655620,13.3946590],[42.4655400,13.3947800],[42.4655160,13.3949570],[42.4654020,13.3951900],[42.4653780,13.3953100],[42.4652970,13.3955720],[42.4652400,13.3957520],[42.4651830,13.3959280],[42.4651350,13.3960840],[42.4650840,13.3962550],[42.4649760,13.3964280],[42.4648180,13.3966160],[42.4647290,13.3967170],[42.4646560,13.3968460],[42.4645600,13.3969360],[42.4645210,13.3970920],[42.4644860,13.3972860],[42.4644170,13.3974580],[42.4642950,13.3977180],[42.4642590,13.3978720],[42.4641730,13.3979980],[42.4640760,13.3981240],[42.4640300,13.3982470],[42.4639790,13.3984080],[42.4639070,13.3984590],[42.4637180,13.3985380],[42.4635730,13.3986270],[42.4635000,13.3986990],[42.4633320,13.3988520],[42.4631830,13.3986750],[42.4628560,13.3991830],[42.4627990,13.3993220],[42.4628980,13.3993700],[42.4628710,13.3996360],[42.4626640,13.4000030],[42.4625730,13.4003560],[42.4626350,13.4010680],[42.4625600,13.4013500],[42.4626200,13.4028510],[42.4625660,13.4029950],[42.4624860,13.4039360],[42.4626870,13.4044710],[42.4626490,13.4048760],[42.4628260,13.4054640],[42.4631440,13.4059640],[42.4632140,13.4062120],[42.4634920,13.4067620],[42.4637070,13.4069910],[42.4637870,13.4073590],[42.4646810,13.4085650],[42.4649900,13.4087820],[42.4650890,13.4089120],[42.4654000,13.4095490],[42.4657700,13.4100980],[42.4678000,13.4113450],[42.4683370,13.4119580],[42.4683250,13.4133760],[42.4686120,13.4138190],[42.4692300,13.4150940],[42.4694870,13.4154230],[42.4696190,13.4158390],[42.4696190,13.4161150],[42.4697140,13.4162050],[42.4701240,13.4160980],[42.4702110,13.4159860],[42.4709820,13.4139640],[42.4710920,13.4137390],[42.4709170,13.4135820],[42.4709280,13.4132440],[42.4709340,13.4131190],[42.4709310,13.4128340],[42.4709620,13.4126370],[42.4710050,13.4125000],[42.4711270,13.4123530],[42.4711920,13.4122190],[42.4712790,13.4121540],[42.4714100,13.4119470],[42.4714770,13.4118220],[42.4715520,13.4116640],[42.4716180,13.4115770],[42.4717990,13.4115290],[42.4719210,13.4115230],[42.4719210,13.4113450],[42.4718720,13.4112070],[42.4717760,13.4111660],[42.4717210,13.4110630],[42.4715940,13.4108530],[42.4715270,13.4106560],[42.4714880,13.4105170],[42.4714880,13.4103930],[42.4715100,13.4102680],[42.4715920,13.4101750],[42.4717450,13.4099940],[42.4719000,13.4097620],[42.4721220,13.4098110],[42.4724310,13.4094930],[42.4727140,13.4091050],[42.4734880,13.4084130],[42.4736710,13.4080620],[42.4737810,13.4079520],[42.4741080,13.4078140],[42.4743760,13.4077950],[42.4746240,13.4076240],[42.4748830,13.4076640],[42.4749650,13.4073250],[42.4751840,13.4071730],[42.4752380,13.4070660],[42.4752820,13.4069550],[42.4752910,13.4067100],[42.4753040,13.4060270],[42.4754440,13.4054680],[42.4755550,13.4052100],[42.4755820,13.4048180],[42.4758390,13.4044850],[42.4758610,13.4042270],[42.4760180,13.4038540],[42.4760980,13.4036940],[42.4760480,13.4028130],[42.4760770,13.4024650],[42.4761740,13.4021730],[42.4761340,13.4017730],[42.4759690,13.4014580],[42.4759560,13.4012470],[42.4758170,13.4010230],[42.4757980,13.4008920],[42.4761830,13.3993480],[42.4763400,13.3991820],[42.4763880,13.3990450],[42.4762930,13.3986780],[42.4762510,13.3981550],[42.4762720,13.3979040],[42.4763590,13.3975060],[42.4764340,13.3970440],[42.4763710,13.3965290],[42.4763940,13.3962930],[42.4765000,13.3954080],[42.4765610,13.3950280],[42.4765640,13.3946150],[42.4768160,13.3939360],[42.4769860,13.3937020],[42.4768410,13.3934890],[42.4768180,13.3933340],[42.4768770,13.3931060],[42.4767850,13.3930120],[42.4767450,13.3928020],[42.4769280,13.3923740],[42.4770100,13.3922770],[42.4773020,13.3923080],[42.4779020,13.3919620],[42.4782340,13.3916330],[42.4783930,13.3915990],[42.4786950,13.3916440],[42.4788250,13.3913600],[42.4789420,13.3913270],[42.4792380,13.3912780],[42.4794050,13.3909580],[42.4796190,13.3907540],[42.4798400,13.3906620],[42.4800250,13.3906750],[42.4798790,13.3911630],[42.4798590,13.3914120],[42.4803970,13.3929860],[42.4803520,13.3934380],[42.4804390,13.3938560],[42.4805520,13.3940690],[42.4806410,13.3935040],[42.4808990,13.3929800],[42.4808820,13.3925830],[42.4806190,13.3917710],[42.4806540,13.3915860],[42.4808820,13.3914370],[42.4814580,13.3913270],[42.4817480,13.3911250],[42.4818710,13.3908960],[42.4819630,13.3904840],[42.4819720,13.3900620],[42.4814400,13.3870350],[42.4814360,13.3857700],[42.4814930,13.3855190],[42.4815900,13.3853430],[42.4818360,13.3850620],[42.4818580,13.3848690],[42.4814800,13.3842940],[42.4812820,13.3841220],[42.4807110,13.3839160],[42.4805270,13.3837570],[42.4804390,13.3835690],[42.4804170,13.3833180],[42.4805050,13.3831340],[42.4809530,13.3827120],[42.4810400,13.3824840],[42.4810470,13.3823080],[42.4809350,13.3820090],[42.4799380,13.3802300],[42.4799770,13.3792630],[42.4798980,13.3784380],[42.4797530,13.3781480],[42.4794240,13.3778930],[42.4793450,13.3772870],[42.4791120,13.3765130],[42.4787120,13.3748790],[42.4785670,13.3739390],[42.4780160,13.3716060],[42.4778020,13.3705160],[42.4777850,13.3702700],[42.4778820,13.3689200],[42.4778310,13.3686550],[42.4772740,13.3676910],[42.4767440,13.3672320],[42.4766180,13.3672430],[42.4761510,13.3674690],[42.4759660,13.3674970],[42.4757400,13.3667900],[42.4755890,13.3664810],[42.4756940,13.3655270],[42.4759320,13.3650600],[42.4764400,13.3646690],[42.4765170,13.3645100],[42.4765390,13.3643580],[42.4764260,13.3640780],[42.4761650,13.3635840],[42.4752380,13.3623900],[42.4748400,13.3619500],[42.4742500,13.3617510],[42.4736870,13.3611610],[42.4734810,13.3610170],[42.4728840,13.3609140],[42.4728020,13.3608250],[42.4729530,13.3596650],[42.4729530,13.3593760],[42.4727410,13.3588300],[42.4722690,13.3581530],[42.4722870,13.3576120],[42.4713460,13.3553330],[42.4713430,13.3550020],[42.4714030,13.3547700],[42.4712880,13.3546360],[42.4709560,13.3542520],[42.4702090,13.3535810],[42.4695680,13.3535210],[42.4692020,13.3535730],[42.4689530,13.3536840],[42.4685480,13.3538650],[42.4679550,13.3547990],[42.4678040,13.3549650],[42.4676820,13.3550170]],\r\n\t\t\t\t\tgraphDist          : [0.00,0.05,0.07,0.15,0.18,0.20,0.24,0.26,0.30,0.35,0.40,0.43,0.45,0.47,0.53,0.56,0.57,0.68,0.78,0.82,0.90,0.92,0.93,0.95,0.99,1.07,1.11,1.16,1.18,1.21,1.23,1.28,1.30,1.32,1.41,1.48,1.52,1.57,1.61,1.67,1.68,1.70,1.73,1.76,1.78,1.81,1.90,1.97,2.01,2.04,2.10,2.15,2.22,2.24,2.33,2.35,2.36,2.38,2.39,2.41,2.42,2.44,2.45,2.47,2.49,2.50,2.51,2.53,2.55,2.56,2.57,2.58,2.60,2.61,2.62,2.68,2.69,2.71,2.81,2.84,2.91,2.92,2.95,3.00,3.02,3.03,3.10,3.12,3.15,3.17,3.18,3.20,3.26,3.29,3.31,3.32,3.34,3.35,3.36,3.41,3.42,3.50,3.51,3.53,3.61,3.64,3.65,3.67,3.70,3.71,3.77,3.81,3.88,3.90,3.93,3.99,4.07,4.09,4.11,4.12,4.14,4.15,4.17,4.18,4.19,4.21,4.22,4.23,4.25,4.26,4.28,4.30,4.32,4.33,4.34,4.35,4.36,4.37,4.39,4.40,4.42,4.43,4.44,4.46,4.47,4.49,4.51,4.52,4.54,4.55,4.57,4.58,4.64,4.78,4.94,4.97,5.02,5.05,5.09,5.12,5.25,5.31,5.37,5.39,5.41,5.47,5.49,5.50,5.52,5.53,5.55,5.56,5.58,5.59,5.60,5.61,5.62,5.64,5.65,5.66,5.68,5.70,5.71,5.73,5.75,5.76,5.78,5.79,5.81,5.84,5.85,5.86,5.88,5.89,5.91,5.92,5.95,5.96,5.98,5.99,6.00,6.02,6.03,6.05,6.07,6.08,6.10,6.12,6.18,6.19,6.20,6.23,6.26,6.30,6.35,6.38,6.50,6.52,6.60,6.65,6.68,6.73,6.79,6.81,6.87,6.90,6.93,7.07,7.11,7.13,7.19,7.25,7.50,7.58,7.70,7.74,7.87,7.91,7.95,7.97,7.98,8.03,8.04,8.23,8.25,8.28,8.30,8.31,8.34,8.35,8.37,8.38,8.40,8.41,8.43,8.44,8.46,8.47,8.49,8.51,8.52,8.54,8.55,8.56,8.58,8.60,8.61,8.62,8.64,8.65,8.67,8.70,8.72,8.77,8.81,8.91,8.95,8.96,9.00,9.03,9.06,9.09,9.12,9.15,9.16,9.17,9.19,9.25,9.29,9.32,9.35,9.39,9.41,9.45,9.46,9.54,9.57,9.59,9.63,9.66,9.68,9.70,9.71,9.85,9.87,9.88,9.91,9.96,9.98,10.01,10.05,10.10,10.11,10.19,10.22,10.26,10.32,10.35,10.37,10.39,10.41,10.42,10.44,10.48,10.49,10.52,10.60,10.64,10.66,10.69,10.72,10.73,10.77,10.80,10.83,10.86,10.88,10.93,10.95,11.09,11.13,11.16,11.18,11.23,11.28,11.32,11.39,11.40,11.43,11.50,11.54,11.56,11.59,11.63,11.88,11.99,12.01,12.03,12.06,12.08,12.14,12.17,12.23,12.26,12.28,12.30,12.32,12.38,12.40,12.41,12.44,12.62,12.70,12.77,12.80,12.84,12.89,12.96,13.10,13.18,13.38,13.47,13.49,13.61,13.63,13.73,13.80,13.81,13.87,13.89,13.95,13.98,14.06,14.11,14.18,14.19,14.20,14.23,14.28,14.42,14.48,14.55,14.63,14.65,14.72,14.73,14.83,14.85,14.90,14.98,15.02,15.24,15.27,15.29,15.30,15.35,15.45,15.52,15.56,15.59,15.64,15.74,15.76,15.78],\r\n\t\t\t\t\tgraphEle           : [1318.65,1318.65,1318.65,1324.07,1327.29,1328.86,1332.82,1335.68,1339.22,1344.25,1348.20,1350.46,1352.38,1354.33,1358.26,1359.40,1360.03,1364.15,1367.13,1367.93,1370.06,1370.97,1371.90,1373.05,1375.31,1380.16,1383.46,1389.40,1391.77,1394.45,1397.63,1403.78,1405.22,1408.65,1424.31,1437.28,1442.86,1448.97,1455.02,1462.20,1464.10,1465.78,1468.32,1470.31,1471.35,1473.21,1478.46,1483.62,1486.93,1488.95,1493.80,1497.64,1503.05,1504.07,1511.11,1512.21,1513.27,1514.35,1515.24,1516.08,1516.99,1517.90,1518.84,1519.89,1521.10,1521.91,1522.86,1523.78,1525.60,1526.47,1527.34,1528.59,1529.83,1531.11,1531.95,1536.28,1537.45,1538.94,1554.75,1559.52,1569.75,1573.25,1579.57,1590.83,1595.02,1598.85,1613.86,1618.88,1626.49,1634.00,1637.87,1643.89,1660.83,1669.44,1675.43,1678.86,1684.24,1689.97,1693.83,1707.46,1713.17,1737.41,1743.57,1749.09,1773.24,1782.14,1786.17,1792.33,1799.61,1803.39,1821.07,1834.17,1857.98,1861.96,1872.45,1891.71,1913.62,1920.77,1925.65,1929.62,1933.95,1937.33,1942.08,1944.63,1946.80,1950.19,1952.80,1954.95,1958.26,1961.47,1966.11,1970.44,1973.03,1975.29,1977.92,1980.40,1982.83,1984.93,1987.14,1990.21,1992.88,1995.71,1997.56,2000.03,2002.47,2005.40,2008.60,2011.77,2015.13,2017.47,2019.66,2022.00,2032.78,2060.89,2083.57,2089.01,2092.10,2093.37,2094.90,2096.55,2095.84,2092.94,2089.73,2088.85,2087.15,2083.13,2081.86,2080.96,2079.73,2078.92,2077.98,2077.17,2076.17,2075.48,2075.28,2075.10,2074.88,2074.66,2074.42,2074.25,2073.99,2073.60,2073.43,2073.03,2072.76,2072.49,2072.25,2071.73,2070.92,2069.89,2069.33,2068.76,2068.17,2067.58,2066.88,2066.18,2065.09,2064.52,2063.91,2062.90,2061.75,2060.31,2059.23,2057.01,2055.15,2054.14,2051.87,2049.65,2044.09,2042.35,2040.40,2036.73,2030.41,2025.29,2015.48,2011.38,1990.03,1987.73,1974.26,1965.85,1960.14,1951.26,1942.02,1937.59,1925.96,1919.50,1912.81,1887.37,1881.43,1879.07,1869.45,1864.10,1844.66,1838.22,1824.73,1818.73,1803.59,1798.94,1794.55,1791.87,1790.34,1786.36,1785.57,1774.13,1772.53,1770.83,1768.80,1768.06,1766.36,1765.16,1764.25,1762.93,1761.97,1760.83,1757.37,1755.43,1753.06,1751.49,1747.89,1745.81,1743.57,1741.52,1739.40,1737.72,1734.28,1731.55,1729.76,1728.31,1726.80,1725.10,1721.88,1718.17,1714.59,1708.43,1702.12,1693.75,1690.89,1689.65,1686.56,1685.54,1684.94,1684.38,1683.81,1683.28,1683.07,1682.87,1682.48,1679.13,1675.18,1673.18,1670.54,1667.31,1665.48,1661.26,1659.36,1650.68,1647.24,1644.09,1639.87,1635.71,1633.43,1630.28,1628.85,1610.64,1607.28,1605.39,1600.55,1593.99,1590.85,1585.68,1579.49,1572.64,1569.52,1557.74,1552.58,1546.54,1535.44,1530.64,1526.09,1523.78,1520.25,1517.97,1515.38,1509.66,1507.95,1503.36,1493.15,1487.60,1485.93,1482.76,1480.20,1478.95,1475.85,1472.84,1470.36,1469.02,1467.94,1465.36,1464.27,1455.32,1452.48,1449.78,1448.14,1444.41,1439.40,1436.23,1429.18,1427.66,1425.39,1423.57,1422.55,1421.90,1420.90,1419.96,1414.68,1410.67,1409.84,1409.14,1407.50,1406.76,1403.87,1402.67,1399.75,1398.89,1398.25,1397.53,1396.90,1394.77,1394.03,1393.52,1392.68,1387.96,1385.68,1383.72,1382.89,1381.35,1378.75,1375.26,1367.33,1362.55,1351.79,1346.84,1345.71,1339.52,1338.29,1333.41,1330.02,1329.34,1327.52,1326.95,1325.15,1324.31,1323.63,1324.27,1325.16,1325.37,1325.55,1326.02,1328.74,1336.49,1337.19,1337.73,1338.37,1337.39,1334.69,1334.22,1330.28,1328.89,1325.93,1321.46,1318.86,1303.24,1302.31,1301.63,1301.06,1299.41,1296.78,1296.74,1296.71,1296.70,1296.68,1296.68,1296.68,1296.68],\r\n\t\t\t\t\tgraphSpeed         : [],\r\n\t\t\t\t\tgraphHr            : [],\r\n\t\t\t\t\tgraphAtemp         : [],\r\n\t\t\t\t\tgraphCad           : [],\r\n\t\t\t\t\tgraphGrade         : [],\r\n\t\t\t\t\twaypoints          : [],\r\n\t\t\t\t\tunit               : \"2\",\r\n\t\t\t\t\tunitspeed          : \"0\",\r\n\t\t\t\t\tcolor1             : [\"#3366cc\"],\r\n\t\t\t\t\tcolor2             : \"#3366cc\",\r\n\t\t\t\t\tcolor3             : \"#ff0000\",\r\n\t\t\t\t\tcolor4             : \"#ff77bd\",\r\n\t\t\t\t\tcolor5             : \"#beecff\",\r\n\t\t\t\t\tcolor6             : \"#beecff\",\r\n\t\t\t\t\tcolor7             : \"#ff77bd\",\r\n\t\t\t\t\tchartFrom1         : \"\",\r\n\t\t\t\t\tchartTo1           : \"\",\r\n\t\t\t\t\tchartFrom2         : \"\",\r\n\t\t\t\t\tchartTo2           : \"\",\r\n\t\t\t\t\tstartIcon          : \"\",\r\n\t\t\t\t\tendIcon            : \"\",\r\n\t\t\t\t\tcurrentIcon        : \"\",\r\n\t\t\t\t\twaypointIcon       : \"https:\/\/lavia.cc\/gpx\/wp-content\/uploads\/gpx\/cropped-icona.ico\",\r\n\t\t\t\t\tcurrentpositioncon : \"\",\r\n\t\t\t\t\tusegpsposition     : \"\",\r\n\t\t\t\t\tzoomOnScrollWheel  : \"\",\r\n\t\t\t\t\tngGalleries        : [],\r\n\t\t\t\t\tngImages           : [],\r\n\t\t\t\t\tpluginUrl          : \"https:\/\/lavia.cc\/gpx\/wp-content\/plugins\",\r\n\t\t\t\t\tTFApiKey           : \"\",\r\n\t\t\t\t\tMapBoxApiKey           : \"\",\r\n\t\t\t\t\tlangs              : {\r\n\t\t\t\t\t\taltitude        : \"Altitudine\",\r\n\t\t\t\t\t\tcurrentPosition : \"Current position\",\r\n\t\t\t\t\t\tspeed           : \"Velocit\u00e0\",\r\n\t\t\t\t\t\tgrade           : \"Grade\",\r\n\t\t\t\t\t\theartRate       : \"Battito Cardiaco\",\r\n\t\t\t\t\t\tatemp           : \"Temperature\",\r\n\t\t\t\t\t\tcadence         : \"Cadenza\",\r\n\t\t\t\t\t\tgoFullScreen    : \"Go full screen\",\r\n\t\t\t\t\t\texitFullFcreen  : \"Exit full screen\",\r\n\t\t\t\t\t\thideImages      : \"Hide images\",\r\n\t\t\t\t\t\tshowImages      : \"Show images\",\r\n\t\t\t\t\t\tbackToCenter\t: \"Ritorna al centro della mappa\"\r\n\t\t\t\t\t}\r\n\t\t\t\t});\r\n\r\n\t\t\t});\r\n\r\n\t\t<\/script>\n<p>Clicca qui per raggiungere il punto di partenza: <a href=\"https:\/\/www.google.it\/maps\/place\/Cappella+di+San+Vincenzo+Ferrer\/@42.465824,13.3491711,14.88z\/data=!4m13!1m7!3m6!1s0x0:0xede85a84881fac32!2zNDLCsDI4JzAzLjciTiAxM8KwMjEnMTguMCJF!3b1!8m2!3d42.46768!4d13.35501!3m4!1s0x132e2dfa9e4de02b:0x33850f5272c4c93a!8m2!3d42.4578319!4d13.368634\" target=\"_blank\" rel=\"noopener\">Google Maps<\/a><\/p>\n","protected":false},"excerpt":{"rendered":"<p>Un meraviglioso balcone sui monti della Laga e sul lago di Campotosto. La vetta del Monte San Franco, con i suoi 2.132 mt. \u00e8 la pi\u00f9 occidentale del massiccio del Gransasso. Per raggiungerla \u00e8 possibile intraprendere un\u2019escursione ad anello con partenza dal ponte della Lama. Il percorso attraversa la cresta W per godere di un panorama molto ampio che spazia dai monti del circolano alle cime del Gran Sasso. Dalla cima si possono individuare una gran parte di vette mentre, al ritorno, ci si immerge nei boschi e nelle praterie del Vallone dell\u2019Inferno toccando anche il Rifugio Antonella Panepucci Alessandri per una piacevole e pacifica sosta. Escursione di media difficolt\u00e0 che non presenta difficolt\u00e0 tecniche anche se il dislivello \u00e8 da considerare.<\/p>\n<p>\ud83d\udfe2 Segui LAVIA!<\/p>\n","protected":false},"featured_media":1487,"comment_status":"open","ping_status":"closed","template":"","meta":[],"product_brand":[],"product_cat":[31],"product_tag":[58],"class_list":{"0":"post-1486","1":"product","2":"type-product","3":"status-publish","4":"has-post-thumbnail","6":"product_cat-escursionismo","7":"product_tag-r-abruzzo","9":"first","10":"instock","11":"downloadable","12":"virtual","13":"product-type-simple"},"_links":{"self":[{"href":"https:\/\/lavia.cc\/gpx\/wp-json\/wp\/v2\/product\/1486","targetHints":{"allow":["GET"]}}],"collection":[{"href":"https:\/\/lavia.cc\/gpx\/wp-json\/wp\/v2\/product"}],"about":[{"href":"https:\/\/lavia.cc\/gpx\/wp-json\/wp\/v2\/types\/product"}],"replies":[{"embeddable":true,"href":"https:\/\/lavia.cc\/gpx\/wp-json\/wp\/v2\/comments?post=1486"}],"version-history":[{"count":7,"href":"https:\/\/lavia.cc\/gpx\/wp-json\/wp\/v2\/product\/1486\/revisions"}],"predecessor-version":[{"id":3345,"href":"https:\/\/lavia.cc\/gpx\/wp-json\/wp\/v2\/product\/1486\/revisions\/3345"}],"wp:featuredmedia":[{"embeddable":true,"href":"https:\/\/lavia.cc\/gpx\/wp-json\/wp\/v2\/media\/1487"}],"wp:attachment":[{"href":"https:\/\/lavia.cc\/gpx\/wp-json\/wp\/v2\/media?parent=1486"}],"wp:term":[{"taxonomy":"product_brand","embeddable":true,"href":"https:\/\/lavia.cc\/gpx\/wp-json\/wp\/v2\/product_brand?post=1486"},{"taxonomy":"product_cat","embeddable":true,"href":"https:\/\/lavia.cc\/gpx\/wp-json\/wp\/v2\/product_cat?post=1486"},{"taxonomy":"product_tag","embeddable":true,"href":"https:\/\/lavia.cc\/gpx\/wp-json\/wp\/v2\/product_tag?post=1486"}],"curies":[{"name":"wp","href":"https:\/\/api.w.org\/{rel}","templated":true}]}}