{"id":1546,"date":"2022-08-05T17:45:05","date_gmt":"2022-08-05T15:45:05","guid":{"rendered":"https:\/\/lavia.cc\/gpx\/?post_type=product&#038;p=1546"},"modified":"2025-02-20T13:20:40","modified_gmt":"2025-02-20T12:20:40","slug":"ciclabile-del-mincio","status":"publish","type":"product","link":"https:\/\/lavia.cc\/gpx\/tracce\/ciclabile-del-mincio\/","title":{"rendered":"Ciclabile del Mincio"},"content":{"rendered":"<h4>Ciclabile del Mincio<\/h4>\n<p>\ud83d\udeb2 Tipologia di bici consigliate:\u00a0<a href=\"https:\/\/lavia.cc\/gpx\/categoria-tracce\/gravel\/\" target=\"_blank\" rel=\"noopener\">Gravel<\/a> \/ Trekking \/ Bici da Strada.<\/p>\n<p>\ud83d\udee4\ufe0f Fondo: 100% asfalto.<\/p>\n<p>\u27a1\ufe0f Clicca qui per raggiungere il punto di partenza: <a href=\"https:\/\/www.google.it\/maps\/place\/Canale+di+mezzo\/@45.4392474,10.6923151,19z\/data=!4m13!1m7!3m6!1s0x0:0xc76138061b94083b!2zNDXCsDI2JzIxLjIiTiAxMMKwNDEnMzMuNSJF!3b1!8m2!3d45.43922!4d10.69265!3m4!1s0x4781e973b200c709:0xf38c81e65529a21a!8m2!3d45.4394225!4d10.6930748\" target=\"_blank\" rel=\"noopener\">GOOGLE MAPS<\/a>.<\/p>\n<p>\ud83d\udd5c Periodo consigliato: tutto l&#8217;anno.<\/p>\n<p>\ud83d\uddfa\ufe0fMappa e altimetria della <strong>Ciclabile del Mincio<\/strong>:<\/p>\n\r\n\t\t<div id=\"wpgpxmaps_1546_433201\" class=\"wpgpxmaps\">\r\n\t\t\t<div id=\"map_1546_433201_cont\" style=\"width:100%; height:450px;position:relative\" >\r\n\t\t\t\t<div id=\"map_1546_433201\" style=\"width:100%; height:450px\"><\/div>\r\n\t\t\t\t<div id=\"wpgpxmaps_1546_433201_osm_footer\" class=\"wpgpxmaps_osm_footer\" style=\"display:none;\"><span> &copy; <a href=\"http:\/\/www.openstreetmap.org\/copyright\" target=\"_blank\" rel=\"noopener\">OpenStreetMap<\/a> contributors<\/span><\/div>\r\n\t\t\t<\/div>\r\n\t\t\t<canvas id=\"myChart_1546_433201\" class=\"plot\" style=\"width:100%; height:200px\"><\/canvas>\r\n\t\t\t<div id=\"ngimages_1546_433201\" class=\"ngimages\" style=\"display:none\"><\/div>\r\n\t\t\t<div id=\"report_1546_433201\" class=\"report\"><\/div>\r\n\t\t<\/div>\r\n\t\t\r\n\t\t<script type=\"text\/javascript\">\r\n\r\n\t\t\tjQuery(document).ready(function() {\r\n\r\n\t\t\t\tjQuery( \"#wpgpxmaps_1546_433201\" ).wpgpxmaps( {\r\n\t\t\t\t\ttargetId           : \"1546_433201\",\r\n\t\t\t\t\tmapType            : \"HYBRID\",\r\n\t\t\t\t\tmapData            : [[45.4392280,10.6926520],[45.4392100,10.6928340],[45.4390200,10.6927690],[45.4387380,10.6926270],[45.4386170,10.6925500],[45.4384380,10.6924370],[45.4381820,10.6922180],[45.4381020,10.6921340],[45.4380020,10.6918980],[45.4377410,10.6912970],[45.4376730,10.6911550],[45.4372820,10.6913350],[45.4371150,10.6913890],[45.4368100,10.6915060],[45.4365370,10.6915990],[45.4363840,10.6919650],[45.4364040,10.6922910],[45.4363690,10.6936670],[45.4362950,10.6946580],[45.4358230,10.6964870],[45.4357420,10.6968890],[45.4358230,10.6974600],[45.4356540,10.6977840],[45.4355230,10.6978980],[45.4350230,10.6983070],[45.4348100,10.6985700],[45.4338910,10.6992820],[45.4329930,10.6997650],[45.4318920,10.7000820],[45.4313890,10.7001440],[45.4312190,10.7001640],[45.4294980,10.7003330],[45.4283150,10.7002890],[45.4249860,10.6999250],[45.4242790,10.6999270],[45.4233860,10.7001780],[45.4227140,10.7005190],[45.4220130,10.7009900],[45.4210840,10.7019820],[45.4204430,10.7029030],[45.4199330,10.7038810],[45.4194590,10.7054680],[45.4182130,10.7119510],[45.4180700,10.7126060],[45.4178240,10.7132490],[45.4175630,10.7138320],[45.4171490,10.7144290],[45.4167370,10.7148800],[45.4162890,10.7152550],[45.4154030,10.7156730],[45.4148800,10.7157730],[45.4095550,10.7166760],[45.4078200,10.7170510],[45.4064870,10.7176840],[45.4055010,10.7179810],[45.4049410,10.7180730],[45.4043490,10.7180990],[45.4036970,10.7180250],[45.4030170,10.7178420],[45.4007320,10.7169650],[45.3988210,10.7162790],[45.3976720,10.7157860],[45.3971640,10.7154320],[45.3966580,10.7149360],[45.3956720,10.7134920],[45.3952000,10.7125040],[45.3947980,10.7112580],[45.3942670,10.7115340],[45.3940390,10.7116570],[45.3937530,10.7118040],[45.3935550,10.7119060],[45.3933180,10.7120350],[45.3929940,10.7121880],[45.3931580,10.7119260],[45.3931850,10.7117750],[45.3930260,10.7116190],[45.3927380,10.7107930],[45.3928010,10.7105350],[45.3931700,10.7101440],[45.3931810,10.7099690],[45.3926510,10.7080660],[45.3922460,10.7068860],[45.3916710,10.7048330],[45.3913240,10.7037590],[45.3906260,10.7021520],[45.3902280,10.7014080],[45.3897980,10.7007380],[45.3886700,10.6993780],[45.3881130,10.6988760],[45.3857150,10.6970150],[45.3850050,10.6965010],[45.3845590,10.6963110],[45.3844610,10.6962850],[45.3840360,10.6962080],[45.3831140,10.6962530],[45.3825350,10.6963620],[45.3818500,10.6966920],[45.3747000,10.7015200],[45.3739420,10.7020810],[45.3729530,10.7031080],[45.3700160,10.7066850],[45.3696980,10.7071590],[45.3694220,10.7077660],[45.3692380,10.7084570],[45.3691320,10.7092910],[45.3692260,10.7122120],[45.3692040,10.7136720],[45.3690610,10.7144630],[45.3680190,10.7188190],[45.3678040,10.7195390],[45.3671760,10.7210920],[45.3664190,10.7224880],[45.3645700,10.7249420],[45.3648220,10.7255190],[45.3649570,10.7256700],[45.3650360,10.7257940],[45.3651340,10.7262100],[45.3639400,10.7273640],[45.3630720,10.7281130],[45.3620750,10.7287610],[45.3615210,10.7289420],[45.3597930,10.7290860],[45.3590680,10.7290850],[45.3580450,10.7288770],[45.3566640,10.7286880],[45.3554300,10.7286150],[45.3547410,10.7284590],[45.3539810,10.7282110],[45.3537380,10.7278900],[45.3534840,10.7276960],[45.3530620,10.7270490],[45.3529680,10.7268190],[45.3527280,10.7262620],[45.3525360,10.7257190],[45.3523500,10.7251660],[45.3517080,10.7236570],[45.3519450,10.7232180],[45.3519350,10.7229610],[45.3515590,10.7217320],[45.3508730,10.7190840],[45.3506280,10.7180690],[45.3504590,10.7170840],[45.3501040,10.7156730],[45.3498620,10.7149800],[45.3488760,10.7128330],[45.3484940,10.7121580],[45.3481650,10.7117230],[45.3477980,10.7113550],[45.3470450,10.7108730],[45.3463520,10.7105360],[45.3450780,10.7101910],[45.3439410,10.7101250],[45.3425430,10.7103560],[45.3420240,10.7105430],[45.3413530,10.7108280],[45.3343770,10.7150160],[45.3333200,10.7155050],[45.3324960,10.7157120],[45.3311830,10.7158030],[45.3306330,10.7157280],[45.3290430,10.7153000],[45.3245050,10.7140050],[45.3240270,10.7138610],[45.3232350,10.7134440],[45.3227140,10.7131000],[45.3222350,10.7126730],[45.3211760,10.7114930],[45.3206550,10.7105870],[45.3201130,10.7098040],[45.3195300,10.7091880],[45.3129730,10.7041650],[45.3105800,10.7022790],[45.3095700,10.7019370],[45.3076390,10.7010300],[45.3074080,10.7009340],[45.3061590,10.7008700],[45.3057730,10.7009530],[45.3053960,10.7011850],[45.3050840,10.7015530],[45.3045820,10.7025810],[45.3041430,10.7032520],[45.3038580,10.7039060],[45.3036280,10.7053280],[45.3037530,10.7080860],[45.3034730,10.7108830],[45.3033110,10.7118300],[45.3031820,10.7122660],[45.3031020,10.7125330],[45.3026890,10.7137960],[45.3020340,10.7152790],[45.3016560,10.7160740],[45.3007010,10.7178270],[45.2989050,10.7201650],[45.2988530,10.7203000],[45.2979160,10.7212870],[45.2941470,10.7254140],[45.2933320,10.7261300],[45.2925730,10.7266430],[45.2917070,10.7270750],[45.2907660,10.7274170],[45.2841160,10.7291720],[45.2825870,10.7296610],[45.2796450,10.7303630],[45.2787760,10.7304940],[45.2779250,10.7305220],[45.2763740,10.7303460],[45.2755030,10.7301030],[45.2723110,10.7286170],[45.2712800,10.7282400],[45.2704780,10.7281080],[45.2697790,10.7281040],[45.2690300,10.7281850],[45.2675820,10.7285400],[45.2669090,10.7286260],[45.2593760,10.7303690],[45.2592130,10.7304630],[45.2590370,10.7306590],[45.2585600,10.7318390],[45.2582130,10.7325260],[45.2577970,10.7329870],[45.2573940,10.7332110],[45.2569820,10.7332660],[45.2564530,10.7332450],[45.2555410,10.7327820],[45.2553920,10.7327890],[45.2552480,10.7327950],[45.2549690,10.7328120],[45.2548180,10.7328300],[45.2548010,10.7325440],[45.2547360,10.7324010],[45.2544470,10.7322570],[45.2540830,10.7320760],[45.2539150,10.7319210],[45.2534320,10.7318820],[45.2522590,10.7312010],[45.2515790,10.7308930],[45.2507340,10.7306930],[45.2497120,10.7306120],[45.2488960,10.7304140],[45.2423450,10.7294330],[45.2393840,10.7289290],[45.2368010,10.7285410],[45.2301450,10.7274240],[45.2292540,10.7271260],[45.2280090,10.7265330],[45.2277840,10.7265150],[45.2275850,10.7264210],[45.2274290,10.7263120],[45.2268490,10.7256190],[45.2234820,10.7227850],[45.2212630,10.7208800],[45.2184770,10.7183000],[45.2139380,10.7146380],[45.2136470,10.7142620],[45.2132660,10.7139270],[45.2123060,10.7132640],[45.2115810,10.7130100],[45.2093090,10.7125260],[45.2083920,10.7124210],[45.2059200,10.7119710],[45.2046010,10.7118270],[45.2039880,10.7118630],[45.2015100,10.7125210],[45.1996670,10.7129810],[45.1988620,10.7132990],[45.1978220,10.7141200],[45.1966860,10.7148720],[45.1962800,10.7152220],[45.1956330,10.7167070],[45.1950220,10.7183800],[45.1948750,10.7182430],[45.1945660,10.7180100],[45.1944810,10.7179420],[45.1912230,10.7262470],[45.1908730,10.7271280],[45.1906680,10.7275120],[45.1905500,10.7279960],[45.1895420,10.7304820],[45.1892600,10.7316100],[45.1891070,10.7332650],[45.1885810,10.7438210],[45.1879470,10.7564890],[45.1878340,10.7580870],[45.1875290,10.7605970],[45.1868890,10.7661920],[45.1864520,10.7697220],[45.1863360,10.7698010],[45.1852860,10.7695870],[45.1853070,10.7691040],[45.1854310,10.7684430],[45.1856520,10.7677450],[45.1840670,10.7666950],[45.1836900,10.7687360],[45.1834970,10.7692340],[45.1832000,10.7697890],[45.1833140,10.7699260],[45.1821510,10.7714070],[45.1819170,10.7716110],[45.1818290,10.7715860],[45.1817690,10.7714550],[45.1806080,10.7717400],[45.1801320,10.7716540],[45.1793930,10.7719400],[45.1789940,10.7722330],[45.1788540,10.7725080],[45.1789940,10.7722330],[45.1793930,10.7719400],[45.1789940,10.7722330],[45.1786410,10.7729280],[45.1785040,10.7736300],[45.1785550,10.7746750],[45.1782560,10.7758860],[45.1777230,10.7772220],[45.1772170,10.7789160],[45.1767420,10.7798430],[45.1769490,10.7800660],[45.1772410,10.7817150],[45.1773340,10.7820480],[45.1775660,10.7825060],[45.1779190,10.7830060],[45.1778560,10.7831020],[45.1777210,10.7834480],[45.1773090,10.7839340],[45.1772410,10.7840870],[45.1766990,10.7844470],[45.1763570,10.7847820],[45.1748670,10.7852780],[45.1745950,10.7851010],[45.1742740,10.7846240],[45.1740590,10.7837170],[45.1739170,10.7835380],[45.1737020,10.7826770],[45.1736280,10.7825690],[45.1734380,10.7825330],[45.1727140,10.7828540],[45.1726370,10.7829370],[45.1726770,10.7831150],[45.1728480,10.7836310],[45.1732220,10.7848090],[45.1729070,10.7848470],[45.1715820,10.7850080],[45.1712870,10.7850800],[45.1711930,10.7851870],[45.1711930,10.7864710],[45.1710580,10.7866290],[45.1708590,10.7866820],[45.1706290,10.7866520],[45.1690710,10.7871780],[45.1679230,10.7874110],[45.1675450,10.7874220],[45.1662120,10.7877550],[45.1660620,10.7878390],[45.1656060,10.7879440],[45.1651070,10.7880160],[45.1650560,10.7881510],[45.1650610,10.7883430],[45.1650740,10.7884700],[45.1651370,10.7889700],[45.1651350,10.7893500],[45.1653300,10.7896860],[45.1653850,10.7907360],[45.1655680,10.7920600],[45.1655680,10.7925240],[45.1654840,10.7934490],[45.1652720,10.7942640],[45.1650420,10.7947850],[45.1642250,10.7958210],[45.1636150,10.7969260],[45.1624360,10.7993900],[45.1636150,10.7969260],[45.1634180,10.7970010],[45.1632600,10.7972340],[45.1623540,10.7990380],[45.1622590,10.7989540],[45.1619220,10.7993110],[45.1616510,10.7997590],[45.1615710,10.7996890],[45.1615420,10.7995530],[45.1613880,10.7993200],[45.1612100,10.7985730],[45.1609490,10.7983770],[45.1609660,10.7985610],[45.1609850,10.7987300],[45.1610030,10.7989000],[45.1610220,10.7990690],[45.1610400,10.7992390],[45.1608470,10.7993250],[45.1608250,10.7994530],[45.1608470,10.7999040]],\r\n\t\t\t\t\tgraphDist          : [0.00,0.01,0.04,0.07,0.08,0.11,0.14,0.15,0.17,0.23,0.24,0.29,0.31,0.34,0.37,0.41,0.43,0.54,0.62,0.77,0.80,0.85,0.88,0.90,0.96,0.99,1.11,1.21,1.34,1.40,1.41,1.61,1.74,2.11,2.19,2.29,2.37,2.45,2.58,2.68,2.78,2.91,3.44,3.49,3.55,3.60,3.67,3.73,3.78,3.89,3.95,4.54,4.74,4.89,5.01,5.07,5.13,5.21,5.28,5.55,5.77,5.90,5.96,6.03,6.19,6.28,6.39,6.45,6.48,6.52,6.54,6.57,6.60,6.64,6.66,6.68,6.75,6.77,6.83,6.84,7.00,7.10,7.27,7.37,7.51,7.59,7.66,7.82,7.89,8.20,8.29,8.34,8.35,8.40,8.50,8.57,8.65,9.53,9.62,9.76,10.19,10.24,10.29,10.35,10.42,10.65,10.76,10.82,11.18,11.24,11.38,11.52,11.80,11.86,11.88,11.89,11.92,12.08,12.20,12.32,12.38,12.57,12.65,12.77,12.92,13.06,13.14,13.22,13.26,13.29,13.36,13.38,13.43,13.48,13.53,13.67,13.71,13.73,13.84,14.06,14.14,14.22,14.34,14.40,14.60,14.67,14.72,14.77,14.86,14.94,15.08,15.21,15.37,15.43,15.50,16.35,16.47,16.56,16.71,16.77,16.95,17.46,17.52,17.61,17.68,17.74,17.89,17.98,18.07,18.15,18.97,19.28,19.39,19.62,19.65,19.79,19.83,19.88,19.92,20.02,20.09,20.15,20.26,20.48,20.70,20.78,20.81,20.84,20.95,21.08,21.16,21.33,21.60,21.61,21.74,22.27,22.38,22.47,22.57,22.68,23.43,23.61,23.94,24.04,24.13,24.30,24.40,24.78,24.90,24.99,25.06,25.15,25.31,25.38,26.23,26.25,26.28,26.38,26.45,26.51,26.56,26.60,26.66,26.77,26.79,26.80,26.83,26.85,26.87,26.89,26.92,26.96,26.99,27.04,27.18,27.26,27.35,27.47,27.56,28.29,28.62,28.91,29.66,29.76,29.91,29.93,29.95,29.97,30.06,30.49,30.78,31.15,31.73,31.78,31.83,31.94,32.03,32.28,32.38,32.66,32.81,32.88,33.16,33.37,33.46,33.59,33.73,33.78,33.92,34.07,34.09,34.13,34.14,34.88,34.96,35.00,35.04,35.26,35.36,35.49,36.32,37.31,37.44,37.64,38.08,38.36,38.38,38.49,38.53,38.59,38.65,38.84,39.01,39.06,39.11,39.13,39.30,39.33,39.35,39.36,39.49,39.54,39.63,39.68,39.71,39.73,39.78,39.83,39.90,39.96,40.04,40.14,40.26,40.40,40.49,40.52,40.66,40.68,40.73,40.78,40.79,40.82,40.88,40.90,40.97,41.01,41.18,41.21,41.27,41.34,41.36,41.43,41.45,41.47,41.55,41.56,41.58,41.62,41.72,41.76,41.91,41.94,41.96,42.06,42.08,42.10,42.13,42.30,42.43,42.47,42.62,42.64,42.69,42.75,42.76,42.78,42.79,42.83,42.86,42.89,42.97,43.08,43.12,43.19,43.26,43.31,43.43,43.54,43.77,44.00,44.03,44.05,44.23,44.24,44.29,44.33,44.35,44.36,44.39,44.45,44.49,44.50,44.52,44.53,44.54,44.56,44.58,44.59,44.63],\r\n\t\t\t\t\tgraphEle           : [67.50,67.50,67.80,68.20,68.40,68.60,68.80,68.90,69.00,71.00,71.50,74.30,75.30,76.50,77.30,74.80,71.30,66.40,66.60,66.90,67.10,67.00,66.90,66.90,67.00,66.70,66.60,66.60,66.70,66.70,66.60,67.00,66.80,66.10,66.20,66.30,66.60,66.60,66.30,66.40,66.50,66.60,66.50,66.60,66.70,66.50,66.40,66.30,66.30,66.30,66.40,66.40,66.20,66.50,66.40,66.40,66.40,66.40,66.40,66.50,66.30,66.20,66.10,66.10,66.10,66.30,66.80,66.90,63.10,65.00,63.90,66.70,66.30,65.00,64.90,64.80,64.40,63.60,63.00,62.80,62.70,62.50,61.60,61.70,61.50,61.70,61.90,61.80,61.90,61.90,62.20,63.30,63.60,61.30,60.40,60.40,60.40,60.60,60.30,60.20,60.20,60.20,60.30,60.20,60.20,60.10,60.10,60.00,60.30,60.30,59.70,59.40,60.40,61.90,63.00,63.80,65.80,65.90,65.80,65.60,65.40,65.40,66.00,65.80,64.30,62.60,62.10,62.10,62.10,61.90,61.60,61.30,61.10,60.90,60.80,60.10,56.80,55.90,55.10,54.90,55.00,55.10,55.10,55.20,55.50,55.10,55.10,55.10,54.80,55.00,54.40,53.70,53.60,53.40,53.40,52.20,52.20,51.90,51.70,51.50,50.70,50.40,50.50,50.40,50.30,50.10,50.10,50.00,50.00,50.10,49.30,49.20,46.80,46.40,46.20,45.50,45.30,45.20,45.20,44.70,44.40,44.30,43.80,47.70,44.60,45.20,45.30,45.30,45.30,45.40,45.50,45.00,44.50,44.80,45.60,44.40,44.70,44.80,44.90,45.00,43.30,46.40,44.20,44.30,44.50,44.70,44.80,44.70,44.60,44.50,44.20,44.10,45.20,43.90,43.90,43.90,43.90,42.30,40.80,40.60,40.50,40.50,40.30,40.30,40.10,40.00,39.60,39.30,38.50,38.10,37.20,36.50,36.30,34.10,31.60,31.60,31.70,34.10,31.50,33.50,31.90,32.40,30.90,31.00,31.40,31.20,31.00,31.00,31.70,31.80,32.30,30.10,32.90,31.00,30.00,29.90,30.10,27.00,27.20,27.90,27.20,25.70,25.50,23.50,23.60,23.50,23.10,22.30,22.10,24.20,24.40,24.50,24.50,24.10,22.30,22.20,22.20,22.30,22.20,24.20,23.60,23.30,23.10,23.80,23.30,22.70,22.20,21.30,20.90,20.60,20.80,20.00,19.10,19.30,19.80,19.90,19.40,19.70,19.90,19.90,19.10,19.10,19.50,18.40,18.20,18.40,19.50,18.40,17.90,17.80,17.90,17.70,17.60,17.60,18.90,18.90,18.10,18.20,18.30,19.00,18.90,18.00,18.40,18.80,19.40,18.70,16.20,15.80,15.60,16.40,16.40,16.40,16.40,16.40,17.50,18.10,18.70,19.00,19.10,18.90,19.10,18.90,18.90,18.40,18.30,18.20,18.20,17.60,18.00,17.80,17.70,17.90,17.70,17.30,17.10,16.90,16.70,16.00,15.70,15.20,15.10,15.50,15.50,15.50,15.40,15.40,15.20,15.50,15.70,15.50,16.10,17.10,19.00,19.20,20.10,20.00,15.20,20.90,21.40,22.00,22.30,24.40,24.20,24.30,24.40,24.50,24.70,24.70,25.10],\r\n\t\t\t\t\tgraphSpeed         : [],\r\n\t\t\t\t\tgraphHr            : [],\r\n\t\t\t\t\tgraphAtemp         : [],\r\n\t\t\t\t\tgraphCad           : [],\r\n\t\t\t\t\tgraphGrade         : [],\r\n\t\t\t\t\twaypoints          : [],\r\n\t\t\t\t\tunit               : \"2\",\r\n\t\t\t\t\tunitspeed          : \"0\",\r\n\t\t\t\t\tcolor1             : [\"#3366cc\"],\r\n\t\t\t\t\tcolor2             : \"#3366cc\",\r\n\t\t\t\t\tcolor3             : \"#ff0000\",\r\n\t\t\t\t\tcolor4             : \"#ff77bd\",\r\n\t\t\t\t\tcolor5             : \"#beecff\",\r\n\t\t\t\t\tcolor6             : \"#beecff\",\r\n\t\t\t\t\tcolor7             : \"#ff77bd\",\r\n\t\t\t\t\tchartFrom1         : \"\",\r\n\t\t\t\t\tchartTo1           : \"\",\r\n\t\t\t\t\tchartFrom2         : \"\",\r\n\t\t\t\t\tchartTo2           : \"\",\r\n\t\t\t\t\tstartIcon          : \"\",\r\n\t\t\t\t\tendIcon            : \"\",\r\n\t\t\t\t\tcurrentIcon        : \"\",\r\n\t\t\t\t\twaypointIcon       : \"https:\/\/lavia.cc\/gpx\/wp-content\/uploads\/gpx\/cropped-icona.ico\",\r\n\t\t\t\t\tcurrentpositioncon : \"\",\r\n\t\t\t\t\tusegpsposition     : \"\",\r\n\t\t\t\t\tzoomOnScrollWheel  : \"\",\r\n\t\t\t\t\tngGalleries        : [],\r\n\t\t\t\t\tngImages           : [],\r\n\t\t\t\t\tpluginUrl          : \"https:\/\/lavia.cc\/gpx\/wp-content\/plugins\",\r\n\t\t\t\t\tTFApiKey           : \"\",\r\n\t\t\t\t\tMapBoxApiKey           : \"\",\r\n\t\t\t\t\tlangs              : {\r\n\t\t\t\t\t\taltitude        : \"Altitudine\",\r\n\t\t\t\t\t\tcurrentPosition : \"Current position\",\r\n\t\t\t\t\t\tspeed           : \"Velocit\u00e0\",\r\n\t\t\t\t\t\tgrade           : \"Grade\",\r\n\t\t\t\t\t\theartRate       : \"Battito Cardiaco\",\r\n\t\t\t\t\t\tatemp           : \"Temperature\",\r\n\t\t\t\t\t\tcadence         : \"Cadenza\",\r\n\t\t\t\t\t\tgoFullScreen    : \"Go full screen\",\r\n\t\t\t\t\t\texitFullFcreen  : \"Exit full screen\",\r\n\t\t\t\t\t\thideImages      : \"Hide images\",\r\n\t\t\t\t\t\tshowImages      : \"Show images\",\r\n\t\t\t\t\t\tbackToCenter\t: \"Ritorna al centro della mappa\"\r\n\t\t\t\t\t}\r\n\t\t\t\t});\r\n\r\n\t\t\t});\r\n\r\n\t\t<\/script>\n<p>\ud83d\udfe2 Visita\u00a0<a href=\"https:\/\/lavia.cc\/gpx\/\">LAVIA.CC<\/a>\u00a0per altre tracce gpx e condividi le tue avventure con la nostra\u00a0<a href=\"https:\/\/www.instagram.com\/lavia.cc\/\" target=\"_blank\" rel=\"noopener\">community<\/a>! \ud83d\udeb4\u200d\u2642\ufe0f\ud83c\udf32\ud83c\udfde\ufe0f<\/p>\n","protected":false},"excerpt":{"rendered":"<p>\ud83d\udeb5\ud83c\udffc La pista Ciclabile del Mincio \u00e8 una delle pi\u00f9 belle del Nord Italia. Avendo un dislivello quasi nullo \u00e8 adatta a persone di ogni et\u00e0, in particolare alle famiglie e a chi ama stare all\u2019aria aperta! Il percorso, che va da Peschiera del Garda a Mantova costeggia per quasi tutto il tragitto il fiume Mincio, in particolare durante l\u2019attraversamento delle colline moreniche. La Ciclabile \u00e8 lunga circa 45 km e il tempo di percorrenza \u00e8 di circa 3 ore. Tappa obbligatoria al km 14 per visitare Borghetto sul Mincio, annoverato tra i borghi pi\u00f9 belli d\u2019Italia.<\/p>\n<div class=\"woocommerce-product-details__short-description\">\n<p>\ud83d\udfe2 Segui\u00a0<strong>LAVIA,<\/strong>\u00a0arriva alla\u00a0<strong>META<\/strong>!<\/p>\n<\/div>\n","protected":false},"featured_media":1547,"comment_status":"open","ping_status":"closed","template":"","meta":[],"product_brand":[],"product_cat":[30],"product_tag":[238,73,77,76,47],"class_list":{"0":"post-1546","1":"product","2":"type-product","3":"status-publish","4":"has-post-thumbnail","6":"product_cat-cicloturismo","7":"product_tag-lago-di-garda","8":"product_tag-lombardia","9":"product_tag-mantova","10":"product_tag-peschiera-del-garda","11":"product_tag-r-veneto","13":"first","14":"instock","15":"downloadable","16":"virtual","17":"product-type-simple"},"_links":{"self":[{"href":"https:\/\/lavia.cc\/gpx\/wp-json\/wp\/v2\/product\/1546","targetHints":{"allow":["GET"]}}],"collection":[{"href":"https:\/\/lavia.cc\/gpx\/wp-json\/wp\/v2\/product"}],"about":[{"href":"https:\/\/lavia.cc\/gpx\/wp-json\/wp\/v2\/types\/product"}],"replies":[{"embeddable":true,"href":"https:\/\/lavia.cc\/gpx\/wp-json\/wp\/v2\/comments?post=1546"}],"version-history":[{"count":11,"href":"https:\/\/lavia.cc\/gpx\/wp-json\/wp\/v2\/product\/1546\/revisions"}],"predecessor-version":[{"id":17872,"href":"https:\/\/lavia.cc\/gpx\/wp-json\/wp\/v2\/product\/1546\/revisions\/17872"}],"wp:featuredmedia":[{"embeddable":true,"href":"https:\/\/lavia.cc\/gpx\/wp-json\/wp\/v2\/media\/1547"}],"wp:attachment":[{"href":"https:\/\/lavia.cc\/gpx\/wp-json\/wp\/v2\/media?parent=1546"}],"wp:term":[{"taxonomy":"product_brand","embeddable":true,"href":"https:\/\/lavia.cc\/gpx\/wp-json\/wp\/v2\/product_brand?post=1546"},{"taxonomy":"product_cat","embeddable":true,"href":"https:\/\/lavia.cc\/gpx\/wp-json\/wp\/v2\/product_cat?post=1546"},{"taxonomy":"product_tag","embeddable":true,"href":"https:\/\/lavia.cc\/gpx\/wp-json\/wp\/v2\/product_tag?post=1546"}],"curies":[{"name":"wp","href":"https:\/\/api.w.org\/{rel}","templated":true}]}}