{"id":1610,"date":"2022-08-12T12:57:14","date_gmt":"2022-08-12T10:57:14","guid":{"rendered":"https:\/\/lavia.cc\/gpx\/?post_type=product&#038;p=1610"},"modified":"2024-10-05T17:55:47","modified_gmt":"2024-10-05T15:55:47","slug":"un-giro-in-gravel-a-roma","status":"publish","type":"product","link":"https:\/\/lavia.cc\/gpx\/tracce\/un-giro-in-gravel-a-roma\/","title":{"rendered":"Un giro in Gravel a Roma"},"content":{"rendered":"<h4>Un giro in <a href=\"https:\/\/lavia.cc\/gpx\/categoria-tracce\/gravel\/\">Gravel<\/a> a Roma<\/h4>\n<p>\ud83d\udeb2 Tipologia di bici consigliata:\u00a0<a href=\"https:\/\/lavia.cc\/gpx\/categoria-tracce\/gravel\/\" target=\"_blank\" rel=\"noopener\">Gravel<\/a>\u00a0\/ Cicloturismo.<\/p>\n<p>\ud83d\udee4\ufe0f Fondo: 60% asfalto, 40% sterrato.<\/p>\n<p>\u27a1\ufe0f Clicca qui per andare al punto di partenza: <a href=\"https:\/\/www.google.it\/maps\/place\/Parco+degli+Acquedotti\/@41.8503929,12.5574572,15z\/data=!4m2!3m1!1s0x0:0x5f4eeb7a244a15b6?sa=X&amp;ved=2ahUKEwittbypwMv7AhX0QvEDHVFlBWYQ_BJ6BQiGARAI\" target=\"_blank\" rel=\"noopener\">GOOGLE MAPS<\/a>.<\/p>\n<p>\ud83d\udd5c Periodo consigliato: tutto l\u2019anno.<\/p>\n<p>\ud83d\uddfa\ufe0f Mappa e altimetria dell&#8217;itinerario <strong>gravel a Roma<\/strong>:<\/p>\n\r\n\t\t<div id=\"wpgpxmaps_1610_3728166\" class=\"wpgpxmaps\">\r\n\t\t\t<div id=\"map_1610_3728166_cont\" style=\"width:100%; height:450px;position:relative\" >\r\n\t\t\t\t<div id=\"map_1610_3728166\" style=\"width:100%; height:450px\"><\/div>\r\n\t\t\t\t<div id=\"wpgpxmaps_1610_3728166_osm_footer\" class=\"wpgpxmaps_osm_footer\" style=\"display:none;\"><span> &copy; <a href=\"http:\/\/www.openstreetmap.org\/copyright\" target=\"_blank\" rel=\"noopener\">OpenStreetMap<\/a> contributors<\/span><\/div>\r\n\t\t\t<\/div>\r\n\t\t\t<canvas id=\"myChart_1610_3728166\" class=\"plot\" style=\"width:100%; height:200px\"><\/canvas>\r\n\t\t\t<div id=\"ngimages_1610_3728166\" class=\"ngimages\" style=\"display:none\"><\/div>\r\n\t\t\t<div id=\"report_1610_3728166\" class=\"report\"><\/div>\r\n\t\t<\/div>\r\n\t\t\r\n\t\t<script type=\"text\/javascript\">\r\n\r\n\t\t\tjQuery(document).ready(function() {\r\n\r\n\t\t\t\tjQuery( \"#wpgpxmaps_1610_3728166\" ).wpgpxmaps( {\r\n\t\t\t\t\ttargetId           : \"1610_3728166\",\r\n\t\t\t\t\tmapType            : \"HYBRID\",\r\n\t\t\t\t\tmapData            : [[41.8446820,12.5627570],[41.8447790,12.5626540],[41.8451250,12.5622500],[41.8460840,12.5611080],[41.8462030,12.5612000],[41.8465740,12.5613480],[41.8470450,12.5614180],[41.8472080,12.5610930],[41.8473450,12.5608370],[41.8478700,12.5602530],[41.8481520,12.5599530],[41.8483820,12.5597030],[41.8486360,12.5594470],[41.8488790,12.5592000],[41.8497710,12.5584350],[41.8499400,12.5584120],[41.8499000,12.5582610],[41.8497590,12.5580480],[41.8496860,12.5579370],[41.8496480,12.5577580],[41.8498630,12.5573690],[41.8501710,12.5564210],[41.8504400,12.5559840],[41.8505900,12.5558500],[41.8507130,12.5559920],[41.8508480,12.5556350],[41.8509160,12.5552810],[41.8509740,12.5542930],[41.8509830,12.5541480],[41.8510660,12.5538040],[41.8515390,12.5531390],[41.8530660,12.5518840],[41.8532100,12.5518730],[41.8534910,12.5520630],[41.8535980,12.5522470],[41.8538190,12.5523700],[41.8543450,12.5531120],[41.8544910,12.5531010],[41.8546800,12.5528760],[41.8551060,12.5523160],[41.8548230,12.5518660],[41.8543730,12.5508170],[41.8541640,12.5502950],[41.8541130,12.5500480],[41.8541110,12.5497270],[41.8540770,12.5494680],[41.8539820,12.5493380],[41.8533810,12.5492550],[41.8531620,12.5492860],[41.8530250,12.5493810],[41.8524870,12.5502080],[41.8523060,12.5503850],[41.8520910,12.5504600],[41.8516930,12.5504480],[41.8511770,12.5504140],[41.8510490,12.5503380],[41.8508910,12.5501120],[41.8506280,12.5495350],[41.8504760,12.5492530],[41.8503900,12.5492170],[41.8490980,12.5503160],[41.8474820,12.5498620],[41.8469520,12.5497130],[41.8467580,12.5494880],[41.8465500,12.5491200],[41.8463960,12.5489740],[41.8461560,12.5489580],[41.8462690,12.5477340],[41.8456220,12.5476510],[41.8448470,12.5475750],[41.8449740,12.5454690],[41.8450020,12.5448930],[41.8445290,12.5448440],[41.8444570,12.5447440],[41.8438370,12.5446900],[41.8438060,12.5453980],[41.8430510,12.5453630],[41.8423620,12.5453470],[41.8419460,12.5453210],[41.8416720,12.5453090],[41.8415060,12.5452910],[41.8414360,12.5451990],[41.8411880,12.5443690],[41.8410440,12.5438700],[41.8404700,12.5445750],[41.8397470,12.5454730],[41.8395150,12.5454410],[41.8394190,12.5453300],[41.8393060,12.5437750],[41.8392400,12.5429110],[41.8391610,12.5426170],[41.8390200,12.5424390],[41.8385790,12.5421410],[41.8381030,12.5418240],[41.8376310,12.5415660],[41.8372440,12.5414500],[41.8358730,12.5412160],[41.8348370,12.5410050],[41.8346540,12.5408430],[41.8343940,12.5404540],[41.8337820,12.5411480],[41.8334950,12.5414730],[41.8333580,12.5416290],[41.8330220,12.5420100],[41.8328200,12.5422390],[41.8325380,12.5425590],[41.8323220,12.5428030],[41.8319130,12.5432610],[41.8312560,12.5441000],[41.8304690,12.5448710],[41.8294620,12.5425870],[41.8321580,12.5397250],[41.8322870,12.5397520],[41.8326450,12.5400750],[41.8332520,12.5396580],[41.8339200,12.5395470],[41.8341280,12.5400300],[41.8343940,12.5404540],[41.8346540,12.5408430],[41.8348370,12.5410050],[41.8358730,12.5412160],[41.8372440,12.5414500],[41.8376310,12.5415660],[41.8379640,12.5409920],[41.8386270,12.5398760],[41.8388150,12.5396350],[41.8389540,12.5395810],[41.8412760,12.5389930],[41.8418890,12.5381140],[41.8425440,12.5387640],[41.8430140,12.5392580],[41.8436390,12.5398990],[41.8449290,12.5380240],[41.8455150,12.5364880],[41.8456830,12.5361900],[41.8476770,12.5342070],[41.8481900,12.5335510],[41.8496280,12.5316270],[41.8503770,12.5306280],[41.8500670,12.5302030],[41.8500360,12.5299760],[41.8497560,12.5295200],[41.8493240,12.5292340],[41.8489860,12.5293080],[41.8478600,12.5276140],[41.8479740,12.5274330],[41.8470740,12.5262390],[41.8475570,12.5256910],[41.8478560,12.5253520],[41.8481730,12.5250050],[41.8484930,12.5246530],[41.8486790,12.5244490],[41.8490500,12.5240410],[41.8491460,12.5239360],[41.8492510,12.5238200],[41.8496100,12.5234360],[41.8497400,12.5232990],[41.8498200,12.5232040],[41.8504240,12.5224910],[41.8511320,12.5217120],[41.8515260,12.5212630],[41.8516190,12.5211600],[41.8518060,12.5209520],[41.8525950,12.5200720],[41.8527580,12.5198910],[41.8536600,12.5188860],[41.8541240,12.5183690],[41.8546850,12.5177430],[41.8550490,12.5173120],[41.8551910,12.5171430],[41.8554880,12.5168060],[41.8557560,12.5169770],[41.8577630,12.5182370],[41.8571220,12.5199980],[41.8565670,12.5215230],[41.8568670,12.5222950],[41.8569680,12.5225990],[41.8570760,12.5224420],[41.8571050,12.5222980],[41.8574450,12.5211870],[41.8575680,12.5209720],[41.8578460,12.5201730],[41.8582260,12.5193060],[41.8583550,12.5191270],[41.8587660,12.5188910],[41.8589500,12.5187030],[41.8590800,12.5185020],[41.8593540,12.5178400],[41.8597690,12.5174240],[41.8613420,12.5178170],[41.8617630,12.5179700],[41.8618290,12.5180770],[41.8618430,12.5187240],[41.8620720,12.5184090],[41.8624830,12.5180800],[41.8642990,12.5168440],[41.8644490,12.5165360],[41.8644900,12.5160970],[41.8644980,12.5156860],[41.8645070,12.5145790],[41.8645940,12.5138600],[41.8647110,12.5131740],[41.8645740,12.5130600],[41.8643550,12.5127340],[41.8642580,12.5125050],[41.8643550,12.5127340],[41.8645740,12.5130600],[41.8647110,12.5131740],[41.8645940,12.5138600],[41.8645070,12.5145790],[41.8644980,12.5156860],[41.8644900,12.5160970],[41.8644490,12.5165360],[41.8642990,12.5168440],[41.8624830,12.5180800],[41.8620720,12.5184090],[41.8618430,12.5187240],[41.8618120,12.5189210],[41.8618540,12.5191660],[41.8621890,12.5195390],[41.8622790,12.5196340],[41.8627850,12.5202510],[41.8628960,12.5203790],[41.8632430,12.5202220],[41.8636310,12.5195220],[41.8637640,12.5193440],[41.8636310,12.5195220],[41.8632430,12.5202220],[41.8628960,12.5203790],[41.8628200,12.5202920],[41.8618910,12.5213560],[41.8605400,12.5239960],[41.8604630,12.5240880],[41.8602190,12.5246640],[41.8602030,12.5248400],[41.8601760,12.5249680],[41.8600470,12.5251330],[41.8590880,12.5253940],[41.8590090,12.5254930],[41.8588960,12.5258320],[41.8586040,12.5256660],[41.8585530,12.5258310],[41.8582100,12.5258880],[41.8580700,12.5262070],[41.8579080,12.5264930],[41.8576190,12.5263900],[41.8574770,12.5265060],[41.8573910,12.5265860],[41.8572350,12.5267600],[41.8571880,12.5270750],[41.8572320,12.5272730],[41.8576190,12.5278050],[41.8573400,12.5284160],[41.8570660,12.5287830],[41.8572680,12.5287010],[41.8569280,12.5291020],[41.8568080,12.5291740],[41.8564120,12.5294570],[41.8564000,12.5297230],[41.8565300,12.5301590],[41.8565810,12.5303200],[41.8566220,12.5304650],[41.8565850,12.5306080],[41.8564650,12.5307860],[41.8562910,12.5309160],[41.8559320,12.5309430],[41.8558090,12.5311740],[41.8592780,12.5331190],[41.8599090,12.5334600],[41.8604700,12.5337530],[41.8605550,12.5337970],[41.8608260,12.5338590],[41.8609250,12.5338620],[41.8610370,12.5339290],[41.8611750,12.5346030],[41.8611620,12.5347440],[41.8602300,12.5364650],[41.8601550,12.5367830],[41.8602540,12.5370230],[41.8618120,12.5388480],[41.8622890,12.5394070],[41.8624390,12.5395830],[41.8633450,12.5406360],[41.8636110,12.5409390],[41.8645290,12.5419860],[41.8646150,12.5421500],[41.8646840,12.5424580],[41.8639030,12.5427410],[41.8621180,12.5428960],[41.8610890,12.5429690],[41.8601860,12.5434750],[41.8599890,12.5435850],[41.8600530,12.5437750],[41.8601610,12.5440990],[41.8600090,12.5442200],[41.8595150,12.5445320],[41.8592960,12.5446720],[41.8590710,12.5448690],[41.8588360,12.5453050],[41.8578390,12.5466950],[41.8577010,12.5469660],[41.8569310,12.5471940],[41.8568710,12.5473070],[41.8568880,12.5474430],[41.8569660,12.5479070],[41.8568980,12.5480510],[41.8558990,12.5488060],[41.8557810,12.5487910],[41.8556550,12.5486850],[41.8555060,12.5487910],[41.8554150,12.5490570],[41.8549490,12.5493840],[41.8543900,12.5499540],[41.8542640,12.5499410],[41.8541110,12.5497270],[41.8541130,12.5500480],[41.8541640,12.5502950],[41.8543730,12.5508170],[41.8548230,12.5518660],[41.8551060,12.5523160],[41.8551730,12.5524060],[41.8555240,12.5528070],[41.8557090,12.5529640],[41.8558030,12.5530660],[41.8560200,12.5533480],[41.8554900,12.5543600],[41.8550610,12.5552050],[41.8549730,12.5553940],[41.8544020,12.5563090],[41.8541870,12.5566400],[41.8539910,12.5569360],[41.8536170,12.5575000],[41.8535490,12.5576030],[41.8534160,12.5576240],[41.8530830,12.5580170],[41.8529640,12.5581380],[41.8527230,12.5585240],[41.8523810,12.5590040],[41.8521440,12.5592320],[41.8517330,12.5596190],[41.8513150,12.5600140],[41.8506220,12.5606750],[41.8495580,12.5616890],[41.8492180,12.5620130],[41.8479410,12.5632690],[41.8477890,12.5633950],[41.8477160,12.5632350],[41.8471670,12.5629980],[41.8470840,12.5629550],[41.8466690,12.5627450],[41.8464660,12.5627100],[41.8461970,12.5625640],[41.8460370,12.5622560],[41.8455820,12.5619980],[41.8448670,12.5628050],[41.8448080,12.5627040],[41.8446820,12.5627570]],\r\n\t\t\t\t\tgraphDist          : [0.00,0.01,0.06,0.21,0.22,0.27,0.32,0.35,0.38,0.45,0.49,0.53,0.56,0.59,0.71,0.73,0.74,0.77,0.78,0.80,0.84,0.92,0.97,0.99,1.01,1.04,1.07,1.15,1.16,1.19,1.27,1.47,1.49,1.52,1.54,1.57,1.65,1.67,1.70,1.77,1.81,1.91,1.96,1.99,2.01,2.03,2.05,2.12,2.14,2.16,2.25,2.27,2.30,2.34,2.40,2.42,2.44,2.50,2.53,2.54,2.71,2.89,2.95,2.98,3.02,3.04,3.06,3.17,3.24,3.33,3.50,3.55,3.60,3.61,3.68,3.74,3.82,3.90,3.95,3.98,4.00,4.01,4.08,4.13,4.21,4.32,4.35,4.36,4.49,4.56,4.59,4.61,4.67,4.72,4.78,4.83,4.98,5.10,5.12,5.16,5.25,5.29,5.31,5.36,5.39,5.43,5.46,5.52,5.62,5.73,5.95,6.33,6.35,6.40,6.47,6.55,6.59,6.64,6.68,6.71,6.82,6.98,7.02,7.08,7.20,7.23,7.25,7.51,7.61,7.70,7.77,7.85,8.06,8.21,8.24,8.51,8.59,8.82,8.94,8.99,9.01,9.05,9.11,9.15,9.33,9.35,9.50,9.57,9.61,9.65,9.70,9.73,9.78,9.79,9.81,9.86,9.88,9.89,9.98,10.08,10.14,10.15,10.18,10.29,10.32,10.45,10.52,10.60,10.65,10.67,10.71,10.75,11.00,11.16,11.30,11.37,11.40,11.42,11.43,11.53,11.55,11.63,11.71,11.73,11.78,11.81,11.83,11.89,11.95,12.13,12.18,12.19,12.24,12.28,12.33,12.56,12.59,12.62,12.66,12.75,12.81,12.87,12.89,12.92,12.94,12.97,13.00,13.02,13.08,13.14,13.23,13.26,13.30,13.33,13.56,13.61,13.65,13.66,13.69,13.73,13.75,13.82,13.84,13.88,13.95,13.97,13.99,14.07,14.11,14.12,14.26,14.52,14.53,14.59,14.60,14.62,14.64,14.75,14.76,14.79,14.82,14.84,14.88,14.91,14.94,14.97,14.99,15.00,15.03,15.05,15.07,15.13,15.20,15.24,15.26,15.31,15.33,15.38,15.40,15.44,15.45,15.47,15.48,15.50,15.52,15.56,15.58,16.00,16.08,16.14,16.15,16.18,16.20,16.21,16.27,16.28,16.46,16.49,16.51,16.74,16.81,16.83,16.96,17.00,17.14,17.15,17.18,17.28,17.47,17.59,17.70,17.72,17.74,17.77,17.79,17.85,17.88,17.91,17.95,18.11,18.14,18.22,18.24,18.25,18.29,18.30,18.43,18.44,18.46,18.48,18.50,18.56,18.64,18.65,18.68,18.70,18.72,18.77,18.87,18.92,18.93,18.98,19.01,19.02,19.06,19.16,19.24,19.26,19.36,19.40,19.43,19.49,19.50,19.52,19.57,19.59,19.63,19.69,19.72,19.77,19.83,19.93,20.07,20.12,20.29,20.31,20.33,20.40,20.41,20.46,20.48,20.51,20.54,20.60,20.70,20.71,20.73],\r\n\t\t\t\t\tgraphEle           : [63.60,63.50,63.30,63.40,63.60,63.80,64.30,64.30,64.40,63.70,63.50,63.30,63.20,63.00,61.40,61.00,61.00,61.50,61.40,61.00,60.60,59.60,58.20,58.00,58.20,57.20,56.50,55.00,54.80,54.50,52.90,55.30,55.90,59.30,58.50,57.20,57.50,57.60,57.50,57.20,57.00,58.50,58.10,57.40,56.80,56.30,56.00,54.60,54.10,53.80,52.70,52.40,52.10,51.60,50.90,50.80,50.60,50.80,50.70,49.50,51.80,52.00,51.50,51.10,50.80,50.90,51.10,52.80,54.40,56.60,58.90,59.70,62.20,62.40,64.20,64.30,63.00,63.50,63.50,63.20,63.10,63.20,60.70,57.10,59.00,62.40,63.00,63.40,67.70,69.90,70.60,71.00,71.90,72.70,73.60,74.30,77.30,79.10,79.40,79.90,81.00,81.50,81.70,82.20,82.50,82.80,83.10,83.60,83.50,82.70,83.70,81.40,81.30,80.80,79.90,79.70,79.70,79.90,79.40,79.10,77.20,74.30,73.60,70.50,62.30,61.10,60.50,58.20,59.80,53.40,51.80,51.40,48.30,46.60,46.20,43.30,42.40,40.80,41.30,47.30,50.80,54.80,56.60,58.90,64.60,64.50,72.40,71.60,71.00,70.20,69.40,69.10,68.00,67.80,67.50,66.60,66.30,66.30,65.20,63.40,61.50,61.00,59.70,51.80,51.00,43.90,42.30,41.60,41.80,42.00,42.90,42.90,47.80,48.90,49.80,51.30,51.10,50.20,49.80,44.60,44.30,47.00,49.90,50.20,50.20,49.60,48.70,45.10,42.30,31.50,28.90,28.40,27.10,26.70,26.50,28.10,29.30,29.90,30.20,31.40,31.90,32.30,33.10,34.40,35.10,34.40,33.10,32.30,31.80,31.40,30.20,29.90,29.30,28.10,26.50,26.70,27.10,26.80,26.50,25.90,25.80,25.30,25.10,24.30,24.00,23.90,24.00,24.30,25.10,25.20,24.80,25.90,25.90,26.50,26.70,26.80,26.80,27.50,27.70,28.20,34.70,34.80,39.70,45.10,46.80,47.10,47.30,47.30,46.10,43.40,41.80,36.80,35.20,35.40,32.70,31.60,31.30,31.10,31.10,30.90,30.90,30.90,30.90,31.30,31.90,34.20,36.00,42.30,43.80,45.10,45.30,45.90,46.20,46.50,48.40,48.70,54.40,55.50,56.10,50.60,48.10,47.90,49.30,50.00,54.40,55.40,57.20,58.50,58.30,57.60,57.10,56.80,55.90,54.40,54.60,56.00,56.10,56.00,54.70,51.00,51.10,51.20,51.20,51.20,51.50,51.80,52.50,52.60,52.60,52.40,52.30,53.10,55.00,55.60,56.80,57.40,58.10,58.50,57.00,57.20,57.40,57.50,57.70,57.70,58.00,59.30,59.90,60.00,60.50,60.70,60.80,61.20,61.30,61.30,61.30,61.30,61.60,61.80,62.20,62.70,63.10,63.50,63.80,63.90,64.40,64.30,64.30,64.20,64.50,64.90,65.30,65.10,64.50,63.60,63.90,63.20,63.40],\r\n\t\t\t\t\tgraphSpeed         : [],\r\n\t\t\t\t\tgraphHr            : [],\r\n\t\t\t\t\tgraphAtemp         : [],\r\n\t\t\t\t\tgraphCad           : [],\r\n\t\t\t\t\tgraphGrade         : [],\r\n\t\t\t\t\twaypoints          : [],\r\n\t\t\t\t\tunit               : \"2\",\r\n\t\t\t\t\tunitspeed          : \"0\",\r\n\t\t\t\t\tcolor1             : [\"#3366cc\"],\r\n\t\t\t\t\tcolor2             : \"#3366cc\",\r\n\t\t\t\t\tcolor3             : \"#ff0000\",\r\n\t\t\t\t\tcolor4             : \"#ff77bd\",\r\n\t\t\t\t\tcolor5             : \"#beecff\",\r\n\t\t\t\t\tcolor6             : \"#beecff\",\r\n\t\t\t\t\tcolor7             : \"#ff77bd\",\r\n\t\t\t\t\tchartFrom1         : \"\",\r\n\t\t\t\t\tchartTo1           : \"\",\r\n\t\t\t\t\tchartFrom2         : \"\",\r\n\t\t\t\t\tchartTo2           : \"\",\r\n\t\t\t\t\tstartIcon          : \"\",\r\n\t\t\t\t\tendIcon            : \"\",\r\n\t\t\t\t\tcurrentIcon        : \"\",\r\n\t\t\t\t\twaypointIcon       : \"https:\/\/lavia.cc\/gpx\/wp-content\/uploads\/gpx\/cropped-icona.ico\",\r\n\t\t\t\t\tcurrentpositioncon : \"\",\r\n\t\t\t\t\tusegpsposition     : \"\",\r\n\t\t\t\t\tzoomOnScrollWheel  : \"\",\r\n\t\t\t\t\tngGalleries        : [],\r\n\t\t\t\t\tngImages           : [],\r\n\t\t\t\t\tpluginUrl          : \"https:\/\/lavia.cc\/gpx\/wp-content\/plugins\",\r\n\t\t\t\t\tTFApiKey           : \"\",\r\n\t\t\t\t\tMapBoxApiKey           : \"\",\r\n\t\t\t\t\tlangs              : {\r\n\t\t\t\t\t\taltitude        : \"Altitudine\",\r\n\t\t\t\t\t\tcurrentPosition : \"Current position\",\r\n\t\t\t\t\t\tspeed           : \"Velocit\u00e0\",\r\n\t\t\t\t\t\tgrade           : \"Grade\",\r\n\t\t\t\t\t\theartRate       : \"Battito Cardiaco\",\r\n\t\t\t\t\t\tatemp           : \"Temperature\",\r\n\t\t\t\t\t\tcadence         : \"Cadenza\",\r\n\t\t\t\t\t\tgoFullScreen    : \"Go full screen\",\r\n\t\t\t\t\t\texitFullFcreen  : \"Exit full screen\",\r\n\t\t\t\t\t\thideImages      : \"Hide images\",\r\n\t\t\t\t\t\tshowImages      : \"Show images\",\r\n\t\t\t\t\t\tbackToCenter\t: \"Ritorna al centro della mappa\"\r\n\t\t\t\t\t}\r\n\t\t\t\t});\r\n\r\n\t\t\t});\r\n\r\n\t\t<\/script>\n<p>\ud83d\udfe2 Visita\u00a0<a href=\"https:\/\/lavia.cc\/gpx\/\">LAVIA.CC<\/a>\u00a0per altre tracce gpx e condividi le tue avventure con la nostra\u00a0<a href=\"https:\/\/www.instagram.com\/lavia.cc\/\" target=\"_blank\" rel=\"noopener\">community<\/a>! \ud83d\udeb4\u200d\u2642\ufe0f\ud83c\udf32\ud83c\udfde\ufe0f<\/p>\n","protected":false},"excerpt":{"rendered":"<p>Un itinerario Gravel a Roma? Pu\u00f2 sembrare un&#8217;utopia ma se si conoscono i giusti itinerari diventa magicamente possibile. Partendo dal bellissimo Parco degli Acquedotti, si passa sull\u2019Appia Antica per raggiungere la Valle della Caffarella. Dopo alcuni chilometri nella natura, alcune vie secondarie ci portano al parco di Torre del Fiscale dal quale \u00e8 facile rientrare al punto di partenza e concludere uno dei percorsi pi\u00f9 belli di Roma in bici. Il paesaggio \u00e8 meraviglioso e con un po&#8217; di immaginazione, si pu\u00f2 tornare indietro nel tempo di quasi 2000 anni!<\/p>\n<p>\ud83d\udfe2 Segui\u00a0<strong>LAVIA,<\/strong>\u00a0arriva alla\u00a0<strong>META<\/strong>!<\/p>\n","protected":false},"featured_media":1611,"comment_status":"open","ping_status":"closed","template":"","meta":[],"product_brand":[],"product_cat":[28],"product_tag":[81,134],"class_list":{"0":"post-1610","1":"product","2":"type-product","3":"status-publish","4":"has-post-thumbnail","6":"product_cat-gravel","7":"product_tag-lazio","8":"product_tag-roma","10":"first","11":"instock","12":"downloadable","13":"virtual","14":"product-type-simple"},"_links":{"self":[{"href":"https:\/\/lavia.cc\/gpx\/wp-json\/wp\/v2\/product\/1610","targetHints":{"allow":["GET"]}}],"collection":[{"href":"https:\/\/lavia.cc\/gpx\/wp-json\/wp\/v2\/product"}],"about":[{"href":"https:\/\/lavia.cc\/gpx\/wp-json\/wp\/v2\/types\/product"}],"replies":[{"embeddable":true,"href":"https:\/\/lavia.cc\/gpx\/wp-json\/wp\/v2\/comments?post=1610"}],"version-history":[{"count":7,"href":"https:\/\/lavia.cc\/gpx\/wp-json\/wp\/v2\/product\/1610\/revisions"}],"predecessor-version":[{"id":1613,"href":"https:\/\/lavia.cc\/gpx\/wp-json\/wp\/v2\/product\/1610\/revisions\/1613"}],"wp:featuredmedia":[{"embeddable":true,"href":"https:\/\/lavia.cc\/gpx\/wp-json\/wp\/v2\/media\/1611"}],"wp:attachment":[{"href":"https:\/\/lavia.cc\/gpx\/wp-json\/wp\/v2\/media?parent=1610"}],"wp:term":[{"taxonomy":"product_brand","embeddable":true,"href":"https:\/\/lavia.cc\/gpx\/wp-json\/wp\/v2\/product_brand?post=1610"},{"taxonomy":"product_cat","embeddable":true,"href":"https:\/\/lavia.cc\/gpx\/wp-json\/wp\/v2\/product_cat?post=1610"},{"taxonomy":"product_tag","embeddable":true,"href":"https:\/\/lavia.cc\/gpx\/wp-json\/wp\/v2\/product_tag?post=1610"}],"curies":[{"name":"wp","href":"https:\/\/api.w.org\/{rel}","templated":true}]}}