{"id":1638,"date":"2022-08-19T09:46:25","date_gmt":"2022-08-19T07:46:25","guid":{"rendered":"https:\/\/lavia.cc\/gpx\/?post_type=product&#038;p=1638"},"modified":"2023-07-04T21:11:07","modified_gmt":"2023-07-04T19:11:07","slug":"anello-dello-spallone-e-del-sagro","status":"publish","type":"product","link":"https:\/\/lavia.cc\/gpx\/tracce\/anello-dello-spallone-e-del-sagro\/","title":{"rendered":"Anello dello Spallone e del Sagro"},"content":{"rendered":"<h4>Anello dello Spallone e del Sagro<\/h4>\n<p>Mappa dell&#8217;<a href=\"https:\/\/lavia.cc\/gpx\/categoria-tracce\/escursionismo\/\">escursione<\/a>.<\/p>\n\r\n\t\t<div id=\"wpgpxmaps_1638_541497\" class=\"wpgpxmaps\">\r\n\t\t\t<div id=\"map_1638_541497_cont\" style=\"width:100%; height:450px;position:relative\" >\r\n\t\t\t\t<div id=\"map_1638_541497\" style=\"width:100%; height:450px\"><\/div>\r\n\t\t\t\t<div id=\"wpgpxmaps_1638_541497_osm_footer\" class=\"wpgpxmaps_osm_footer\" style=\"display:none;\"><span> &copy; <a href=\"http:\/\/www.openstreetmap.org\/copyright\" target=\"_blank\" rel=\"noopener\">OpenStreetMap<\/a> contributors<\/span><\/div>\r\n\t\t\t<\/div>\r\n\t\t\t<canvas id=\"myChart_1638_541497\" class=\"plot\" style=\"width:100%; height:200px\"><\/canvas>\r\n\t\t\t<div id=\"ngimages_1638_541497\" class=\"ngimages\" style=\"display:none\"><\/div>\r\n\t\t\t<div id=\"report_1638_541497\" class=\"report\"><\/div>\r\n\t\t<\/div>\r\n\t\t\r\n\t\t<script type=\"text\/javascript\">\r\n\r\n\t\t\tjQuery(document).ready(function() {\r\n\r\n\t\t\t\tjQuery( \"#wpgpxmaps_1638_541497\" ).wpgpxmaps( {\r\n\t\t\t\t\ttargetId           : \"1638_541497\",\r\n\t\t\t\t\tmapType            : \"HYBRID\",\r\n\t\t\t\t\tmapData            : [[44.1155890,10.1595560],[44.1164170,10.1582110],[44.1167350,10.1578080],[44.1168420,10.1574900],[44.1169060,10.1574190],[44.1169160,10.1572790],[44.1169550,10.1571400],[44.1169870,10.1569670],[44.1170450,10.1568490],[44.1171220,10.1567530],[44.1170150,10.1566210],[44.1170030,10.1564810],[44.1169350,10.1563400],[44.1168760,10.1562140],[44.1168050,10.1560980],[44.1167280,10.1559260],[44.1167430,10.1558150],[44.1167760,10.1556570],[44.1164400,10.1540760],[44.1164460,10.1537850],[44.1165320,10.1534480],[44.1163560,10.1524480],[44.1160860,10.1522380],[44.1160590,10.1520990],[44.1161150,10.1519380],[44.1158790,10.1516630],[44.1158550,10.1514330],[44.1156430,10.1511740],[44.1153200,10.1510440],[44.1152200,10.1508750],[44.1149080,10.1507350],[44.1143030,10.1508330],[44.1140080,10.1506840],[44.1136900,10.1503240],[44.1134160,10.1498840],[44.1134260,10.1492520],[44.1134050,10.1491040],[44.1131850,10.1489980],[44.1129710,10.1487370],[44.1126150,10.1486100],[44.1124650,10.1487590],[44.1121420,10.1483880],[44.1120780,10.1482350],[44.1120920,10.1480380],[44.1123180,10.1475700],[44.1126030,10.1467430],[44.1123630,10.1455760],[44.1121090,10.1452520],[44.1127410,10.1444000],[44.1129370,10.1440570],[44.1130260,10.1439020],[44.1137940,10.1430410],[44.1143640,10.1425930],[44.1145310,10.1423510],[44.1145430,10.1419940],[44.1146270,10.1418800],[44.1146410,10.1416560],[44.1146270,10.1418800],[44.1145430,10.1419940],[44.1145310,10.1423510],[44.1143640,10.1425930],[44.1137940,10.1430410],[44.1130260,10.1439020],[44.1127410,10.1444000],[44.1121090,10.1452520],[44.1117570,10.1459370],[44.1116350,10.1467470],[44.1114000,10.1469230],[44.1109950,10.1474250],[44.1107890,10.1474150],[44.1105070,10.1475710],[44.1100750,10.1479790],[44.1098730,10.1480710],[44.1088290,10.1491380],[44.1087670,10.1493040],[44.1082570,10.1499610],[44.1078730,10.1505630],[44.1077640,10.1508590],[44.1077920,10.1514200],[44.1079010,10.1518270],[44.1079510,10.1522380],[44.1080840,10.1526150],[44.1081240,10.1530240],[44.1084740,10.1536140],[44.1085280,10.1538370],[44.1088510,10.1544300],[44.1086120,10.1550000],[44.1085650,10.1551350],[44.1085440,10.1552450],[44.1085380,10.1553910],[44.1086060,10.1554690],[44.1086500,10.1555340],[44.1087230,10.1555740],[44.1087530,10.1556640],[44.1088050,10.1556820],[44.1087980,10.1557820],[44.1088310,10.1559010],[44.1088680,10.1560090],[44.1089680,10.1560050],[44.1089960,10.1560890],[44.1090330,10.1561580],[44.1090930,10.1562060],[44.1092400,10.1562130],[44.1094090,10.1566510],[44.1095140,10.1567930],[44.1096760,10.1567700],[44.1098860,10.1570160],[44.1102460,10.1581120],[44.1108790,10.1593410],[44.1114490,10.1594990],[44.1122310,10.1596060],[44.1127770,10.1587760],[44.1128370,10.1585540],[44.1129090,10.1584110],[44.1129520,10.1582910],[44.1130100,10.1581610],[44.1129790,10.1580460],[44.1129210,10.1579490],[44.1129190,10.1578170],[44.1129650,10.1576680],[44.1130370,10.1575060],[44.1131200,10.1573970],[44.1132240,10.1573540],[44.1133130,10.1573560],[44.1133260,10.1574830],[44.1133670,10.1576300],[44.1132880,10.1577190],[44.1133390,10.1578410],[44.1133580,10.1579600],[44.1132810,10.1580790],[44.1133430,10.1581540],[44.1134190,10.1582120],[44.1134720,10.1585500],[44.1137800,10.1585670],[44.1138330,10.1586890],[44.1144410,10.1591290],[44.1152400,10.1590140],[44.1153020,10.1591670],[44.1154240,10.1592440],[44.1154810,10.1593060],[44.1155310,10.1594160],[44.1155390,10.1595340],[44.1155360,10.1596580],[44.1155460,10.1599080],[44.1155420,10.1600360],[44.1155170,10.1601600],[44.1155020,10.1602740]],\r\n\t\t\t\t\tgraphDist          : [0.00,0.15,0.20,0.23,0.24,0.26,0.27,0.28,0.30,0.31,0.33,0.34,0.35,0.36,0.38,0.40,0.41,0.42,0.56,0.58,0.62,0.70,0.74,0.75,0.77,0.80,0.82,0.86,0.90,0.91,0.95,1.02,1.06,1.11,1.16,1.21,1.23,1.26,1.29,1.33,1.35,1.40,1.41,1.43,1.47,1.55,1.64,1.68,1.78,1.82,1.83,1.94,2.01,2.04,2.07,2.08,2.10,2.12,2.13,2.16,2.19,2.26,2.37,2.42,2.52,2.59,2.66,2.69,2.75,2.77,2.80,2.86,2.89,3.03,3.05,3.13,3.19,3.22,3.27,3.30,3.33,3.37,3.40,3.46,3.48,3.54,3.60,3.61,3.62,3.63,3.65,3.67,3.68,3.70,3.71,3.73,3.74,3.75,3.77,3.78,3.79,3.81,3.83,3.87,3.89,3.90,3.93,4.03,4.16,4.23,4.32,4.41,4.43,4.45,4.46,4.48,4.49,4.50,4.51,4.52,4.54,4.55,4.56,4.57,4.59,4.60,4.61,4.63,4.64,4.65,4.66,4.67,4.70,4.74,4.75,4.83,4.92,4.93,4.94,4.95,4.97,4.98,4.99,5.01,5.02,5.03,5.04],\r\n\t\t\t\t\tgraphEle           : [1579.10,1630.80,1617.60,1607.00,1603.10,1598.40,1594.00,1588.80,1584.60,1580.50,1574.70,1570.80,1571.50,1575.70,1581.60,1575.60,1572.10,1567.10,1518.70,1510.20,1499.70,1469.50,1456.80,1452.60,1447.30,1434.80,1427.90,1416.40,1402.70,1396.50,1385.10,1363.80,1352.90,1338.60,1324.00,1307.90,1303.00,1294.60,1284.70,1272.10,1268.30,1267.70,1265.20,1263.50,1268.70,1272.40,1269.60,1276.60,1275.90,1269.70,1267.90,1264.30,1263.80,1260.80,1263.10,1262.60,1261.60,1262.60,1263.10,1260.80,1263.80,1264.30,1267.90,1275.90,1276.70,1289.20,1301.50,1307.00,1318.20,1322.40,1328.70,1339.50,1343.90,1370.60,1373.40,1387.70,1399.70,1404.60,1410.40,1418.00,1425.20,1431.90,1440.10,1450.80,1451.20,1458.40,1441.90,1438.10,1435.20,1431.70,1438.50,1450.40,1464.50,1476.90,1485.30,1496.90,1500.70,1504.10,1508.50,1513.20,1518.30,1523.20,1528.40,1535.40,1533.40,1533.30,1537.70,1564.80,1610.80,1588.90,1576.80,1546.20,1538.30,1533.80,1531.70,1530.60,1530.40,1530.90,1531.70,1533.20,1536.30,1540.30,1543.50,1545.20,1546.70,1547.80,1548.40,1548.40,1547.40,1544.80,1543.30,1542.80,1546.50,1550.60,1552.20,1554.20,1566.80,1569.00,1571.60,1573.20,1575.50,1577.70,1579.10,1579.10,1579.10,1579.10,1579.10],\r\n\t\t\t\t\tgraphSpeed         : [],\r\n\t\t\t\t\tgraphHr            : [],\r\n\t\t\t\t\tgraphAtemp         : [],\r\n\t\t\t\t\tgraphCad           : [],\r\n\t\t\t\t\tgraphGrade         : [],\r\n\t\t\t\t\twaypoints          : [],\r\n\t\t\t\t\tunit               : \"2\",\r\n\t\t\t\t\tunitspeed          : \"0\",\r\n\t\t\t\t\tcolor1             : [\"#3366cc\"],\r\n\t\t\t\t\tcolor2             : \"#3366cc\",\r\n\t\t\t\t\tcolor3             : \"#ff0000\",\r\n\t\t\t\t\tcolor4             : \"#ff77bd\",\r\n\t\t\t\t\tcolor5             : \"#beecff\",\r\n\t\t\t\t\tcolor6             : \"#beecff\",\r\n\t\t\t\t\tcolor7             : \"#ff77bd\",\r\n\t\t\t\t\tchartFrom1         : \"\",\r\n\t\t\t\t\tchartTo1           : \"\",\r\n\t\t\t\t\tchartFrom2         : \"\",\r\n\t\t\t\t\tchartTo2           : \"\",\r\n\t\t\t\t\tstartIcon          : \"\",\r\n\t\t\t\t\tendIcon            : \"\",\r\n\t\t\t\t\tcurrentIcon        : \"\",\r\n\t\t\t\t\twaypointIcon       : \"https:\/\/lavia.cc\/gpx\/wp-content\/uploads\/gpx\/cropped-icona.ico\",\r\n\t\t\t\t\tcurrentpositioncon : \"\",\r\n\t\t\t\t\tusegpsposition     : \"\",\r\n\t\t\t\t\tzoomOnScrollWheel  : \"\",\r\n\t\t\t\t\tngGalleries        : [],\r\n\t\t\t\t\tngImages           : [],\r\n\t\t\t\t\tpluginUrl          : \"https:\/\/lavia.cc\/gpx\/wp-content\/plugins\",\r\n\t\t\t\t\tTFApiKey           : \"\",\r\n\t\t\t\t\tMapBoxApiKey           : \"\",\r\n\t\t\t\t\tlangs              : {\r\n\t\t\t\t\t\taltitude        : \"Altitudine\",\r\n\t\t\t\t\t\tcurrentPosition : \"Current position\",\r\n\t\t\t\t\t\tspeed           : \"Velocit\u00e0\",\r\n\t\t\t\t\t\tgrade           : \"Grade\",\r\n\t\t\t\t\t\theartRate       : \"Battito Cardiaco\",\r\n\t\t\t\t\t\tatemp           : \"Temperature\",\r\n\t\t\t\t\t\tcadence         : \"Cadenza\",\r\n\t\t\t\t\t\tgoFullScreen    : \"Go full screen\",\r\n\t\t\t\t\t\texitFullFcreen  : \"Exit full screen\",\r\n\t\t\t\t\t\thideImages      : \"Hide images\",\r\n\t\t\t\t\t\tshowImages      : \"Show images\",\r\n\t\t\t\t\t\tbackToCenter\t: \"Ritorna al centro della mappa\"\r\n\t\t\t\t\t}\r\n\t\t\t\t});\r\n\r\n\t\t\t});\r\n\r\n\t\t<\/script>\n<p>Clicca qui per raggiungere il punto di partenza: <a href=\"https:\/\/www.google.com\/maps\/place\/Foce+di+Pianza\/@44.1148592,10.1410204,17z\/data=!3m1!4b1!4m5!3m4!1s0x0:0x774d5f85aabde229!8m2!3d44.1148592!4d10.1410204\" target=\"_blank\" rel=\"noopener\">Google Maps<\/a><\/p>\n","protected":false},"excerpt":{"rendered":"<p>Dalla spiaggia alla vetta in un attimo! Il Sagro, la cosiddetta \u201cmontagna dei Carrarini\u201d (1.753mt), \u00e8 una delle vette pi\u00f9 panoramiche delle Alpi Apuane. Il massiccio del monte Sagro \u00e8 in posizione isolata rispetto alla dorsale principale della catena apuana e domina la parte occidentale della catena stessa. Esso divide la valle del Lucido di Vinca dalle Valli del Frigido a Massa e del Carrione a Carrara. L\u2019arrivo in vetta \u00e8 magnifico! Si spazia dalle Apuane settentrionali a quelle meridionali e alla costa fino a Livorno e al golfo della Spezia. Nelle giornate limpide possiamo ammirare le isole dell\u2019arcipelago Toscano: Capraia, Gorgona, isola d\u2019Elba e, se siamo fortunati, anche la Corsica. Inoltre, con buona visibilit\u00e0, si scorgono anche le Alpi Marittime innevate (tra cui l\u2019Argentera ed il Monviso).<\/p>\n<p>\ud83d\udfe2\u00a0Segui LAVIA!<\/p>\n","protected":false},"featured_media":1639,"comment_status":"open","ping_status":"closed","template":"","meta":[],"product_brand":[],"product_cat":[31],"product_tag":[161,162,160,126],"class_list":{"0":"post-1638","1":"product","2":"type-product","3":"status-publish","4":"has-post-thumbnail","6":"product_cat-escursionismo","7":"product_tag-carrara","8":"product_tag-fivizzano","9":"product_tag-monte-sagro","10":"product_tag-toscana","12":"first","13":"instock","14":"downloadable","15":"virtual","16":"product-type-simple"},"_links":{"self":[{"href":"https:\/\/lavia.cc\/gpx\/wp-json\/wp\/v2\/product\/1638","targetHints":{"allow":["GET"]}}],"collection":[{"href":"https:\/\/lavia.cc\/gpx\/wp-json\/wp\/v2\/product"}],"about":[{"href":"https:\/\/lavia.cc\/gpx\/wp-json\/wp\/v2\/types\/product"}],"replies":[{"embeddable":true,"href":"https:\/\/lavia.cc\/gpx\/wp-json\/wp\/v2\/comments?post=1638"}],"version-history":[{"count":5,"href":"https:\/\/lavia.cc\/gpx\/wp-json\/wp\/v2\/product\/1638\/revisions"}],"predecessor-version":[{"id":3339,"href":"https:\/\/lavia.cc\/gpx\/wp-json\/wp\/v2\/product\/1638\/revisions\/3339"}],"wp:featuredmedia":[{"embeddable":true,"href":"https:\/\/lavia.cc\/gpx\/wp-json\/wp\/v2\/media\/1639"}],"wp:attachment":[{"href":"https:\/\/lavia.cc\/gpx\/wp-json\/wp\/v2\/media?parent=1638"}],"wp:term":[{"taxonomy":"product_brand","embeddable":true,"href":"https:\/\/lavia.cc\/gpx\/wp-json\/wp\/v2\/product_brand?post=1638"},{"taxonomy":"product_cat","embeddable":true,"href":"https:\/\/lavia.cc\/gpx\/wp-json\/wp\/v2\/product_cat?post=1638"},{"taxonomy":"product_tag","embeddable":true,"href":"https:\/\/lavia.cc\/gpx\/wp-json\/wp\/v2\/product_tag?post=1638"}],"curies":[{"name":"wp","href":"https:\/\/api.w.org\/{rel}","templated":true}]}}