{"id":16527,"date":"2024-09-20T12:27:59","date_gmt":"2024-09-20T10:27:59","guid":{"rendered":"https:\/\/lavia.cc\/gpx\/?post_type=product&#038;p=16527"},"modified":"2024-11-11T11:34:48","modified_gmt":"2024-11-11T10:34:48","slug":"la-ciclovia-del-secchia-modena-cicloturismo","status":"publish","type":"product","link":"https:\/\/lavia.cc\/gpx\/tracce\/la-ciclovia-del-secchia-modena-cicloturismo\/","title":{"rendered":"La Ciclovia del Secchia, da Modena a Rubiera"},"content":{"rendered":"<h5>La Ciclovia del Secchia<\/h5>\n<p>\ud83d\udeb2 Tipologia di bici consigliata: <a href=\"https:\/\/lavia.cc\/gpx\/categoria-tracce\/gravel\/\" target=\"_blank\" rel=\"noopener\">Gravel<\/a> \/ Cicloturismo.<\/p>\n<p>\ud83d\udee4\ufe0f Fondo: 70% asfalto, 30% sterrato.<\/p>\n<p>\u27a1\ufe0f Clicca qui per raggiungere il punto di partenza: <a href=\"https:\/\/www.google.it\/maps\/place\/Modena\/@44.654317,10.9307016,15z\/data=!4m2!3m1!1s0x0:0x1a63a264d1788251?sa=X&amp;ved=1t:2428&amp;ictx=111\" target=\"_blank\" rel=\"noopener\">GOOGLE MAPS<\/a> (Modena, Stazione Ferroviaria).<\/p>\n<p>\ud83d\udd5c Periodo consigliato: tutto l&#8217;anno.<\/p>\n<p>\ud83d\uddfa\ufe0f Mappa e altimetria della <strong>Ciclovia del Secchia<\/strong>:<\/p>\n\r\n\t\t<div id=\"wpgpxmaps_16527_4636165\" class=\"wpgpxmaps\">\r\n\t\t\t<div id=\"map_16527_4636165_cont\" style=\"width:100%; height:450px;position:relative\" >\r\n\t\t\t\t<div id=\"map_16527_4636165\" style=\"width:100%; height:450px\"><\/div>\r\n\t\t\t\t<div id=\"wpgpxmaps_16527_4636165_osm_footer\" class=\"wpgpxmaps_osm_footer\" style=\"display:none;\"><span> &copy; <a href=\"http:\/\/www.openstreetmap.org\/copyright\" target=\"_blank\" rel=\"noopener\">OpenStreetMap<\/a> contributors<\/span><\/div>\r\n\t\t\t<\/div>\r\n\t\t\t<canvas id=\"myChart_16527_4636165\" class=\"plot\" style=\"width:100%; height:200px\"><\/canvas>\r\n\t\t\t<div id=\"ngimages_16527_4636165\" class=\"ngimages\" style=\"display:none\"><\/div>\r\n\t\t\t<div id=\"report_16527_4636165\" class=\"report\"><\/div>\r\n\t\t<\/div>\r\n\t\t\r\n\t\t<script type=\"text\/javascript\">\r\n\r\n\t\t\tjQuery(document).ready(function() {\r\n\r\n\t\t\t\tjQuery( \"#wpgpxmaps_16527_4636165\" ).wpgpxmaps( {\r\n\t\t\t\t\ttargetId           : \"16527_4636165\",\r\n\t\t\t\t\tmapType            : \"HYBRID\",\r\n\t\t\t\t\tmapData            : [[44.6541630,10.9307480],[44.6537250,10.9306330],[44.6531390,10.9305030],[44.6529880,10.9304640],[44.6529170,10.9303250],[44.6529210,10.9300360],[44.6529310,10.9294650],[44.6529320,10.9292600],[44.6529540,10.9278360],[44.6529760,10.9262000],[44.6529110,10.9260520],[44.6510330,10.9253480],[44.6506700,10.9251800],[44.6502620,10.9250370],[44.6501260,10.9249900],[44.6499690,10.9240490],[44.6498320,10.9231860],[44.6496000,10.9219130],[44.6494640,10.9216160],[44.6494140,10.9214840],[44.6491370,10.9211220],[44.6488460,10.9207840],[44.6487110,10.9207120],[44.6485450,10.9206130],[44.6485460,10.9208100],[44.6484540,10.9211140],[44.6483780,10.9213710],[44.6482420,10.9218260],[44.6483310,10.9218730],[44.6481670,10.9224040],[44.6481130,10.9225650],[44.6480540,10.9227320],[44.6479500,10.9230020],[44.6478190,10.9233140],[44.6476510,10.9237280],[44.6475040,10.9241380],[44.6473980,10.9244320],[44.6473480,10.9245730],[44.6473980,10.9244320],[44.6474920,10.9241710],[44.6476510,10.9237280],[44.6477820,10.9233930],[44.6479500,10.9230020],[44.6480540,10.9227320],[44.6481130,10.9225650],[44.6481670,10.9224040],[44.6483250,10.9218930],[44.6482420,10.9218260],[44.6483780,10.9213710],[44.6484540,10.9211140],[44.6485460,10.9208100],[44.6485450,10.9206130],[44.6487000,10.9201090],[44.6487820,10.9199260],[44.6488350,10.9198070],[44.6488980,10.9196670],[44.6489760,10.9195510],[44.6490620,10.9193990],[44.6496130,10.9181560],[44.6497310,10.9178990],[44.6497880,10.9177270],[44.6498520,10.9175900],[44.6499410,10.9174270],[44.6500180,10.9173190],[44.6505090,10.9163500],[44.6506940,10.9158690],[44.6514520,10.9142110],[44.6518420,10.9133620],[44.6519790,10.9129060],[44.6520610,10.9127900],[44.6521130,10.9126860],[44.6521640,10.9125720],[44.6522340,10.9124140],[44.6522510,10.9122690],[44.6524650,10.9117770],[44.6526910,10.9113810],[44.6532780,10.9100230],[44.6541350,10.9079840],[44.6543750,10.9072040],[44.6542840,10.9070080],[44.6540710,10.9068700],[44.6539890,10.9067610],[44.6537910,10.9066380],[44.6538400,10.9064830],[44.6542750,10.9066800],[44.6544880,10.9068090],[44.6545670,10.9067190],[44.6547520,10.9061830],[44.6547680,10.9060370],[44.6547250,10.9056370],[44.6544390,10.9042730],[44.6544090,10.9040100],[44.6544120,10.9036660],[44.6544550,10.9034100],[44.6545460,10.9031130],[44.6546110,10.9029810],[44.6548060,10.9026740],[44.6551400,10.9023540],[44.6552470,10.9022530],[44.6568700,10.9007310],[44.6570040,10.9004840],[44.6571670,10.9000530],[44.6572780,10.8999730],[44.6573680,10.8997020],[44.6575780,10.8991640],[44.6578210,10.8985440],[44.6581440,10.8977170],[44.6582760,10.8977900],[44.6584000,10.8977880],[44.6584780,10.8977290],[44.6587360,10.8970310],[44.6589410,10.8964570],[44.6596100,10.8945060],[44.6603750,10.8924090],[44.6604910,10.8918670],[44.6606130,10.8911130],[44.6607870,10.8900210],[44.6608570,10.8895010],[44.6607300,10.8894890],[44.6607640,10.8892910],[44.6609560,10.8880970],[44.6611300,10.8866780],[44.6611340,10.8863900],[44.6611930,10.8862730],[44.6613190,10.8856870],[44.6613470,10.8854790],[44.6613420,10.8851940],[44.6612580,10.8850590],[44.6606320,10.8849420],[44.6606780,10.8844570],[44.6608720,10.8842270],[44.6609860,10.8840350],[44.6611530,10.8835240],[44.6612380,10.8829560],[44.6613060,10.8828170],[44.6614610,10.8826100],[44.6621250,10.8820720],[44.6624060,10.8818370],[44.6628070,10.8817000],[44.6629580,10.8816130],[44.6631900,10.8812960],[44.6633150,10.8812090],[44.6633850,10.8810580],[44.6634670,10.8809790],[44.6635210,10.8807830],[44.6636480,10.8805180],[44.6639510,10.8786210],[44.6640690,10.8783370],[44.6646520,10.8772750],[44.6657820,10.8751890],[44.6660490,10.8746670],[44.6661920,10.8743770],[44.6685600,10.8699680],[44.6687370,10.8695990],[44.6688020,10.8694890],[44.6693190,10.8685170],[44.6694220,10.8683750],[44.6695180,10.8683100],[44.6697200,10.8683500],[44.6717280,10.8663780],[44.6724420,10.8656750],[44.6730930,10.8650600],[44.6732410,10.8648870],[44.6734100,10.8647000],[44.6734450,10.8645800],[44.6739160,10.8641070],[44.6742410,10.8636480],[44.6744040,10.8633540],[44.6755120,10.8602790],[44.6762560,10.8600100],[44.6765320,10.8599370],[44.6766320,10.8599080],[44.6771660,10.8587230],[44.6772500,10.8586640],[44.6773380,10.8575770],[44.6776150,10.8571910],[44.6776400,10.8570650],[44.6774330,10.8564530],[44.6774370,10.8563160],[44.6775410,10.8557700],[44.6775610,10.8551330],[44.6775570,10.8546650],[44.6774530,10.8534300],[44.6773650,10.8528800],[44.6771450,10.8522060],[44.6762140,10.8514080],[44.6766620,10.8493100],[44.6766260,10.8491600],[44.6762040,10.8490690],[44.6759970,10.8489440],[44.6760630,10.8485410],[44.6759770,10.8481800],[44.6759820,10.8480280],[44.6760620,10.8478330],[44.6762420,10.8476620],[44.6763550,10.8472330],[44.6764090,10.8471160],[44.6768230,10.8458350],[44.6768990,10.8454120],[44.6770520,10.8433000],[44.6770970,10.8431030],[44.6771830,10.8430390],[44.6774010,10.8429620],[44.6783040,10.8428050],[44.6787710,10.8426480],[44.6791390,10.8425790],[44.6796950,10.8425480],[44.6797090,10.8422670],[44.6797410,10.8421420],[44.6804950,10.8398550],[44.6775990,10.8379640],[44.6774390,10.8379500],[44.6766480,10.8377840],[44.6764550,10.8377980],[44.6761630,10.8379020],[44.6759600,10.8379370],[44.6744110,10.8378810],[44.6741490,10.8377890],[44.6739290,10.8377200],[44.6732070,10.8374930],[44.6731000,10.8374590],[44.6723530,10.8371880],[44.6717780,10.8368630],[44.6714810,10.8367030],[44.6711940,10.8366270],[44.6707630,10.8366200],[44.6705850,10.8365580],[44.6701730,10.8362850],[44.6690250,10.8354590],[44.6688810,10.8353560],[44.6686620,10.8352770],[44.6678080,10.8350970],[44.6673610,10.8350040],[44.6640260,10.8342770],[44.6626620,10.8340340],[44.6623270,10.8338880],[44.6622920,10.8336860],[44.6623300,10.8331490],[44.6623220,10.8327790],[44.6621660,10.8326560],[44.6620600,10.8325220],[44.6619710,10.8322320],[44.6619900,10.8319360],[44.6620820,10.8316040],[44.6623870,10.8312340],[44.6625930,10.8307410],[44.6627990,10.8297000],[44.6629360,10.8287450],[44.6630130,10.8280050],[44.6630240,10.8275490],[44.6629760,10.8266890],[44.6628960,10.8260240],[44.6628330,10.8257490],[44.6624280,10.8243270],[44.6622060,10.8237810],[44.6619370,10.8232660],[44.6617970,10.8229270],[44.6615610,10.8222490],[44.6612800,10.8215860],[44.6610820,10.8210150],[44.6609830,10.8203130],[44.6607210,10.8193680],[44.6605790,10.8191100],[44.6599900,10.8173860],[44.6597640,10.8166200],[44.6597490,10.8162290],[44.6598010,10.8158830],[44.6598960,10.8155880],[44.6599520,10.8154140],[44.6599280,10.8152570],[44.6597790,10.8151630],[44.6597100,10.8150410],[44.6596660,10.8149100],[44.6596550,10.8146870],[44.6595000,10.8144370],[44.6595280,10.8142820],[44.6595070,10.8140820],[44.6595960,10.8138420],[44.6598990,10.8134340],[44.6603040,10.8130640],[44.6612760,10.8124500],[44.6617180,10.8122650],[44.6623450,10.8119180],[44.6627110,10.8117510],[44.6630350,10.8114770],[44.6635730,10.8107260],[44.6657060,10.8074970],[44.6658030,10.8072380],[44.6658650,10.8069720],[44.6658700,10.8067630],[44.6658620,10.8066320],[44.6654380,10.8064190],[44.6656720,10.8064130],[44.6660530,10.8064790],[44.6665130,10.8065600],[44.6668700,10.8066650],[44.6671220,10.8068720],[44.6675660,10.8073900],[44.6682950,10.8085470],[44.6686000,10.8090900],[44.6686120,10.8093830],[44.6674720,10.8127850],[44.6654850,10.8186580],[44.6653460,10.8188310],[44.6652360,10.8188180],[44.6646200,10.8184840],[44.6633330,10.8177860],[44.6628250,10.8174530],[44.6625860,10.8171350],[44.6624450,10.8167470],[44.6623250,10.8160240],[44.6622690,10.8158390],[44.6621390,10.8156380],[44.6619860,10.8155240],[44.6599530,10.8147180],[44.6597460,10.8146060],[44.6596170,10.8144480],[44.6595280,10.8142820],[44.6595070,10.8140820],[44.6595300,10.8118030],[44.6595030,10.8114700],[44.6594700,10.8113310],[44.6574550,10.8059920],[44.6573650,10.8056870],[44.6573010,10.8055390],[44.6572750,10.8053810],[44.6573090,10.8052140],[44.6573850,10.8051300],[44.6574430,10.8048060],[44.6575250,10.8041490],[44.6575230,10.8039270],[44.6574650,10.8036520],[44.6575100,10.8030100],[44.6574880,10.8028180],[44.6571590,10.8020900],[44.6563170,10.8011000],[44.6559840,10.8006320],[44.6557750,10.8001350],[44.6551470,10.7983170],[44.6544790,10.7972240],[44.6545250,10.7971750],[44.6546700,10.7972120],[44.6560150,10.7973280],[44.6564680,10.7974040],[44.6586480,10.7975930],[44.6597710,10.7976460],[44.6604760,10.7981100],[44.6614150,10.7985710],[44.6615810,10.7986040],[44.6620400,10.7988040],[44.6621580,10.7988860],[44.6622910,10.7990210],[44.6624320,10.7993510],[44.6625570,10.7997780],[44.6633490,10.8041330],[44.6634970,10.8047350],[44.6636720,10.8052160],[44.6637660,10.8053760],[44.6639410,10.8055800],[44.6641140,10.8057110],[44.6643070,10.8058100],[44.6666170,10.8065100],[44.6666370,10.8063490],[44.6667970,10.8061490],[44.6668610,10.8060760],[44.6698150,10.8016140],[44.6700130,10.8012220],[44.6701390,10.8010490],[44.6706580,10.8002650],[44.6708850,10.7997570],[44.6709380,10.7995750],[44.6709910,10.7988690],[44.6710300,10.7986800],[44.6712400,10.7983600],[44.6714340,10.7980840],[44.6715500,10.7978540],[44.6719260,10.7966380],[44.6717320,10.7964430],[44.6714970,10.7962970],[44.6699590,10.7957190],[44.6699490,10.7955570],[44.6696010,10.7953800],[44.6693890,10.7952390],[44.6689030,10.7947940],[44.6677820,10.7939350],[44.6673810,10.7939200],[44.6664000,10.7933200],[44.6661680,10.7931020],[44.6661610,10.7928420],[44.6660790,10.7927650],[44.6659940,10.7926340],[44.6657290,10.7927290],[44.6655320,10.7925410],[44.6651960,10.7923190],[44.6649980,10.7918010],[44.6644790,10.7908350],[44.6643190,10.7906710],[44.6641750,10.7906600],[44.6634800,10.7904270],[44.6630980,10.7902670],[44.6624880,10.7898940],[44.6620000,10.7896600],[44.6617190,10.7894930],[44.6612080,10.7889590],[44.6610050,10.7887970],[44.6591750,10.7880110],[44.6592780,10.7871300],[44.6595970,10.7856610],[44.6600690,10.7835070],[44.6603130,10.7823540],[44.6603240,10.7821700],[44.6602270,10.7822130],[44.6599450,10.7821660],[44.6597430,10.7821280],[44.6592800,10.7820260],[44.6582360,10.7817940],[44.6581060,10.7819060],[44.6579350,10.7819630],[44.6578990,10.7818040],[44.6573990,10.7815980],[44.6568100,10.7814640],[44.6565030,10.7812830],[44.6561920,10.7812780],[44.6555660,10.7812010],[44.6550760,10.7811250],[44.6556150,10.7812660],[44.6557960,10.7812820],[44.6558270,10.7811160],[44.6559720,10.7805020],[44.6560150,10.7802150]],\r\n\t\t\t\t\tgraphDist          : [0.00,0.05,0.12,0.13,0.15,0.17,0.22,0.23,0.35,0.48,0.49,0.71,0.75,0.80,0.81,0.89,0.96,1.06,1.09,1.10,1.14,1.19,1.20,1.22,1.24,1.26,1.29,1.32,1.33,1.38,1.39,1.41,1.43,1.46,1.50,1.54,1.56,1.57,1.59,1.61,1.65,1.68,1.72,1.74,1.76,1.77,1.81,1.83,1.86,1.89,1.91,1.93,1.97,1.99,2.00,2.01,2.03,2.04,2.16,2.18,2.20,2.21,2.23,2.24,2.34,2.38,2.53,2.61,2.65,2.67,2.68,2.69,2.70,2.72,2.76,2.80,2.93,3.12,3.18,3.20,3.23,3.24,3.27,3.28,3.33,3.36,3.37,3.42,3.43,3.46,3.57,3.60,3.62,3.64,3.67,3.68,3.71,3.76,3.77,3.99,4.02,4.05,4.07,4.10,4.15,4.20,4.28,4.29,4.31,4.32,4.38,4.43,4.60,4.79,4.83,4.90,4.98,5.03,5.04,5.06,5.15,5.27,5.29,5.30,5.35,5.37,5.39,5.40,5.47,5.51,5.54,5.56,5.60,5.65,5.66,5.69,5.77,5.81,5.86,5.87,5.91,5.92,5.94,5.95,5.97,5.99,6.16,6.18,6.29,6.50,6.55,6.57,7.01,7.05,7.06,7.15,7.17,7.18,7.21,7.48,7.58,7.66,7.68,7.71,7.72,7.78,7.84,7.86,8.14,8.22,8.25,8.27,8.38,8.39,8.47,8.52,8.53,8.58,8.59,8.64,8.69,8.73,8.82,8.87,8.93,9.05,9.22,9.24,9.28,9.31,9.34,9.37,9.38,9.40,9.43,9.46,9.47,9.58,9.62,9.79,9.80,9.81,9.84,9.94,9.99,10.03,10.10,10.12,10.13,10.33,10.68,10.70,10.79,10.81,10.85,10.87,11.04,11.07,11.10,11.18,11.19,11.28,11.34,11.38,11.41,11.46,11.48,11.53,11.67,11.69,11.72,11.81,11.86,12.24,12.39,12.43,12.45,12.49,12.52,12.54,12.56,12.58,12.60,12.63,12.68,12.72,12.81,12.88,12.94,12.98,13.05,13.10,13.12,13.25,13.29,13.35,13.38,13.44,13.50,13.55,13.60,13.68,13.71,13.86,13.93,13.96,13.99,14.01,14.03,14.04,14.06,14.07,14.08,14.10,14.13,14.14,14.16,14.18,14.22,14.28,14.40,14.45,14.52,14.56,14.61,14.69,15.04,15.06,15.08,15.10,15.11,15.16,15.19,15.23,15.28,15.32,15.36,15.42,15.54,15.60,15.62,15.92,16.43,16.45,16.47,16.54,16.69,16.75,16.79,16.83,16.88,16.90,16.92,16.94,17.18,17.20,17.22,17.24,17.25,17.43,17.46,17.47,17.95,17.97,17.99,18.00,18.01,18.03,18.05,18.10,18.12,18.14,18.20,18.21,18.28,18.40,18.45,18.50,18.66,18.77,18.79,18.81,18.96,19.01,19.25,19.38,19.46,19.58,19.59,19.65,19.66,19.68,19.71,19.75,20.10,20.15,20.20,20.21,20.24,20.26,20.28,20.54,20.56,20.58,20.59,21.08,21.11,21.13,21.22,21.26,21.28,21.34,21.35,21.39,21.42,21.44,21.54,21.57,21.60,21.78,21.79,21.83,21.86,21.92,22.06,22.11,22.23,22.26,22.28,22.29,22.30,22.33,22.36,22.40,22.45,22.54,22.57,22.58,22.66,22.71,22.78,22.84,22.87,22.94,22.97,23.18,23.26,23.38,23.56,23.65,23.67,23.68,23.71,23.73,23.79,23.90,23.92,23.94,23.96,24.02,24.08,24.13,24.16,24.23,24.29,24.35,24.37,24.38,24.43,24.46],\r\n\t\t\t\t\tgraphEle           : [34.45,34.45,34.49,34.52,34.56,34.61,34.71,34.75,34.96,35.15,35.17,37.16,37.64,38.16,38.34,39.20,39.39,39.47,39.49,39.50,39.70,39.89,39.96,40.06,40.13,40.25,40.35,40.65,40.75,41.17,41.30,41.44,41.67,41.93,42.28,42.21,42.15,42.13,42.11,42.06,41.98,41.92,41.71,41.45,41.29,41.14,40.68,40.55,40.13,39.90,39.66,39.53,39.20,39.06,38.98,38.88,38.77,38.65,37.84,37.69,37.59,37.51,37.41,37.33,36.74,36.48,35.58,35.18,34.99,34.92,34.87,34.82,34.76,34.75,34.73,34.70,34.74,35.32,35.43,35.46,35.51,35.53,35.57,35.59,35.71,35.77,35.80,35.92,35.95,36.03,36.40,36.48,36.58,36.66,36.76,36.80,36.90,36.97,37.00,37.15,37.14,37.11,37.10,37.08,37.04,36.98,36.90,36.89,36.89,36.90,36.96,37.01,37.03,36.95,36.93,36.90,37.02,37.09,37.11,37.13,37.03,36.67,36.60,36.56,36.30,36.21,36.09,36.02,35.64,35.50,35.50,35.49,35.49,35.48,35.48,35.48,35.64,35.73,35.83,35.87,35.92,35.92,35.91,35.90,35.90,35.89,35.85,35.85,35.87,36.34,36.51,36.60,38.10,38.23,38.27,38.39,38.38,38.37,38.37,37.83,37.69,37.59,37.56,37.54,37.53,37.47,37.42,37.39,37.26,37.42,37.48,37.50,37.83,37.86,38.15,38.25,38.26,38.30,38.30,38.34,38.37,38.42,38.55,38.61,38.73,39.05,39.63,39.68,39.85,39.90,39.90,39.89,39.89,39.89,39.88,39.87,39.87,39.63,39.53,39.35,39.36,39.36,39.37,39.60,39.86,40.06,40.36,40.43,40.46,40.99,40.89,40.88,40.87,40.87,40.87,40.86,40.64,40.59,40.55,40.30,40.26,40.00,39.92,39.91,39.89,39.88,39.87,39.78,39.44,39.40,39.37,39.30,39.27,38.98,38.64,38.52,38.48,38.35,38.18,38.04,37.94,37.77,37.61,37.42,37.11,36.80,36.18,35.63,35.51,35.49,35.44,35.45,35.66,36.78,37.24,37.64,37.88,38.34,38.82,39.18,39.60,40.18,40.38,41.62,41.92,41.94,41.95,41.96,41.97,41.97,41.98,41.99,41.99,41.97,41.69,41.55,41.38,41.15,40.64,40.07,38.91,38.42,37.90,37.83,37.77,37.64,39.37,39.52,39.66,39.77,39.85,40.23,40.43,40.75,41.13,41.23,41.21,41.18,40.95,40.72,40.61,39.38,40.56,40.63,40.67,40.89,41.31,41.37,41.40,41.43,41.47,41.49,41.52,41.55,41.68,41.65,41.63,41.61,41.60,40.98,40.87,40.83,40.66,40.76,40.81,40.85,40.90,40.94,41.04,41.23,41.30,41.38,41.57,41.62,41.87,42.30,42.47,42.64,43.41,43.49,43.47,43.44,43.01,42.75,41.80,41.52,41.36,41.51,41.55,41.69,41.73,41.77,41.82,41.85,41.79,41.80,41.81,41.81,41.81,41.82,41.82,42.74,42.79,42.89,42.94,44.47,44.59,44.65,44.93,45.09,45.14,45.21,45.21,45.22,45.23,45.24,45.39,45.46,45.53,46.05,46.10,46.23,46.32,46.50,46.78,46.86,46.95,46.97,46.99,46.99,47.00,47.00,47.01,47.01,47.01,47.18,47.25,47.30,47.55,47.72,48.14,48.47,48.67,49.06,49.21,50.30,50.64,50.85,50.73,50.47,50.43,50.40,50.34,50.32,50.27,50.19,50.25,50.32,50.37,50.56,50.78,50.99,51.17,51.54,51.82,51.87,51.87,51.87,51.87,51.87],\r\n\t\t\t\t\tgraphSpeed         : [],\r\n\t\t\t\t\tgraphHr            : [],\r\n\t\t\t\t\tgraphAtemp         : [],\r\n\t\t\t\t\tgraphCad           : [],\r\n\t\t\t\t\tgraphGrade         : [],\r\n\t\t\t\t\twaypoints          : [],\r\n\t\t\t\t\tunit               : \"2\",\r\n\t\t\t\t\tunitspeed          : \"0\",\r\n\t\t\t\t\tcolor1             : [\"#3366cc\"],\r\n\t\t\t\t\tcolor2             : \"#3366cc\",\r\n\t\t\t\t\tcolor3             : \"#ff0000\",\r\n\t\t\t\t\tcolor4             : \"#ff77bd\",\r\n\t\t\t\t\tcolor5             : \"#beecff\",\r\n\t\t\t\t\tcolor6             : \"#beecff\",\r\n\t\t\t\t\tcolor7             : \"#ff77bd\",\r\n\t\t\t\t\tchartFrom1         : \"\",\r\n\t\t\t\t\tchartTo1           : \"\",\r\n\t\t\t\t\tchartFrom2         : \"\",\r\n\t\t\t\t\tchartTo2           : \"\",\r\n\t\t\t\t\tstartIcon          : \"\",\r\n\t\t\t\t\tendIcon            : \"\",\r\n\t\t\t\t\tcurrentIcon        : \"\",\r\n\t\t\t\t\twaypointIcon       : \"https:\/\/lavia.cc\/gpx\/wp-content\/uploads\/gpx\/cropped-icona.ico\",\r\n\t\t\t\t\tcurrentpositioncon : \"\",\r\n\t\t\t\t\tusegpsposition     : \"\",\r\n\t\t\t\t\tzoomOnScrollWheel  : \"\",\r\n\t\t\t\t\tngGalleries        : [],\r\n\t\t\t\t\tngImages           : [],\r\n\t\t\t\t\tpluginUrl          : \"https:\/\/lavia.cc\/gpx\/wp-content\/plugins\",\r\n\t\t\t\t\tTFApiKey           : \"\",\r\n\t\t\t\t\tMapBoxApiKey           : \"\",\r\n\t\t\t\t\tlangs              : {\r\n\t\t\t\t\t\taltitude        : \"Altitudine\",\r\n\t\t\t\t\t\tcurrentPosition : \"Current position\",\r\n\t\t\t\t\t\tspeed           : \"Velocit\u00e0\",\r\n\t\t\t\t\t\tgrade           : \"Grade\",\r\n\t\t\t\t\t\theartRate       : \"Battito Cardiaco\",\r\n\t\t\t\t\t\tatemp           : \"Temperature\",\r\n\t\t\t\t\t\tcadence         : \"Cadenza\",\r\n\t\t\t\t\t\tgoFullScreen    : \"Go full screen\",\r\n\t\t\t\t\t\texitFullFcreen  : \"Exit full screen\",\r\n\t\t\t\t\t\thideImages      : \"Hide images\",\r\n\t\t\t\t\t\tshowImages      : \"Show images\",\r\n\t\t\t\t\t\tbackToCenter\t: \"Ritorna al centro della mappa\"\r\n\t\t\t\t\t}\r\n\t\t\t\t});\r\n\r\n\t\t\t});\r\n\r\n\t\t<\/script>\n<p>\ud83d\udfe2 Visita <a href=\"https:\/\/lavia.cc\/gpx\/\">LAVIA.CC<\/a> per altre tracce gpx e condividi le tue avventure con la nostra <a href=\"https:\/\/www.instagram.com\/lavia.cc\/\" target=\"_blank\" rel=\"noopener\">community<\/a>! \ud83d\udeb4\u200d\u2642\ufe0f\ud83c\udf32\ud83c\udfde\ufe0f<\/p>\n","protected":false},"excerpt":{"rendered":"<p>\ud83d\udeb5\ud83c\udffc La Ciclovia del Secchia \u00e8 un percorso ciclabile che si snoda lungo l&#8217;argine del fiume Secchia, offrendo un&#8217;esperienza nella natura e nella storia. Il percorso inizia con il centro storico di Modena, dove la Piazza Grande, patrimonio dell&#8217;UNESCO, offre uno spettacolo architettonico senza tempo. Proseguendo, si incontra la Riserva Naturale Orientata della Cassa di Espansione del fiume Secchia, un&#8217;area di eccezionale valore naturalistico e habitat per la sosta e nidificazione di uccelli, luogo ideale per gli appassionati di birdwatching e della fotografia naturalistica. Con una piccola deviazione \u00e8 possibile esplorare il centro storico di Campogalliano e la Pieve romanica di S. Faustino, mentre a Rubiera si pu\u00f2 ammirare l&#8217;antica Corte Ospitale. Il percorso offre anche la possibilit\u00e0 di attraversare il ponte &#8220;Barchetta&#8221; e di visitare il Santuario della Sassola, prima di immergersi negli ambienti naturali della cassa di espansione, tra boschi planiziali, cascine tipiche, canneti e distese d&#8217;acqua. Un itinerario di circa 25 km adatto a tutti i cicloturisti, grazie alle pendenze nulle che lo rendono accessibile anche ai meno esperti.<\/p>\n<p>\u26a0\ufe0f Per il ritorno \u00e8 possibile ripercorrere la stessa strada dell&#8217;andata o prendere il treno da Rubiera a Modena.<\/p>\n<p>\ud83d\udcf8 Foto di <a href=\"https:\/\/www.instagram.com\/gianluca_ste\/?g=5\" target=\"_blank\" rel=\"noopener\">@gianluca_ste<\/a><\/p>\n<p>\ud83d\udfe2 Segui\u00a0<strong>LAVIA,<\/strong>\u00a0arriva alla\u00a0<strong>META<\/strong>!<\/p>\n","protected":false},"featured_media":16596,"comment_status":"open","ping_status":"closed","template":"","meta":[],"product_brand":[],"product_cat":[30],"product_tag":[105,867,790],"class_list":{"0":"post-16527","1":"product","2":"type-product","3":"status-publish","4":"has-post-thumbnail","6":"product_cat-cicloturismo","7":"product_tag-emilia-romagna","8":"product_tag-modena","9":"product_tag-reggio-emilia","11":"first","12":"instock","13":"downloadable","14":"virtual","15":"product-type-simple"},"_links":{"self":[{"href":"https:\/\/lavia.cc\/gpx\/wp-json\/wp\/v2\/product\/16527","targetHints":{"allow":["GET"]}}],"collection":[{"href":"https:\/\/lavia.cc\/gpx\/wp-json\/wp\/v2\/product"}],"about":[{"href":"https:\/\/lavia.cc\/gpx\/wp-json\/wp\/v2\/types\/product"}],"replies":[{"embeddable":true,"href":"https:\/\/lavia.cc\/gpx\/wp-json\/wp\/v2\/comments?post=16527"}],"version-history":[{"count":6,"href":"https:\/\/lavia.cc\/gpx\/wp-json\/wp\/v2\/product\/16527\/revisions"}],"predecessor-version":[{"id":18339,"href":"https:\/\/lavia.cc\/gpx\/wp-json\/wp\/v2\/product\/16527\/revisions\/18339"}],"wp:featuredmedia":[{"embeddable":true,"href":"https:\/\/lavia.cc\/gpx\/wp-json\/wp\/v2\/media\/16596"}],"wp:attachment":[{"href":"https:\/\/lavia.cc\/gpx\/wp-json\/wp\/v2\/media?parent=16527"}],"wp:term":[{"taxonomy":"product_brand","embeddable":true,"href":"https:\/\/lavia.cc\/gpx\/wp-json\/wp\/v2\/product_brand?post=16527"},{"taxonomy":"product_cat","embeddable":true,"href":"https:\/\/lavia.cc\/gpx\/wp-json\/wp\/v2\/product_cat?post=16527"},{"taxonomy":"product_tag","embeddable":true,"href":"https:\/\/lavia.cc\/gpx\/wp-json\/wp\/v2\/product_tag?post=16527"}],"curies":[{"name":"wp","href":"https:\/\/api.w.org\/{rel}","templated":true}]}}