{"id":1675,"date":"2022-08-23T16:47:56","date_gmt":"2022-08-23T14:47:56","guid":{"rendered":"https:\/\/lavia.cc\/gpx\/?post_type=product&#038;p=1675"},"modified":"2024-07-29T21:09:00","modified_gmt":"2024-07-29T19:09:00","slug":"giro-dei-laghi-al-monviso","status":"publish","type":"product","link":"https:\/\/lavia.cc\/gpx\/tracce\/giro-dei-laghi-al-monviso\/","title":{"rendered":"Giro dei laghi al Monviso"},"content":{"rendered":"<h4>Giro dei laghi al Monviso<\/h4>\n<p>Mappa dell&#8217; <a href=\"https:\/\/lavia.cc\/gpx\/categoria-tracce\/escursionismo\/\">escursione.<\/a><\/p>\n\r\n\t\t<div id=\"wpgpxmaps_1675_4295646\" class=\"wpgpxmaps\">\r\n\t\t\t<div id=\"map_1675_4295646_cont\" style=\"width:100%; height:450px;position:relative\" >\r\n\t\t\t\t<div id=\"map_1675_4295646\" style=\"width:100%; height:450px\"><\/div>\r\n\t\t\t\t<div id=\"wpgpxmaps_1675_4295646_osm_footer\" class=\"wpgpxmaps_osm_footer\" style=\"display:none;\"><span> &copy; <a href=\"http:\/\/www.openstreetmap.org\/copyright\" target=\"_blank\" rel=\"noopener\">OpenStreetMap<\/a> contributors<\/span><\/div>\r\n\t\t\t<\/div>\r\n\t\t\t<canvas id=\"myChart_1675_4295646\" class=\"plot\" style=\"width:100%; height:200px\"><\/canvas>\r\n\t\t\t<div id=\"ngimages_1675_4295646\" class=\"ngimages\" style=\"display:none\"><\/div>\r\n\t\t\t<div id=\"report_1675_4295646\" class=\"report\"><\/div>\r\n\t\t<\/div>\r\n\t\t\r\n\t\t<script type=\"text\/javascript\">\r\n\r\n\t\t\tjQuery(document).ready(function() {\r\n\r\n\t\t\t\tjQuery( \"#wpgpxmaps_1675_4295646\" ).wpgpxmaps( {\r\n\t\t\t\t\ttargetId           : \"1675_4295646\",\r\n\t\t\t\t\tmapType            : \"HYBRID\",\r\n\t\t\t\t\tmapData            : [[44.6988750,7.1182290],[44.6990770,7.1185480],[44.6995810,7.1193210],[44.6996360,7.1189560],[44.6999330,7.1183480],[44.6998580,7.1181170],[44.6998590,7.1179300],[44.6999420,7.1170380],[44.7001740,7.1165730],[44.7003340,7.1159480],[44.7001910,7.1153400],[44.7002040,7.1149130],[44.7002400,7.1147790],[44.7001390,7.1138170],[44.7001720,7.1130720],[44.7002630,7.1125770],[44.7003180,7.1123160],[44.7002830,7.1119030],[44.7004980,7.1115060],[44.7004470,7.1110050],[44.7005890,7.1103650],[44.7005570,7.1100590],[44.7004660,7.1098650],[44.7004040,7.1092980],[44.7001620,7.1086430],[44.6993680,7.1074680],[44.6990770,7.1061650],[44.6989550,7.1058500],[44.6988050,7.1056430],[44.6987350,7.1053380],[44.6985740,7.1051510],[44.6981540,7.1049050],[44.6975670,7.1042110],[44.6972900,7.1032860],[44.6973150,7.1030110],[44.6975910,7.1026370],[44.6976360,7.1023910],[44.6975310,7.1014120],[44.6975910,7.1010770],[44.6979060,7.1005120],[44.6981050,7.0999750],[44.6982520,7.0997980],[44.6983950,7.0995480],[44.6985010,7.0994530],[44.6986600,7.0990280],[44.6987460,7.0989890],[44.6988950,7.0987000],[44.6989420,7.0988850],[44.6992170,7.0986660],[44.6992620,7.0990020],[44.6993520,7.0991950],[44.6993370,7.0993750],[44.6996470,7.0990440],[44.6998400,7.0987380],[44.6998550,7.0991630],[44.7000530,7.0987810],[44.6999600,7.0985600],[44.7000810,7.0983010],[44.7001060,7.0984610],[44.7002630,7.0981800],[44.7002680,7.0979960],[44.7002990,7.0975060],[44.7003580,7.0973580],[44.7004760,7.0974540],[44.7004980,7.0972140],[44.7005340,7.0970680],[44.7007770,7.0964660],[44.7008880,7.0962620],[44.7009970,7.0959610],[44.7011370,7.0954050],[44.7012170,7.0946690],[44.7008590,7.0940490],[44.7008340,7.0938070],[44.7008770,7.0936500],[44.7007980,7.0934790],[44.7005890,7.0934340],[44.7003950,7.0929600],[44.7003180,7.0928770],[44.7003890,7.0928180],[44.7000660,7.0924970],[44.6996120,7.0930200],[44.6992520,7.0931340],[44.6985930,7.0930120],[44.6983370,7.0930590],[44.6982650,7.0932490],[44.6980750,7.0932590],[44.6980110,7.0934100],[44.6976190,7.0928980],[44.6975290,7.0927780],[44.6976190,7.0928980],[44.6974430,7.0931770],[44.6973280,7.0930790],[44.6972200,7.0930970],[44.6966920,7.0937250],[44.6963060,7.0938980],[44.6961970,7.0940060],[44.6961340,7.0941650],[44.6958510,7.0944120],[44.6952560,7.0945940],[44.6951210,7.0945430],[44.6949210,7.0944560],[44.6948110,7.0944840],[44.6945690,7.0943980],[44.6944190,7.0945310],[44.6940440,7.0944640],[44.6939140,7.0945430],[44.6935670,7.0946100],[44.6934220,7.0945840],[44.6933550,7.0949310],[44.6932250,7.0952210],[44.6931250,7.0950700],[44.6927470,7.0950800],[44.6925360,7.0952560],[44.6924530,7.0954140],[44.6923630,7.0954450],[44.6924620,7.0955850],[44.6920740,7.0957750],[44.6914740,7.0959510],[44.6912850,7.0966040],[44.6911030,7.0968480],[44.6907320,7.0971090],[44.6907060,7.0972570],[44.6907210,7.0973410],[44.6904920,7.0974880],[44.6903540,7.0976510],[44.6903060,7.0977890],[44.6896540,7.0981020],[44.6893830,7.0981720],[44.6893750,7.0979380],[44.6892640,7.0978220],[44.6891280,7.0981220],[44.6890070,7.0980220],[44.6885210,7.0979140],[44.6880120,7.0979730],[44.6878800,7.0979400],[44.6876900,7.0979340],[44.6876150,7.0978560],[44.6874940,7.0980130],[44.6874810,7.0978550],[44.6874120,7.0977310],[44.6872270,7.0976090],[44.6869530,7.0974770],[44.6867940,7.0973490],[44.6867940,7.0972190],[44.6867600,7.0970870],[44.6866310,7.0970100],[44.6865410,7.0966520],[44.6865720,7.0961170],[44.6866720,7.0960980],[44.6866360,7.0959980],[44.6866250,7.0958600],[44.6867960,7.0960040],[44.6867930,7.0957690],[44.6870360,7.0953380],[44.6870860,7.0951590],[44.6872370,7.0950710],[44.6873820,7.0946090],[44.6873390,7.0941960],[44.6869960,7.0937060],[44.6869970,7.0934560],[44.6874050,7.0927910],[44.6874690,7.0924470],[44.6874690,7.0917610],[44.6876610,7.0910310],[44.6882230,7.0909260],[44.6883270,7.0907380],[44.6884880,7.0905860],[44.6887040,7.0901570],[44.6891040,7.0900610],[44.6894870,7.0897010],[44.6895830,7.0895110],[44.6897750,7.0894390],[44.6898210,7.0892820],[44.6901440,7.0892080],[44.6905230,7.0888920],[44.6908380,7.0887570],[44.6915460,7.0886060],[44.6918460,7.0883780],[44.6919540,7.0881770],[44.6924900,7.0880060],[44.6928110,7.0879970],[44.6934940,7.0881260],[44.6939920,7.0883620],[44.6947000,7.0891000],[44.6954730,7.0896150],[44.6965670,7.0898940],[44.6969530,7.0903230],[44.6969960,7.0908380],[44.6972320,7.0908160],[44.6972540,7.0904950],[44.6973610,7.0903870],[44.6974300,7.0901670],[44.6977040,7.0902350],[44.6985840,7.0898720],[44.6989460,7.0899410],[44.6990350,7.0899580],[44.7001550,7.0897000],[44.7009780,7.0896580],[44.7012960,7.0895180],[44.7014260,7.0896890],[44.7018300,7.0894390],[44.7019150,7.0895040],[44.7019260,7.0897220],[44.7019130,7.0898560],[44.7021140,7.0901580],[44.7022910,7.0909070],[44.7022610,7.0917230],[44.7022480,7.0923860],[44.7020600,7.0931880],[44.7020770,7.0933630],[44.7017080,7.0942900],[44.7016100,7.0949070],[44.7013780,7.0955470],[44.7011830,7.0958180],[44.7009970,7.0959610],[44.7008880,7.0962620],[44.7007890,7.0964310],[44.7005340,7.0970680],[44.7004980,7.0972140],[44.7004800,7.0974170],[44.7003580,7.0973580],[44.7002990,7.0975060],[44.7002680,7.0979960],[44.7002630,7.0981800],[44.7002010,7.0983260],[44.6999770,7.0990500],[44.6995360,7.0991590],[44.6991980,7.0986790],[44.6987430,7.0989740],[44.6986600,7.0990280],[44.6985010,7.0994530],[44.6983950,7.0995480],[44.6983380,7.0997780],[44.6981050,7.0999750],[44.6979060,7.1005120],[44.6975910,7.1010770],[44.6975310,7.1014120],[44.6976360,7.1023910],[44.6975910,7.1026370],[44.6973150,7.1030110],[44.6972900,7.1032860],[44.6975670,7.1042110],[44.6981540,7.1049050],[44.6985740,7.1051510],[44.6987350,7.1053380],[44.6988050,7.1056430],[44.6989550,7.1058500],[44.6990770,7.1061650],[44.6993680,7.1074680],[44.7001620,7.1086430],[44.7004040,7.1092980],[44.7004660,7.1098650],[44.7005570,7.1100590],[44.7005890,7.1103650],[44.7004470,7.1110050],[44.7004980,7.1115060],[44.7002830,7.1119030],[44.7003180,7.1123160],[44.7002630,7.1125770],[44.7001720,7.1130720],[44.7001390,7.1138170],[44.7002400,7.1147790],[44.7002040,7.1149130],[44.7001910,7.1153400],[44.7003340,7.1159480],[44.7001740,7.1165730],[44.6999420,7.1170380],[44.6998590,7.1179300],[44.6998580,7.1181170],[44.6999330,7.1183480],[44.6996360,7.1189560],[44.6995930,7.1193240],[44.6995670,7.1195530],[44.6993050,7.1189650],[44.6991780,7.1189950],[44.6991040,7.1188770],[44.6990910,7.1186290],[44.6990970,7.1184540],[44.6992570,7.1185590]],\r\n\t\t\t\t\tgraphDist          : [0.00,0.03,0.12,0.15,0.21,0.23,0.24,0.31,0.36,0.41,0.46,0.49,0.51,0.58,0.64,0.68,0.71,0.74,0.78,0.82,0.87,0.90,0.91,0.96,1.02,1.15,1.26,1.29,1.31,1.34,1.36,1.41,1.50,1.57,1.60,1.64,1.66,1.74,1.77,1.82,1.87,1.90,1.92,1.94,1.98,1.99,2.02,2.03,2.07,2.10,2.12,2.13,2.18,2.21,2.25,2.28,2.31,2.33,2.34,2.37,2.39,2.43,2.44,2.46,2.48,2.49,2.55,2.57,2.59,2.64,2.70,2.76,2.78,2.80,2.81,2.84,2.88,2.89,2.90,2.95,3.01,3.06,3.14,3.17,3.19,3.21,3.22,3.28,3.30,3.31,3.34,3.36,3.37,3.44,3.49,3.50,3.52,3.56,3.62,3.64,3.67,3.68,3.71,3.73,3.77,3.78,3.82,3.85,3.88,3.91,3.93,3.97,4.00,4.01,4.02,4.04,4.09,4.16,4.21,4.24,4.29,4.30,4.31,4.34,4.36,4.38,4.46,4.49,4.51,4.52,4.55,4.57,4.62,4.68,4.70,4.72,4.73,4.75,4.77,4.78,4.81,4.84,4.86,4.87,4.88,4.90,4.93,4.98,4.99,5.00,5.01,5.04,5.06,5.10,5.12,5.15,5.19,5.22,5.27,5.29,5.36,5.39,5.45,5.51,5.57,5.59,5.61,5.65,5.70,5.75,5.77,5.80,5.82,5.86,5.91,5.94,6.02,6.06,6.08,6.14,6.18,6.25,6.31,6.41,6.51,6.63,6.69,6.73,6.76,6.79,6.80,6.82,6.85,6.96,7.00,7.01,7.14,7.24,7.27,7.29,7.34,7.35,7.37,7.38,7.42,7.48,7.55,7.60,7.67,7.68,7.77,7.82,7.88,7.91,7.93,7.96,7.98,8.04,8.05,8.07,8.09,8.10,8.14,8.15,8.17,8.23,8.29,8.34,8.41,8.42,8.46,8.47,8.49,8.52,8.57,8.63,8.66,8.74,8.76,8.80,8.82,8.90,8.99,9.04,9.06,9.09,9.11,9.14,9.25,9.38,9.44,9.48,9.50,9.53,9.58,9.62,9.66,9.69,9.71,9.75,9.81,9.89,9.90,9.94,9.99,10.04,10.08,10.16,10.17,10.19,10.25,10.28,10.30,10.35,10.37,10.38,10.40,10.41,10.43],\r\n\t\t\t\t\tgraphEle           : [1704.50,1704.50,1709.50,1712.70,1718.80,1718.30,1718.00,1720.40,1722.50,1721.40,1723.30,1725.20,1726.00,1735.40,1742.90,1748.90,1752.30,1757.20,1760.50,1765.10,1769.80,1773.10,1775.50,1784.00,1795.60,1812.60,1821.00,1824.50,1826.80,1829.50,1832.20,1839.00,1849.10,1854.90,1855.60,1857.70,1859.20,1863.70,1869.00,1883.60,1894.00,1898.80,1902.50,1903.90,1913.30,1916.70,1923.20,1927.00,1937.30,1947.80,1952.70,1956.10,1966.70,1973.90,1981.60,1987.00,1988.30,1990.90,1993.00,1997.70,1999.50,2006.10,2003.50,1997.40,1999.50,2000.80,2005.00,2010.90,2017.10,2018.50,2021.10,2022.70,2022.60,2022.50,2022.60,2022.90,2023.90,2024.20,2023.00,2036.30,2046.10,2060.50,2091.30,2096.30,2098.70,2101.80,2103.70,2111.30,2111.60,2111.30,2113.40,2113.40,2113.30,2111.80,2112.10,2112.20,2112.10,2111.90,2112.80,2112.60,2112.60,2112.90,2114.60,2115.20,2117.60,2119.00,2122.50,2126.70,2133.00,2138.40,2141.70,2147.60,2153.20,2156.10,2157.50,2160.30,2170.50,2181.30,2191.40,2198.00,2207.60,2210.70,2213.70,2219.80,2224.80,2227.90,2245.10,2248.40,2249.40,2249.10,2253.30,2256.80,2259.50,2267.50,2271.30,2277.40,2280.70,2285.50,2288.10,2290.80,2297.40,2303.50,2303.60,2305.80,2309.70,2313.80,2318.50,2326.70,2329.20,2332.80,2335.30,2340.50,2344.70,2350.40,2353.10,2358.10,2363.60,2370.40,2372.40,2371.20,2366.40,2366.30,2370.50,2380.80,2388.60,2388.60,2385.80,2378.90,2371.80,2367.90,2364.80,2358.50,2352.40,2341.40,2337.80,2336.90,2335.70,2334.80,2334.20,2331.50,2329.20,2325.90,2316.00,2320.00,2322.20,2295.10,2276.70,2267.00,2260.20,2251.30,2246.20,2240.20,2235.50,2211.50,2199.40,2196.30,2162.10,2144.70,2139.30,2133.80,2130.80,2130.40,2129.10,2126.00,2116.10,2096.30,2082.40,2070.60,2060.90,2057.40,2041.70,2033.10,2025.60,2020.80,2017.10,2011.00,2005.20,2000.80,1999.50,1997.40,2003.90,2006.10,1999.50,1997.70,1995.80,1989.10,1966.00,1947.60,1915.60,1911.70,1903.50,1902.10,1899.70,1893.20,1882.60,1868.10,1863.50,1858.90,1857.50,1855.50,1854.90,1848.90,1838.80,1832.10,1829.40,1826.80,1824.50,1821.10,1812.80,1795.80,1784.20,1775.60,1773.20,1769.90,1765.20,1760.60,1757.30,1752.40,1749.10,1742.80,1735.40,1726.00,1725.20,1723.40,1721.40,1722.50,1720.40,1718.00,1718.30,1718.80,1712.60,1709.40,1707.70,1705.20,1705.00,1704.60,1704.50,1704.50,1704.50],\r\n\t\t\t\t\tgraphSpeed         : [],\r\n\t\t\t\t\tgraphHr            : [],\r\n\t\t\t\t\tgraphAtemp         : [],\r\n\t\t\t\t\tgraphCad           : [],\r\n\t\t\t\t\tgraphGrade         : [],\r\n\t\t\t\t\twaypoints          : [],\r\n\t\t\t\t\tunit               : \"2\",\r\n\t\t\t\t\tunitspeed          : \"0\",\r\n\t\t\t\t\tcolor1             : [\"#3366cc\"],\r\n\t\t\t\t\tcolor2             : \"#3366cc\",\r\n\t\t\t\t\tcolor3             : \"#ff0000\",\r\n\t\t\t\t\tcolor4             : \"#ff77bd\",\r\n\t\t\t\t\tcolor5             : \"#beecff\",\r\n\t\t\t\t\tcolor6             : \"#beecff\",\r\n\t\t\t\t\tcolor7             : \"#ff77bd\",\r\n\t\t\t\t\tchartFrom1         : \"\",\r\n\t\t\t\t\tchartTo1           : \"\",\r\n\t\t\t\t\tchartFrom2         : \"\",\r\n\t\t\t\t\tchartTo2           : \"\",\r\n\t\t\t\t\tstartIcon          : \"\",\r\n\t\t\t\t\tendIcon            : \"\",\r\n\t\t\t\t\tcurrentIcon        : \"\",\r\n\t\t\t\t\twaypointIcon       : \"https:\/\/lavia.cc\/gpx\/wp-content\/uploads\/gpx\/cropped-icona.ico\",\r\n\t\t\t\t\tcurrentpositioncon : \"\",\r\n\t\t\t\t\tusegpsposition     : \"\",\r\n\t\t\t\t\tzoomOnScrollWheel  : \"\",\r\n\t\t\t\t\tngGalleries        : [],\r\n\t\t\t\t\tngImages           : [],\r\n\t\t\t\t\tpluginUrl          : \"https:\/\/lavia.cc\/gpx\/wp-content\/plugins\",\r\n\t\t\t\t\tTFApiKey           : \"\",\r\n\t\t\t\t\tMapBoxApiKey           : \"\",\r\n\t\t\t\t\tlangs              : {\r\n\t\t\t\t\t\taltitude        : \"Altitudine\",\r\n\t\t\t\t\t\tcurrentPosition : \"Current position\",\r\n\t\t\t\t\t\tspeed           : \"Velocit\u00e0\",\r\n\t\t\t\t\t\tgrade           : \"Grade\",\r\n\t\t\t\t\t\theartRate       : \"Battito Cardiaco\",\r\n\t\t\t\t\t\tatemp           : \"Temperature\",\r\n\t\t\t\t\t\tcadence         : \"Cadenza\",\r\n\t\t\t\t\t\tgoFullScreen    : \"Go full screen\",\r\n\t\t\t\t\t\texitFullFcreen  : \"Exit full screen\",\r\n\t\t\t\t\t\thideImages      : \"Hide images\",\r\n\t\t\t\t\t\tshowImages      : \"Show images\",\r\n\t\t\t\t\t\tbackToCenter\t: \"Ritorna al centro della mappa\"\r\n\t\t\t\t\t}\r\n\t\t\t\t});\r\n\r\n\t\t\t});\r\n\r\n\t\t<\/script>\n<p>Clicca qui per raggiungere il punto di partenza: <a href=\"https:\/\/www.google.com\/maps\/place\/Rifugio+Pian+della+Regina\/@44.6978494,7.1132661,15.75z\/data=!4m16!1m7!3m6!1s0x0:0x5f6e2abae646d759!2zNDTCsDQxJzU1LjkiTiA3wrAwNycwNS42IkU!3b1!8m2!3d44.69887!4d7.11822!3m7!1s0x12cd298bba3c2e2b:0xd6b8c22ba8f40c93!5m2!4m1!1i2!8m2!3d44.7007187!4d7.1177563\" target=\"_blank\" rel=\"noopener\">Google Maps<\/a><\/p>\n","protected":false},"excerpt":{"rendered":"<p>Il Re di Pietra. La vetta del Monviso, 3841 metri, \u00e8 la pi\u00f9 alta delle Alpi Cozie, in Piemonte. Un ambiente di rara bellezza e una delle montagne pi\u00f9 amate dell\u2019arco alpino, anche se non tra le pi\u00f9 note al grande pubblico. Il primo scalatore italiano a raggiugere la cima fu Quintino Sella, il 3 volte Ministro delle Finanze del Regno d\u2019Italia, il 12 agosto del 1863. Il punto di partenza per percorrere la base del massiccio \u00e8 Pian della Regina, passando poi dal Pian del Re dove si trovano anche le famose Sorgenti del Po. L\u2019itinerario \u00e8 molto frequentato nella stagione estiva, ma noi consigliamo di percorrerlo nelle terse giornate di inizio autunno, cos\u00ec da gustarlo con pi\u00f9 quiete e maggior probabilit\u00e0 di osservare il Monviso libero dalle nebbie che normalmente attira dalla pianura. Un percorso facile, ma con un tratto in cui prestare attenzione: l\u2019attraversamento di una cascata dell\u2019emissario del lago Superiore.<\/p>\n<p>\ud83d\udfe2\u00a0Segui LAVIA!<\/p>\n","protected":false},"featured_media":1676,"comment_status":"open","ping_status":"closed","template":"","meta":[],"product_brand":[],"product_cat":[31],"product_tag":[191,190,192,89],"class_list":{"0":"post-1675","1":"product","2":"type-product","3":"status-publish","4":"has-post-thumbnail","6":"product_cat-escursionismo","7":"product_tag-alpi-cozie","8":"product_tag-cuneo","9":"product_tag-pian-della-regina","10":"product_tag-piemonte","12":"first","13":"instock","14":"downloadable","15":"virtual","16":"product-type-simple"},"_links":{"self":[{"href":"https:\/\/lavia.cc\/gpx\/wp-json\/wp\/v2\/product\/1675","targetHints":{"allow":["GET"]}}],"collection":[{"href":"https:\/\/lavia.cc\/gpx\/wp-json\/wp\/v2\/product"}],"about":[{"href":"https:\/\/lavia.cc\/gpx\/wp-json\/wp\/v2\/types\/product"}],"replies":[{"embeddable":true,"href":"https:\/\/lavia.cc\/gpx\/wp-json\/wp\/v2\/comments?post=1675"}],"version-history":[{"count":5,"href":"https:\/\/lavia.cc\/gpx\/wp-json\/wp\/v2\/product\/1675\/revisions"}],"predecessor-version":[{"id":3335,"href":"https:\/\/lavia.cc\/gpx\/wp-json\/wp\/v2\/product\/1675\/revisions\/3335"}],"wp:featuredmedia":[{"embeddable":true,"href":"https:\/\/lavia.cc\/gpx\/wp-json\/wp\/v2\/media\/1676"}],"wp:attachment":[{"href":"https:\/\/lavia.cc\/gpx\/wp-json\/wp\/v2\/media?parent=1675"}],"wp:term":[{"taxonomy":"product_brand","embeddable":true,"href":"https:\/\/lavia.cc\/gpx\/wp-json\/wp\/v2\/product_brand?post=1675"},{"taxonomy":"product_cat","embeddable":true,"href":"https:\/\/lavia.cc\/gpx\/wp-json\/wp\/v2\/product_cat?post=1675"},{"taxonomy":"product_tag","embeddable":true,"href":"https:\/\/lavia.cc\/gpx\/wp-json\/wp\/v2\/product_tag?post=1675"}],"curies":[{"name":"wp","href":"https:\/\/api.w.org\/{rel}","templated":true}]}}