{"id":1683,"date":"2022-08-23T17:25:40","date_gmt":"2022-08-23T15:25:40","guid":{"rendered":"https:\/\/lavia.cc\/gpx\/?post_type=product&#038;p=1683"},"modified":"2024-07-29T21:09:30","modified_gmt":"2024-07-29T19:09:30","slug":"anello-rocca-la-meja-sentiero-gino-gertosio","status":"publish","type":"product","link":"https:\/\/lavia.cc\/gpx\/tracce\/anello-rocca-la-meja-sentiero-gino-gertosio\/","title":{"rendered":"Anello Tour Rocca La Meja &#8211; Sentiero Gino Gertosio"},"content":{"rendered":"<h4>Anello Tour Rocca La Meja &#8211; Sentiero Gino Gertosio<\/h4>\n<p>Mappa dell&#8217;<a href=\"https:\/\/lavia.cc\/gpx\/categoria-tracce\/escursionismo\/\">escursione<\/a> Anello Tour Rocca La Meja &#8211; Sentiero Gino Gertosio<\/p>\n<p>Clicca qui per raggiungere il punto di partenza: <a href=\"https:\/\/www.google.com\/maps\/place\/Grange+Selvest\/@44.425539,7.048452,15.63z\/data=!4m13!1m7!3m6!1s0x0:0x63960712c344d3d7!2zNDTCsDI1JzE0LjIiTiA3wrAwMic1NC45IkU!3b1!8m2!3d44.42062!4d7.04857!3m4!1s0x12cce17fc0e1ea37:0x2d8c846d88282d1d!8m2!3d44.4217227!4d7.0492143\" target=\"_blank\" rel=\"noopener\">Google Maps<\/a><\/p>\n\r\n\t\t<div id=\"wpgpxmaps_1683_2528044\" class=\"wpgpxmaps\">\r\n\t\t\t<div id=\"map_1683_2528044_cont\" style=\"width:100%; height:450px;position:relative\" >\r\n\t\t\t\t<div id=\"map_1683_2528044\" style=\"width:100%; height:450px\"><\/div>\r\n\t\t\t\t<div id=\"wpgpxmaps_1683_2528044_osm_footer\" class=\"wpgpxmaps_osm_footer\" style=\"display:none;\"><span> &copy; <a href=\"http:\/\/www.openstreetmap.org\/copyright\" target=\"_blank\" rel=\"noopener\">OpenStreetMap<\/a> contributors<\/span><\/div>\r\n\t\t\t<\/div>\r\n\t\t\t<canvas id=\"myChart_1683_2528044\" class=\"plot\" style=\"width:100%; height:200px\"><\/canvas>\r\n\t\t\t<div id=\"ngimages_1683_2528044\" class=\"ngimages\" style=\"display:none\"><\/div>\r\n\t\t\t<div id=\"report_1683_2528044\" class=\"report\"><\/div>\r\n\t\t<\/div>\r\n\t\t\r\n\t\t<script type=\"text\/javascript\">\r\n\r\n\t\t\tjQuery(document).ready(function() {\r\n\r\n\t\t\t\tjQuery( \"#wpgpxmaps_1683_2528044\" ).wpgpxmaps( {\r\n\t\t\t\t\ttargetId           : \"1683_2528044\",\r\n\t\t\t\t\tmapType            : \"HYBRID\",\r\n\t\t\t\t\tmapData            : [[44.4206280,7.0485730],[44.4202510,7.0483770],[44.4194120,7.0476810],[44.4193030,7.0474030],[44.4191650,7.0472250],[44.4186670,7.0474320],[44.4183020,7.0474780],[44.4181290,7.0474560],[44.4180330,7.0473410],[44.4179120,7.0472480],[44.4178110,7.0472100],[44.4178710,7.0473830],[44.4179250,7.0475220],[44.4179610,7.0476840],[44.4179980,7.0478460],[44.4180340,7.0479820],[44.4180290,7.0481230],[44.4179810,7.0479930],[44.4178960,7.0478770],[44.4177410,7.0477750],[44.4176070,7.0476890],[44.4174790,7.0475970],[44.4173800,7.0475860],[44.4175100,7.0477480],[44.4179260,7.0487300],[44.4172280,7.0482280],[44.4167910,7.0480060],[44.4163690,7.0479810],[44.4162200,7.0479050],[44.4156310,7.0474890],[44.4153750,7.0471240],[44.4149270,7.0473060],[44.4141440,7.0470580],[44.4137960,7.0468500],[44.4132750,7.0462710],[44.4130130,7.0462630],[44.4124830,7.0460540],[44.4123420,7.0459240],[44.4123820,7.0457310],[44.4121950,7.0457810],[44.4121160,7.0456840],[44.4119750,7.0456870],[44.4117290,7.0461690],[44.4114700,7.0460620],[44.4113070,7.0460830],[44.4111450,7.0463990],[44.4110610,7.0464480],[44.4108840,7.0463990],[44.4107640,7.0462570],[44.4106010,7.0459170],[44.4102620,7.0458630],[44.4100800,7.0458350],[44.4101870,7.0459560],[44.4103990,7.0461500],[44.4106540,7.0467720],[44.4108000,7.0469940],[44.4106010,7.0469600],[44.4104370,7.0469790],[44.4103180,7.0469930],[44.4103260,7.0472320],[44.4101590,7.0472820],[44.4100830,7.0474320],[44.4099880,7.0478380],[44.4099490,7.0485020],[44.4098420,7.0486190],[44.4096630,7.0486160],[44.4095420,7.0486830],[44.4094480,7.0489140],[44.4092430,7.0490650],[44.4089690,7.0490760],[44.4088270,7.0491470],[44.4087070,7.0490820],[44.4080210,7.0491290],[44.4079170,7.0492310],[44.4077300,7.0496590],[44.4074580,7.0498170],[44.4072950,7.0497940],[44.4071500,7.0501040],[44.4071820,7.0503470],[44.4070260,7.0506370],[44.4068870,7.0506240],[44.4067570,7.0506900],[44.4064720,7.0509640],[44.4063380,7.0509870],[44.4060770,7.0508860],[44.4059550,7.0509100],[44.4056490,7.0505670],[44.4055540,7.0507380],[44.4053320,7.0508240],[44.4052540,7.0509560],[44.4051100,7.0505120],[44.4049300,7.0502630],[44.4048370,7.0501930],[44.4045090,7.0501460],[44.4042750,7.0499160],[44.4042460,7.0497950],[44.4043960,7.0494880],[44.4040080,7.0495640],[44.4039670,7.0497100],[44.4038960,7.0496160],[44.4038340,7.0497420],[44.4037000,7.0497160],[44.4037030,7.0495540],[44.4035580,7.0494400],[44.4035210,7.0496140],[44.4034280,7.0497570],[44.4033530,7.0496420],[44.4032160,7.0491790],[44.4029190,7.0490310],[44.4028120,7.0488740],[44.4026550,7.0485260],[44.4024680,7.0482690],[44.4023050,7.0478630],[44.4020620,7.0476560],[44.4018110,7.0476240],[44.4016340,7.0476840],[44.4014610,7.0478780],[44.4013240,7.0479340],[44.4011360,7.0479390],[44.4009670,7.0480220],[44.4008050,7.0477650],[44.4007370,7.0475350],[44.4005580,7.0473760],[44.4001360,7.0473840],[44.3997960,7.0469350],[44.3991770,7.0469180],[44.3988580,7.0472510],[44.3985020,7.0478030],[44.3979090,7.0493800],[44.3976150,7.0500590],[44.3975620,7.0508760],[44.3972380,7.0518680],[44.3972740,7.0523740],[44.3971340,7.0525120],[44.3969580,7.0526420],[44.3968290,7.0528220],[44.3968850,7.0543500],[44.3968110,7.0546430],[44.3970130,7.0551740],[44.3970560,7.0555350],[44.3970320,7.0559550],[44.3969450,7.0561460],[44.3967110,7.0562930],[44.3963190,7.0571240],[44.3962080,7.0572600],[44.3961080,7.0572920],[44.3959460,7.0575690],[44.3958300,7.0575950],[44.3954410,7.0580660],[44.3952100,7.0582380],[44.3947810,7.0583500],[44.3945170,7.0585560],[44.3942470,7.0586590],[44.3938370,7.0587450],[44.3937140,7.0590120],[44.3935790,7.0593970],[44.3936950,7.0594820],[44.3936130,7.0596510],[44.3936280,7.0598950],[44.3939100,7.0602510],[44.3937500,7.0605580],[44.3935970,7.0616800],[44.3936160,7.0621010],[44.3935360,7.0624440],[44.3933160,7.0627800],[44.3932630,7.0629510],[44.3930030,7.0631740],[44.3927470,7.0637130],[44.3922180,7.0637920],[44.3917880,7.0641180],[44.3914320,7.0646930],[44.3910520,7.0651650],[44.3907460,7.0656800],[44.3904140,7.0658940],[44.3901750,7.0661950],[44.3891260,7.0677050],[44.3883410,7.0681600],[44.3881670,7.0681030],[44.3881830,7.0688990],[44.3882510,7.0690510],[44.3884520,7.0699990],[44.3884390,7.0707370],[44.3888400,7.0709920],[44.3891450,7.0717840],[44.3896270,7.0720850],[44.3895440,7.0724600],[44.3897710,7.0731740],[44.3897420,7.0734600],[44.3898200,7.0738060],[44.3899030,7.0739850],[44.3900010,7.0737880],[44.3900570,7.0736800],[44.3901010,7.0735090],[44.3901650,7.0733790],[44.3902120,7.0732020],[44.3902860,7.0730410],[44.3901300,7.0731000],[44.3901730,7.0731200],[44.3901870,7.0729890],[44.3901810,7.0730770],[44.3902000,7.0730730],[44.3902220,7.0731240],[44.3902020,7.0732980],[44.3901340,7.0735020],[44.3901030,7.0736270],[44.3900030,7.0738190],[44.3899840,7.0739420],[44.3902280,7.0746930],[44.3903400,7.0749080],[44.3904870,7.0755790],[44.3908490,7.0763660],[44.3909280,7.0766730],[44.3909470,7.0769370],[44.3907840,7.0773130],[44.3905310,7.0776720],[44.3902100,7.0786210],[44.3901090,7.0787650],[44.3897580,7.0790390],[44.3894100,7.0796620],[44.3891360,7.0798410],[44.3889200,7.0801060],[44.3888760,7.0806290],[44.3888990,7.0806030],[44.3888300,7.0807700],[44.3887550,7.0808700],[44.3886860,7.0810240],[44.3886330,7.0811460],[44.3885930,7.0812540],[44.3885730,7.0814390],[44.3885400,7.0816000],[44.3884560,7.0817940],[44.3884160,7.0819130],[44.3883680,7.0820480],[44.3883220,7.0821530],[44.3881170,7.0824050],[44.3877060,7.0828150],[44.3873330,7.0828320],[44.3873780,7.0827920],[44.3874160,7.0828690],[44.3875160,7.0828680],[44.3876600,7.0829060],[44.3877730,7.0829400],[44.3879020,7.0829990],[44.3880750,7.0829690],[44.3879980,7.0831440],[44.3879570,7.0832940],[44.3879590,7.0834380],[44.3877990,7.0838420],[44.3877580,7.0845800],[44.3871990,7.0852650],[44.3870180,7.0857170],[44.3869410,7.0861120],[44.3869000,7.0870020],[44.3870610,7.0876500],[44.3875180,7.0882130],[44.3877730,7.0889380],[44.3878530,7.0893000],[44.3883400,7.0901940],[44.3884480,7.0906510],[44.3887210,7.0907680],[44.3888060,7.0909030],[44.3890070,7.0910540],[44.3890990,7.0912000],[44.3891600,7.0914330],[44.3892980,7.0915620],[44.3893790,7.0917590],[44.3895170,7.0919090],[44.3896210,7.0924530],[44.3895610,7.0930270],[44.3895880,7.0932550],[44.3896640,7.0930540],[44.3899630,7.0930240],[44.3901680,7.0928790],[44.3903800,7.0925960],[44.3907080,7.0924250],[44.3908590,7.0924370],[44.3909640,7.0923490],[44.3910640,7.0924050],[44.3913570,7.0924050],[44.3918760,7.0926080],[44.3924430,7.0929750],[44.3927760,7.0931110],[44.3927910,7.0935170],[44.3928480,7.0937090],[44.3929330,7.0937610],[44.3931690,7.0938280],[44.3933520,7.0937760],[44.3934740,7.0939440],[44.3936050,7.0936490],[44.3938190,7.0941550],[44.3941350,7.0943110],[44.3942580,7.0941990],[44.3943200,7.0947030],[44.3945630,7.0939920],[44.3945500,7.0936610],[44.3944980,7.0931770],[44.3945600,7.0929670],[44.3944940,7.0927880],[44.3945450,7.0925250],[44.3944930,7.0921840],[44.3943780,7.0919240],[44.3942350,7.0913080],[44.3942820,7.0908640],[44.3944240,7.0904840],[44.3944770,7.0896400],[44.3945800,7.0893310],[44.3950610,7.0887440],[44.3954260,7.0884670],[44.3957510,7.0880570],[44.3958590,7.0877770],[44.3962670,7.0874110],[44.3964960,7.0869360],[44.3966700,7.0862330],[44.3965950,7.0860620],[44.3964270,7.0859400],[44.3963390,7.0854810],[44.3961970,7.0854460],[44.3961470,7.0852800],[44.3961030,7.0847170],[44.3959240,7.0844660],[44.3959840,7.0840900],[44.3961560,7.0836330],[44.3962580,7.0836030],[44.3961620,7.0834350],[44.3965630,7.0824500],[44.3969320,7.0819440],[44.3968630,7.0816700],[44.3968660,7.0814520],[44.3967580,7.0812860],[44.3966950,7.0810230],[44.3968550,7.0801160],[44.3969670,7.0799100],[44.3970190,7.0796430],[44.3970160,7.0790830],[44.3971070,7.0790230],[44.3980070,7.0787850],[44.3984740,7.0785030],[44.3993480,7.0782630],[44.3996640,7.0778940],[44.3997150,7.0776740],[44.3998030,7.0776680],[44.4000630,7.0773780],[44.4002160,7.0766040],[44.4005470,7.0759430],[44.4007500,7.0756640],[44.4008410,7.0757120],[44.4008970,7.0755370],[44.4010580,7.0755650],[44.4011890,7.0754190],[44.4013180,7.0754720],[44.4014630,7.0754390],[44.4019440,7.0756980],[44.4020750,7.0756980],[44.4028530,7.0753350],[44.4035530,7.0748050],[44.4039580,7.0747330],[44.4043910,7.0745580],[44.4047720,7.0747170],[44.4051430,7.0747090],[44.4054910,7.0748880],[44.4055420,7.0746920],[44.4056750,7.0747720],[44.4057500,7.0747300],[44.4058470,7.0747020],[44.4059770,7.0747580],[44.4060300,7.0746000],[44.4061450,7.0744350],[44.4063040,7.0743720],[44.4063720,7.0743450],[44.4064390,7.0740730],[44.4064620,7.0739080],[44.4064930,7.0734100],[44.4064480,7.0729650],[44.4062730,7.0726110],[44.4066130,7.0720790],[44.4066680,7.0718810],[44.4067550,7.0717650],[44.4070400,7.0716070],[44.4075900,7.0715970],[44.4083270,7.0712980],[44.4093200,7.0699650],[44.4099770,7.0700670],[44.4107420,7.0699360],[44.4110150,7.0697650],[44.4110780,7.0698610],[44.4105140,7.0704930],[44.4105140,7.0713350],[44.4105700,7.0715420],[44.4106850,7.0716990],[44.4108240,7.0717590],[44.4109930,7.0717210],[44.4115630,7.0713820],[44.4117260,7.0713760],[44.4120960,7.0717360],[44.4125810,7.0717190],[44.4129290,7.0715820],[44.4132310,7.0713310],[44.4134680,7.0709160],[44.4135360,7.0707970],[44.4138950,7.0705800],[44.4145570,7.0697410],[44.4147050,7.0696740],[44.4146960,7.0694410],[44.4146360,7.0691620],[44.4146320,7.0690140],[44.4154280,7.0683020],[44.4154810,7.0684080],[44.4152520,7.0687120],[44.4151410,7.0689630],[44.4151320,7.0691530],[44.4153230,7.0688710],[44.4156650,7.0687130],[44.4160400,7.0684430],[44.4163870,7.0683200],[44.4170120,7.0678370],[44.4176760,7.0676230],[44.4180490,7.0672950],[44.4183180,7.0674430],[44.4186860,7.0673590],[44.4192900,7.0670520],[44.4194500,7.0667880],[44.4195080,7.0669080],[44.4192670,7.0680420],[44.4191770,7.0681480],[44.4188040,7.0682170],[44.4187550,7.0683350],[44.4195000,7.0686210],[44.4202290,7.0681670],[44.4206400,7.0673730],[44.4209200,7.0670750],[44.4211240,7.0664640],[44.4214320,7.0658920],[44.4221120,7.0652280],[44.4224930,7.0650530],[44.4220540,7.0649710],[44.4225360,7.0646650],[44.4231930,7.0645180],[44.4234320,7.0643250],[44.4237080,7.0639970],[44.4237690,7.0638770],[44.4238000,7.0635380],[44.4239160,7.0631860],[44.4239210,7.0624030],[44.4241860,7.0613770],[44.4242110,7.0610950],[44.4243380,7.0608310],[44.4245890,7.0606100],[44.4251540,7.0602870],[44.4253830,7.0600680],[44.4258240,7.0592460],[44.4260590,7.0589810],[44.4263870,7.0588730],[44.4266380,7.0588580],[44.4264120,7.0585150],[44.4261770,7.0584170],[44.4259560,7.0584370],[44.4254020,7.0588040],[44.4252790,7.0586720],[44.4257600,7.0580490],[44.4257450,7.0578970],[44.4254660,7.0579560],[44.4254210,7.0575200],[44.4251860,7.0570150],[44.4251960,7.0564850],[44.4238720,7.0543910],[44.4237100,7.0531110],[44.4233810,7.0526450],[44.4233470,7.0521550],[44.4228080,7.0516790],[44.4227190,7.0514390],[44.4225040,7.0512230],[44.4222980,7.0505560],[44.4222220,7.0498720],[44.4221630,7.0497350],[44.4218020,7.0494280],[44.4214320,7.0492160],[44.4210560,7.0489350],[44.4206280,7.0485730]],\r\n\t\t\t\t\tgraphDist          : [0.00,0.04,0.15,0.18,0.20,0.26,0.30,0.32,0.33,0.35,0.36,0.38,0.39,0.41,0.42,0.43,0.44,0.46,0.47,0.49,0.51,0.52,0.53,0.55,0.65,0.74,0.79,0.84,0.85,0.93,0.97,1.02,1.11,1.15,1.23,1.26,1.32,1.34,1.36,1.38,1.39,1.41,1.45,1.48,1.50,1.53,1.54,1.56,1.58,1.61,1.65,1.67,1.69,1.72,1.78,1.80,1.83,1.85,1.87,1.89,1.91,1.92,1.96,2.01,2.03,2.05,2.06,2.08,2.11,2.14,2.16,2.17,2.25,2.26,2.30,2.34,2.36,2.39,2.41,2.44,2.45,2.47,2.51,2.52,2.55,2.56,2.61,2.63,2.65,2.67,2.71,2.73,2.75,2.80,2.83,2.84,2.87,2.91,2.93,2.94,2.95,2.96,2.98,3.00,3.01,3.03,3.04,3.08,3.12,3.13,3.17,3.20,3.23,3.27,3.29,3.31,3.34,3.35,3.38,3.40,3.42,3.44,3.47,3.51,3.57,3.64,3.68,3.74,3.88,3.94,4.01,4.10,4.14,4.16,4.18,4.20,4.32,4.35,4.40,4.43,4.46,4.48,4.51,4.59,4.60,4.62,4.64,4.66,4.72,4.75,4.79,4.83,4.86,4.91,4.93,4.97,4.98,5.00,5.02,5.07,5.10,5.19,5.23,5.25,5.29,5.31,5.34,5.39,5.45,5.51,5.57,5.62,5.68,5.72,5.75,5.92,6.02,6.04,6.10,6.12,6.20,6.26,6.30,6.38,6.44,6.47,6.53,6.56,6.58,6.60,6.62,6.63,6.65,6.66,6.68,6.69,6.71,6.72,6.74,6.75,6.76,6.77,6.79,6.81,6.82,6.84,6.85,6.92,6.94,7.00,7.07,7.10,7.12,7.15,7.20,7.28,7.30,7.34,7.40,7.44,7.47,7.51,7.53,7.54,7.56,7.57,7.58,7.59,7.61,7.62,7.64,7.65,7.66,7.67,7.71,7.76,7.81,7.82,7.83,7.84,7.86,7.87,7.89,7.91,7.93,7.94,7.95,7.99,8.05,8.13,8.17,8.21,8.28,8.33,8.40,8.46,8.49,8.58,8.62,8.65,8.67,8.69,8.71,8.73,8.75,8.77,8.78,8.83,8.88,8.89,8.91,8.95,8.97,9.00,9.04,9.06,9.07,9.09,9.12,9.18,9.25,9.29,9.32,9.34,9.35,9.38,9.40,9.42,9.45,9.50,9.53,9.55,9.59,9.66,9.68,9.72,9.74,9.76,9.78,9.81,9.83,9.88,9.92,9.95,10.02,10.05,10.12,10.17,10.22,10.24,10.30,10.35,10.41,10.43,10.45,10.48,10.50,10.52,10.56,10.59,10.62,10.66,10.67,10.69,10.79,10.84,10.87,10.89,10.90,10.93,11.00,11.02,11.04,11.09,11.10,11.20,11.26,11.36,11.41,11.43,11.44,11.48,11.54,11.61,11.64,11.65,11.67,11.68,11.70,11.72,11.73,11.79,11.81,11.90,11.99,12.04,12.09,12.13,12.18,12.22,12.23,12.25,12.27,12.28,12.30,12.31,12.33,12.35,12.36,12.38,12.39,12.44,12.47,12.51,12.56,12.58,12.59,12.63,12.69,12.77,12.93,13.00,13.09,13.12,13.13,13.21,13.28,13.30,13.32,13.33,13.35,13.42,13.44,13.49,13.54,13.59,13.62,13.67,13.68,13.72,13.82,13.84,13.86,13.88,13.90,14.00,14.02,14.05,14.08,14.09,14.13,14.17,14.21,14.25,14.33,14.41,14.46,14.49,14.53,14.61,14.63,14.65,14.74,14.76,14.80,14.81,14.90,14.99,15.06,15.10,15.16,15.21,15.31,15.35,15.41,15.48,15.55,15.58,15.62,15.64,15.66,15.69,15.76,15.84,15.87,15.89,15.93,15.99,16.02,16.11,16.14,16.18,16.21,16.24,16.27,16.30,16.36,16.39,16.46,16.47,16.50,16.54,16.59,16.63,16.85,16.96,17.01,17.05,17.12,17.14,17.17,17.23,17.28,17.30,17.34,17.39,17.43,17.49],\r\n\t\t\t\t\tgraphEle           : [1675.20,1676.50,1686.20,1688.30,1690.00,1694.60,1698.00,1700.50,1702.40,1704.20,1705.00,1706.10,1706.70,1707.50,1708.40,1709.40,1710.60,1711.80,1713.40,1716.00,1718.40,1720.70,1722.20,1724.00,1732.60,1743.60,1751.20,1758.00,1760.90,1771.90,1778.00,1787.40,1804.40,1812.40,1825.10,1829.80,1839.00,1841.90,1844.20,1847.30,1849.10,1851.50,1858.60,1863.10,1865.80,1870.50,1872.10,1875.20,1877.90,1882.80,1888.60,1891.70,1895.00,1898.20,1906.10,1909.10,1912.60,1914.70,1916.90,1920.90,1924.80,1927.60,1933.20,1941.40,1943.90,1947.20,1949.20,1952.90,1958.70,1966.70,1970.40,1972.60,1989.40,1992.60,1999.50,2003.80,2005.60,2011.60,2015.80,2021.00,2021.90,2023.70,2030.90,2033.10,2035.30,2036.60,2047.10,2050.60,2052.30,2052.30,2054.30,2058.20,2059.90,2068.50,2076.90,2078.90,2083.30,2089.60,2092.30,2094.60,2097.00,2100.00,2102.90,2107.20,2110.30,2114.10,2117.90,2128.90,2137.60,2141.50,2141.00,2142.40,2144.90,2143.30,2141.70,2139.60,2135.10,2132.50,2129.00,2127.10,2125.90,2125.90,2127.00,2126.80,2126.70,2140.70,2142.50,2145.80,2151.10,2155.30,2166.40,2178.30,2183.90,2187.80,2191.40,2194.00,2214.10,2218.30,2228.90,2232.30,2236.20,2238.30,2241.80,2251.00,2252.90,2254.30,2257.60,2259.10,2265.80,2269.30,2275.00,2278.90,2282.50,2287.90,2290.90,2295.10,2296.80,2298.70,2301.60,2306.90,2310.50,2321.10,2325.00,2328.30,2332.60,2332.80,2334.00,2339.20,2346.20,2353.90,2357.00,2359.60,2359.90,2363.10,2364.10,2378.70,2396.50,2401.20,2408.30,2410.00,2421.90,2426.30,2430.00,2441.40,2450.00,2455.50,2469.70,2473.40,2478.20,2480.30,2476.90,2474.50,2472.40,2470.90,2469.00,2466.70,2468.80,2468.60,2467.40,2468.30,2468.10,2468.20,2470.10,2472.40,2473.60,2477.20,2478.30,2475.90,2477.10,2480.70,2485.40,2485.60,2488.70,2492.50,2496.50,2504.50,2506.20,2510.80,2517.20,2520.80,2525.80,2532.80,2533.30,2532.70,2532.20,2531.60,2529.70,2527.70,2524.70,2522.40,2521.70,2521.20,2518.80,2516.50,2509.40,2502.20,2500.30,2500.00,2499.70,2500.30,2501.20,2502.10,2506.60,2513.20,2511.50,2510.40,2509.40,2506.30,2501.70,2495.70,2492.50,2490.10,2485.20,2485.80,2489.30,2492.40,2494.10,2498.30,2500.80,2502.50,2503.20,2504.40,2505.20,2506.30,2507.30,2508.00,2508.90,2510.80,2512.40,2511.60,2512.20,2509.80,2506.30,2505.20,2503.80,2503.50,2504.00,2504.20,2501.70,2497.30,2497.90,2505.70,2509.70,2510.30,2510.80,2515.20,2520.00,2525.00,2532.90,2543.30,2551.40,2554.70,2563.00,2578.60,2582.80,2583.30,2585.20,2587.10,2589.00,2591.80,2591.90,2585.00,2577.40,2570.60,2556.10,2550.40,2532.80,2523.10,2515.70,2511.10,2499.70,2485.50,2469.70,2466.00,2463.60,2457.30,2454.50,2452.50,2448.70,2448.80,2441.80,2432.60,2429.60,2424.90,2408.00,2402.20,2401.60,2400.60,2399.10,2396.00,2381.20,2378.50,2376.10,2372.30,2371.70,2359.10,2348.50,2317.30,2305.50,2300.00,2297.50,2291.70,2283.70,2269.60,2267.40,2266.40,2265.30,2263.50,2260.60,2257.70,2254.30,2239.20,2235.60,2215.30,2203.20,2197.30,2192.70,2184.20,2173.70,2163.50,2160.20,2157.90,2151.60,2146.60,2137.90,2137.60,2136.90,2136.30,2135.90,2134.90,2134.30,2132.60,2131.10,2129.60,2126.50,2125.40,2124.60,2122.30,2117.50,2113.40,2101.10,2092.80,2084.30,2081.00,2080.60,2066.90,2057.00,2054.30,2051.40,2049.10,2046.40,2035.60,2032.60,2026.60,2018.10,2011.90,2005.60,1999.30,1997.40,1991.30,1978.80,1976.50,1976.40,1973.50,1972.00,1958.50,1956.50,1952.00,1949.00,1947.10,1942.70,1937.60,1931.60,1926.50,1916.30,1906.60,1900.30,1896.20,1890.90,1881.70,1878.20,1876.30,1864.20,1862.60,1857.20,1855.50,1847.20,1839.70,1835.60,1834.10,1833.60,1828.80,1818.70,1813.30,1805.30,1797.20,1787.80,1783.80,1778.60,1777.60,1776.60,1775.70,1769.60,1759.20,1757.60,1755.80,1754.00,1747.30,1744.40,1735.90,1733.10,1729.80,1727.00,1722.90,1720.40,1718.50,1712.40,1710.80,1704.60,1703.70,1701.90,1700.40,1699.40,1699.90,1687.70,1684.40,1682.30,1679.60,1674.20,1673.00,1672.00,1669.50,1669.00,1669.00,1670.00,1672.70,1673.20,1675.20],\r\n\t\t\t\t\tgraphSpeed         : [],\r\n\t\t\t\t\tgraphHr            : [],\r\n\t\t\t\t\tgraphAtemp         : [],\r\n\t\t\t\t\tgraphCad           : [],\r\n\t\t\t\t\tgraphGrade         : [],\r\n\t\t\t\t\twaypoints          : [],\r\n\t\t\t\t\tunit               : \"2\",\r\n\t\t\t\t\tunitspeed          : \"0\",\r\n\t\t\t\t\tcolor1             : [\"#3366cc\"],\r\n\t\t\t\t\tcolor2             : \"#3366cc\",\r\n\t\t\t\t\tcolor3             : \"#ff0000\",\r\n\t\t\t\t\tcolor4             : \"#ff77bd\",\r\n\t\t\t\t\tcolor5             : \"#beecff\",\r\n\t\t\t\t\tcolor6             : \"#beecff\",\r\n\t\t\t\t\tcolor7             : \"#ff77bd\",\r\n\t\t\t\t\tchartFrom1         : \"\",\r\n\t\t\t\t\tchartTo1           : \"\",\r\n\t\t\t\t\tchartFrom2         : \"\",\r\n\t\t\t\t\tchartTo2           : \"\",\r\n\t\t\t\t\tstartIcon          : \"\",\r\n\t\t\t\t\tendIcon            : \"\",\r\n\t\t\t\t\tcurrentIcon        : \"\",\r\n\t\t\t\t\twaypointIcon       : \"https:\/\/lavia.cc\/gpx\/wp-content\/uploads\/gpx\/cropped-icona.ico\",\r\n\t\t\t\t\tcurrentpositioncon : \"\",\r\n\t\t\t\t\tusegpsposition     : \"\",\r\n\t\t\t\t\tzoomOnScrollWheel  : \"\",\r\n\t\t\t\t\tngGalleries        : [],\r\n\t\t\t\t\tngImages           : [],\r\n\t\t\t\t\tpluginUrl          : \"https:\/\/lavia.cc\/gpx\/wp-content\/plugins\",\r\n\t\t\t\t\tTFApiKey           : \"\",\r\n\t\t\t\t\tMapBoxApiKey           : \"\",\r\n\t\t\t\t\tlangs              : {\r\n\t\t\t\t\t\taltitude        : \"Altitudine\",\r\n\t\t\t\t\t\tcurrentPosition : \"Current position\",\r\n\t\t\t\t\t\tspeed           : \"Velocit\u00e0\",\r\n\t\t\t\t\t\tgrade           : \"Grade\",\r\n\t\t\t\t\t\theartRate       : \"Battito Cardiaco\",\r\n\t\t\t\t\t\tatemp           : \"Temperature\",\r\n\t\t\t\t\t\tcadence         : \"Cadenza\",\r\n\t\t\t\t\t\tgoFullScreen    : \"Go full screen\",\r\n\t\t\t\t\t\texitFullFcreen  : \"Exit full screen\",\r\n\t\t\t\t\t\thideImages      : \"Hide images\",\r\n\t\t\t\t\t\tshowImages      : \"Show images\",\r\n\t\t\t\t\t\tbackToCenter\t: \"Ritorna al centro della mappa\"\r\n\t\t\t\t\t}\r\n\t\t\t\t});\r\n\r\n\t\t\t});\r\n\r\n\t\t<\/script>\n","protected":false},"excerpt":{"rendered":"<p>Rocca la Meja (2.831 m) \u00e8 una delle montagne pi\u00f9 belle delle Alpi cuneesi e sovrasta gli altipiani della Gardetta, della Margherina e della Bandia. Il massiccio \u00e8 formato da rocce dolomie, alternate a strati di calcari, le stesse che costituiscono le Dolomiti.Ecco perch\u00e9 questi rilievi caratteristici della Valle Maira, come Rocca la Meja, vengono definiti \u201cle Dolomiti del Piemonte\u201d. L\u2019escursione di oggi (Sentiero Gino Gertosio) \u00e8 un itinerario ad anello in alta Valle Maira, ai piedi della maestosa vetta e si snoda fra paesaggi variegati: boschi, laghi, pianori alpini e tratti rocciosi. Un bel mix di bellezza senza fine!<\/p>\n<p>\ud83d\udfe2\u00a0Segui LAVIA!<\/p>\n","protected":false},"featured_media":1684,"comment_status":"open","ping_status":"closed","template":"","meta":[],"product_brand":[],"product_cat":[31],"product_tag":[201,191,190,89,200],"class_list":{"0":"post-1683","1":"product","2":"type-product","3":"status-publish","4":"has-post-thumbnail","6":"product_cat-escursionismo","7":"product_tag-alpi","8":"product_tag-alpi-cozie","9":"product_tag-cuneo","10":"product_tag-piemonte","11":"product_tag-rocca-la-meja","13":"first","14":"instock","15":"downloadable","16":"virtual","17":"product-type-simple"},"_links":{"self":[{"href":"https:\/\/lavia.cc\/gpx\/wp-json\/wp\/v2\/product\/1683","targetHints":{"allow":["GET"]}}],"collection":[{"href":"https:\/\/lavia.cc\/gpx\/wp-json\/wp\/v2\/product"}],"about":[{"href":"https:\/\/lavia.cc\/gpx\/wp-json\/wp\/v2\/types\/product"}],"replies":[{"embeddable":true,"href":"https:\/\/lavia.cc\/gpx\/wp-json\/wp\/v2\/comments?post=1683"}],"version-history":[{"count":4,"href":"https:\/\/lavia.cc\/gpx\/wp-json\/wp\/v2\/product\/1683\/revisions"}],"predecessor-version":[{"id":2496,"href":"https:\/\/lavia.cc\/gpx\/wp-json\/wp\/v2\/product\/1683\/revisions\/2496"}],"wp:featuredmedia":[{"embeddable":true,"href":"https:\/\/lavia.cc\/gpx\/wp-json\/wp\/v2\/media\/1684"}],"wp:attachment":[{"href":"https:\/\/lavia.cc\/gpx\/wp-json\/wp\/v2\/media?parent=1683"}],"wp:term":[{"taxonomy":"product_brand","embeddable":true,"href":"https:\/\/lavia.cc\/gpx\/wp-json\/wp\/v2\/product_brand?post=1683"},{"taxonomy":"product_cat","embeddable":true,"href":"https:\/\/lavia.cc\/gpx\/wp-json\/wp\/v2\/product_cat?post=1683"},{"taxonomy":"product_tag","embeddable":true,"href":"https:\/\/lavia.cc\/gpx\/wp-json\/wp\/v2\/product_tag?post=1683"}],"curies":[{"name":"wp","href":"https:\/\/api.w.org\/{rel}","templated":true}]}}