{"id":18546,"date":"2024-11-21T14:43:43","date_gmt":"2024-11-21T13:43:43","guid":{"rendered":"https:\/\/lavia.cc\/gpx\/?post_type=product&#038;p=18546"},"modified":"2024-11-25T16:36:09","modified_gmt":"2024-11-25T15:36:09","slug":"monte-cocuzzo-da-mendicino","status":"publish","type":"product","link":"https:\/\/lavia.cc\/gpx\/tracce\/monte-cocuzzo-da-mendicino\/","title":{"rendered":"Monte Cocuzzo da Mendicino"},"content":{"rendered":"<h5>Monte Cocuzzo da Mendicino<\/h5>\n<p>\u27a1\ufe0f Clicca qui per andare al punto di partenza: <a href=\"https:\/\/www.google.com\/maps\/place\/39%C2%B013&#039;30.4%22N+16%C2%B008&#039;42.5%22E\/@39.225111,16.14514,17z\/data=!3m1!4b1!4m4!3m3!8m2!3d39.225111!4d16.14514?entry=ttu&amp;g_ep=EgoyMDI0MTExNy4wIKXMDSoJLDEwMjExMjMzSAFQAw%3D%3D\" target=\"_blank\" rel=\"noopener\">GOOGLE MAPS<\/a> (Parcheggio).<\/p>\n<p>\u2139\ufe0f Il Monte Cocuzzo \u00e8 uno dei pi\u00f9 incantevoli belvederi della <strong>Calabria<\/strong>. Dalla sua cima, si pu\u00f2 godere di una vista mozzafiato sulla costa tirrenica, che si estende dal promontorio del <strong>Cilento<\/strong> a nord, fino a Capo Vaticano a sud. In giornate particolarmente limpide, \u00e8 possibile scorgere anche le <strong>Isole Eolie<\/strong> e l\u2019imponente vulcano dell\u2019Etna, nonch\u00e9 le catene montuose del Pollino e della Sila.<\/p>\n<p>\u26fa\ufe0f\ud83c\udf74<a href=\"https:\/\/www.facebook.com\/ristoranteaquilareale\/\" target=\"_blank\" rel=\"noopener\">Aquila Reale<\/a>: Un luogo meraviglioso dal gusto rustico. Il cibo di prima qualit\u00e0 \u00e8 preparato con amore dalla signora Anna. La cordialit\u00e0 e la disponibilit\u00e0 dei camerieri mettono a proprio agio la clientela, rendendo l\u2019esperienza culinaria unica.<\/p>\n<p>\u26a0\ufe0f Il Monte Cocuzzo offre un\u2019esperienza unica in ogni stagione. La percorribilit\u00e0 dell\u2019itinerario proposto, come tutta la morfologia del territorio, \u00e8 soggetta a cambiamenti ambientali dovuti a eventi naturali e alle condizioni meteo. Quindi, prima di partire, consultate gli uffici turistici competenti e\/o le strutture di riferimento di riferimento.<\/p>\n<p>\ud83d\uddfa\ufe0f Mappa e altimetria dell&#8217;<a href=\"https:\/\/lavia.cc\/gpx\/categoria-tracce\/escursionismo\/\">escursione<\/a> &#8220;Monte Cocuzzo da Mendicino&#8221;:<\/p>\n\r\n\t\t<div id=\"wpgpxmaps_18546_663981\" class=\"wpgpxmaps\">\r\n\t\t\t<div id=\"map_18546_663981_cont\" style=\"width:100%; height:450px;position:relative\" >\r\n\t\t\t\t<div id=\"map_18546_663981\" style=\"width:100%; height:450px\"><\/div>\r\n\t\t\t\t<div id=\"wpgpxmaps_18546_663981_osm_footer\" class=\"wpgpxmaps_osm_footer\" style=\"display:none;\"><span> &copy; <a href=\"http:\/\/www.openstreetmap.org\/copyright\" target=\"_blank\" rel=\"noopener\">OpenStreetMap<\/a> contributors<\/span><\/div>\r\n\t\t\t<\/div>\r\n\t\t\t<canvas id=\"myChart_18546_663981\" class=\"plot\" style=\"width:100%; height:200px\"><\/canvas>\r\n\t\t\t<div id=\"ngimages_18546_663981\" class=\"ngimages\" style=\"display:none\"><\/div>\r\n\t\t\t<div id=\"report_18546_663981\" class=\"report\"><\/div>\r\n\t\t<\/div>\r\n\t\t\r\n\t\t<script type=\"text\/javascript\">\r\n\r\n\t\t\tjQuery(document).ready(function() {\r\n\r\n\t\t\t\tjQuery( \"#wpgpxmaps_18546_663981\" ).wpgpxmaps( {\r\n\t\t\t\t\ttargetId           : \"18546_663981\",\r\n\t\t\t\t\tmapType            : \"HYBRID\",\r\n\t\t\t\t\tmapData            : [[39.2251120,16.1451390],[39.2249550,16.1450090],[39.2248190,16.1449920],[39.2247470,16.1448750],[39.2247220,16.1442920],[39.2247470,16.1431100],[39.2246510,16.1422590],[39.2246300,16.1414260],[39.2243390,16.1411300],[39.2240100,16.1410280],[39.2236110,16.1409480],[39.2231830,16.1409420],[39.2227300,16.1410550],[39.2224690,16.1411890],[39.2222570,16.1414200],[39.2221780,16.1416070],[39.2222110,16.1419080],[39.2221530,16.1419990],[39.2219870,16.1419990],[39.2218790,16.1419130],[39.2216370,16.1417850],[39.2215170,16.1416670],[39.2213880,16.1416610],[39.2212050,16.1418330],[39.2210970,16.1418490],[39.2210600,16.1417360],[39.2212390,16.1413980],[39.2212680,16.1412320],[39.2211310,16.1411360],[39.2209560,16.1410440],[39.2207150,16.1408830],[39.2205650,16.1407220],[39.2202910,16.1408830],[39.2200960,16.1408780],[39.2199670,16.1409640],[39.2197050,16.1409690],[39.2195180,16.1411570],[39.2194220,16.1412130],[39.2193250,16.1412190],[39.2191790,16.1411950],[39.2190790,16.1411220],[39.2189090,16.1407330],[39.2188240,16.1406800],[39.2187260,16.1407140],[39.2186510,16.1408320],[39.2185120,16.1409690],[39.2182440,16.1411730],[39.2179550,16.1413290],[39.2176000,16.1411890],[39.2173510,16.1409320],[39.2166710,16.1405160],[39.2163240,16.1402450],[39.2161770,16.1401670],[39.2158940,16.1400790],[39.2154950,16.1400730],[39.2153640,16.1400330],[39.2152790,16.1399310],[39.2152350,16.1397760],[39.2152520,16.1395560],[39.2151920,16.1392150],[39.2149190,16.1390670],[39.2147830,16.1390370],[39.2145080,16.1388780],[39.2143290,16.1387390],[39.2140690,16.1383340],[39.2135000,16.1380900],[39.2130200,16.1375960],[39.2129640,16.1372560],[39.2126720,16.1368900],[39.2125530,16.1366810],[39.2122950,16.1363200],[39.2122450,16.1361850],[39.2120830,16.1359630],[39.2119320,16.1359010],[39.2118150,16.1358090],[39.2116010,16.1355690],[39.2114480,16.1355350],[39.2113380,16.1354520],[39.2112780,16.1353280],[39.2111490,16.1352170],[39.2110180,16.1351620],[39.2108990,16.1347770],[39.2108390,16.1346660],[39.2106480,16.1344750],[39.2103230,16.1343150],[39.2099100,16.1339270],[39.2096930,16.1336610],[39.2095240,16.1335350],[39.2093400,16.1333530],[39.2090340,16.1332360],[39.2087930,16.1332520],[39.2084760,16.1330850],[39.2082940,16.1329440],[39.2081750,16.1327990],[39.2080720,16.1326050],[39.2079690,16.1323580],[39.2079380,16.1321920],[39.2077900,16.1321120],[39.2075520,16.1320620],[39.2075060,16.1319580],[39.2074300,16.1314860],[39.2073270,16.1313040],[39.2071670,16.1312060],[39.2067730,16.1310950],[39.2064460,16.1309190],[39.2062980,16.1308730],[39.2058900,16.1308270],[39.2057350,16.1309350],[39.2053700,16.1309810],[39.2048540,16.1307420],[39.2048930,16.1305550],[39.2050140,16.1304200],[39.2055670,16.1304150],[39.2057850,16.1303510],[39.2060740,16.1301720],[39.2063620,16.1301130],[39.2066960,16.1298970],[39.2068070,16.1297890],[39.2071750,16.1297560],[39.2075490,16.1298250],[39.2078080,16.1299250],[39.2080210,16.1301260],[39.2082960,16.1301310],[39.2088670,16.1302870],[39.2090930,16.1304220],[39.2093440,16.1304270],[39.2094830,16.1300400],[39.2098870,16.1298580],[39.2101320,16.1295550],[39.2104370,16.1293540],[39.2113310,16.1299010],[39.2119690,16.1301730],[39.2121560,16.1300740],[39.2125180,16.1297300],[39.2127720,16.1293760],[39.2131160,16.1291570],[39.2133210,16.1287350],[39.2137870,16.1288440],[39.2142410,16.1293560],[39.2146050,16.1294510],[39.2149110,16.1301610],[39.2153430,16.1305680],[39.2161310,16.1308930],[39.2164440,16.1312470],[39.2167350,16.1313990],[39.2171710,16.1315000],[39.2174230,16.1316590],[39.2175570,16.1320550],[39.2178530,16.1324160],[39.2179750,16.1326070],[39.2180810,16.1327000],[39.2182630,16.1327380],[39.2183890,16.1328050],[39.2186080,16.1330160],[39.2186970,16.1331700],[39.2187020,16.1333790],[39.2188070,16.1334530],[39.2192300,16.1337100],[39.2194860,16.1339560],[39.2197830,16.1343930],[39.2204110,16.1342500],[39.2204780,16.1343690],[39.2205600,16.1343220],[39.2205450,16.1342060],[39.2206500,16.1342020],[39.2209130,16.1344460],[39.2212460,16.1348740],[39.2215190,16.1351640],[39.2216680,16.1352630],[39.2218070,16.1353140],[39.2219340,16.1353520],[39.2219940,16.1352020],[39.2218970,16.1349260],[39.2218040,16.1347400],[39.2219070,16.1346680],[39.2220330,16.1347340],[39.2224760,16.1350870],[39.2226310,16.1353540],[39.2227120,16.1354260],[39.2228560,16.1354930],[39.2231660,16.1358520],[39.2234260,16.1361140],[39.2236000,16.1361780],[39.2236810,16.1360920],[39.2235000,16.1356270],[39.2235350,16.1354860],[39.2237170,16.1355870],[39.2239670,16.1359170],[39.2243900,16.1359300],[39.2244340,16.1358260],[39.2243390,16.1355370],[39.2244150,16.1354640],[39.2246680,16.1356460],[39.2250240,16.1357330],[39.2252080,16.1359190],[39.2254010,16.1358410],[39.2254950,16.1359170],[39.2255070,16.1360900],[39.2257430,16.1363420],[39.2260770,16.1363960],[39.2265220,16.1366470],[39.2271020,16.1368780],[39.2271710,16.1367950],[39.2270040,16.1366500],[39.2268230,16.1364040],[39.2265000,16.1357670],[39.2263550,16.1354220],[39.2264700,16.1353870],[39.2268920,16.1356830],[39.2271610,16.1357640],[39.2273760,16.1357470],[39.2274790,16.1357050],[39.2276900,16.1355440],[39.2278990,16.1354320],[39.2280640,16.1354230],[39.2285090,16.1355360],[39.2286910,16.1356060],[39.2288140,16.1356860],[39.2290950,16.1359930],[39.2292040,16.1361930],[39.2292270,16.1364090],[39.2290280,16.1374630],[39.2287270,16.1376070],[39.2278390,16.1381480],[39.2270300,16.1387160],[39.2270290,16.1388870],[39.2276240,16.1388040],[39.2277220,16.1389480],[39.2276570,16.1390780],[39.2273850,16.1391380],[39.2272290,16.1395440],[39.2271370,16.1397090],[39.2270250,16.1398450],[39.2268600,16.1399820],[39.2263170,16.1402790],[39.2259680,16.1405220],[39.2255190,16.1406420],[39.2254360,16.1406980],[39.2253780,16.1407870],[39.2252760,16.1410200],[39.2251740,16.1411790],[39.2250540,16.1412670],[39.2246740,16.1413800],[39.2246510,16.1422590],[39.2247470,16.1431100],[39.2247220,16.1442920],[39.2247470,16.1448750],[39.2248190,16.1449920],[39.2249550,16.1450090],[39.2250750,16.1450690],[39.2251330,16.1451810]],\r\n\t\t\t\t\tgraphDist          : [0.00,0.02,0.04,0.05,0.10,0.20,0.28,0.35,0.39,0.43,0.47,0.52,0.57,0.60,0.63,0.65,0.68,0.69,0.71,0.72,0.75,0.77,0.78,0.81,0.82,0.83,0.87,0.88,0.90,0.92,0.95,0.97,1.01,1.03,1.05,1.08,1.10,1.11,1.13,1.14,1.16,1.19,1.20,1.22,1.23,1.25,1.28,1.32,1.36,1.39,1.48,1.52,1.54,1.57,1.62,1.63,1.65,1.66,1.68,1.71,1.74,1.76,1.79,1.82,1.86,1.93,2.00,2.03,2.07,2.09,2.14,2.15,2.17,2.19,2.21,2.24,2.26,2.27,2.28,2.30,2.32,2.35,2.36,2.39,2.43,2.49,2.52,2.54,2.57,2.60,2.63,2.67,2.69,2.71,2.73,2.75,2.77,2.79,2.81,2.82,2.86,2.88,2.90,2.95,2.99,3.00,3.05,3.07,3.11,3.17,3.19,3.21,3.27,3.29,3.33,3.36,3.40,3.42,3.46,3.50,3.53,3.56,3.59,3.66,3.69,3.72,3.76,3.81,3.85,3.89,4.00,4.08,4.11,4.16,4.20,4.25,4.29,4.34,4.41,4.45,4.52,4.58,4.68,4.72,4.76,4.81,4.84,4.88,4.93,4.95,4.96,4.98,5.00,5.03,5.05,5.06,5.08,5.13,5.17,5.22,5.29,5.30,5.31,5.32,5.33,5.37,5.42,5.46,5.48,5.50,5.51,5.53,5.55,5.57,5.59,5.60,5.66,5.69,5.70,5.72,5.77,5.80,5.82,5.84,5.88,5.89,5.92,5.96,6.00,6.02,6.04,6.06,6.09,6.13,6.15,6.18,6.19,6.21,6.24,6.28,6.33,6.40,6.42,6.44,6.47,6.53,6.57,6.58,6.64,6.67,6.69,6.71,6.73,6.76,6.78,6.83,6.85,6.86,6.91,6.93,6.95,7.04,7.08,7.18,7.29,7.31,7.37,7.39,7.40,7.44,7.47,7.49,7.51,7.53,7.60,7.64,7.69,7.70,7.71,7.74,7.76,7.77,7.81,7.89,7.97,8.07,8.12,8.13,8.15,8.16,8.17],\r\n\t\t\t\t\tgraphEle           : [1209.91,1209.91,1209.91,1209.91,1209.91,1205.79,1202.79,1200.32,1199.03,1197.86,1196.45,1192.73,1185.12,1180.48,1175.90,1173.18,1169.29,1167.78,1165.28,1163.79,1160.71,1158.94,1157.42,1154.76,1153.48,1152.36,1148.63,1147.08,1144.92,1142.80,1139.78,1137.61,1134.14,1131.97,1130.36,1127.44,1124.80,1123.78,1122.85,1121.44,1120.34,1117.03,1116.13,1115.15,1114.02,1112.35,1109.37,1106.42,1103.02,1100.10,1093.20,1089.87,1088.78,1086.79,1084.05,1083.13,1082.34,1081.46,1080.29,1078.53,1077.25,1076.66,1075.36,1074.46,1072.71,1071.04,1071.32,1071.45,1071.64,1071.73,1073.44,1074.16,1075.64,1076.63,1077.49,1079.26,1080.23,1081.02,1081.73,1082.70,1083.34,1084.51,1084.90,1085.78,1087.06,1088.93,1089.94,1090.49,1091.15,1092.06,1092.74,1093.71,1094.32,1094.80,1095.48,1096.28,1096.78,1097.37,1098.27,1098.61,1100.00,1100.65,1101.31,1101.58,1101.75,1101.82,1102.02,1102.10,1102.44,1105.12,1105.86,1106.64,1109.34,1110.44,1113.98,1118.38,1124.02,1126.12,1131.69,1137.39,1143.76,1150.53,1157.59,1172.58,1178.97,1185.88,1198.19,1214.12,1226.75,1239.50,1278.68,1306.05,1314.28,1329.61,1339.17,1348.97,1358.83,1370.71,1376.83,1380.60,1386.99,1396.63,1414.85,1424.02,1431.51,1443.53,1451.14,1460.22,1471.27,1476.47,1477.56,1478.17,1478.62,1479.53,1480.02,1480.55,1480.95,1482.50,1482.26,1478.60,1473.41,1472.48,1471.75,1471.01,1470.07,1466.93,1461.37,1457.19,1455.21,1453.50,1451.95,1450.12,1447.35,1445.58,1444.08,1442.69,1437.38,1434.73,1433.73,1432.17,1428.18,1425.74,1424.40,1423.53,1420.55,1419.61,1418.10,1415.41,1411.10,1410.01,1407.52,1406.47,1403.51,1399.82,1397.43,1394.05,1391.77,1389.46,1384.19,1378.40,1370.05,1362.17,1360.81,1358.68,1355.89,1349.63,1346.04,1343.73,1336.29,1332.01,1328.68,1327.00,1323.21,1319.70,1317.70,1312.46,1310.27,1308.67,1304.42,1302.23,1300.28,1293.61,1291.29,1282.78,1269.37,1267.12,1258.35,1255.94,1254.03,1249.84,1244.50,1242.11,1239.78,1236.80,1228.48,1223.35,1217.42,1216.21,1215.04,1212.36,1210.29,1208.82,1207.86,1206.12,1204.47,1204.44,1204.44,1204.44,1204.44,1204.44,1204.44],\r\n\t\t\t\t\tgraphSpeed         : [],\r\n\t\t\t\t\tgraphHr            : [],\r\n\t\t\t\t\tgraphAtemp         : [],\r\n\t\t\t\t\tgraphCad           : [],\r\n\t\t\t\t\tgraphGrade         : [],\r\n\t\t\t\t\twaypoints          : [],\r\n\t\t\t\t\tunit               : \"2\",\r\n\t\t\t\t\tunitspeed          : \"0\",\r\n\t\t\t\t\tcolor1             : [\"#3366cc\"],\r\n\t\t\t\t\tcolor2             : \"#3366cc\",\r\n\t\t\t\t\tcolor3             : \"#ff0000\",\r\n\t\t\t\t\tcolor4             : \"#ff77bd\",\r\n\t\t\t\t\tcolor5             : \"#beecff\",\r\n\t\t\t\t\tcolor6             : \"#beecff\",\r\n\t\t\t\t\tcolor7             : \"#ff77bd\",\r\n\t\t\t\t\tchartFrom1         : \"\",\r\n\t\t\t\t\tchartTo1           : \"\",\r\n\t\t\t\t\tchartFrom2         : \"\",\r\n\t\t\t\t\tchartTo2           : \"\",\r\n\t\t\t\t\tstartIcon          : \"\",\r\n\t\t\t\t\tendIcon            : \"\",\r\n\t\t\t\t\tcurrentIcon        : \"\",\r\n\t\t\t\t\twaypointIcon       : \"https:\/\/lavia.cc\/gpx\/wp-content\/uploads\/gpx\/cropped-icona.ico\",\r\n\t\t\t\t\tcurrentpositioncon : \"\",\r\n\t\t\t\t\tusegpsposition     : \"\",\r\n\t\t\t\t\tzoomOnScrollWheel  : \"\",\r\n\t\t\t\t\tngGalleries        : [],\r\n\t\t\t\t\tngImages           : [],\r\n\t\t\t\t\tpluginUrl          : \"https:\/\/lavia.cc\/gpx\/wp-content\/plugins\",\r\n\t\t\t\t\tTFApiKey           : \"\",\r\n\t\t\t\t\tMapBoxApiKey           : \"\",\r\n\t\t\t\t\tlangs              : {\r\n\t\t\t\t\t\taltitude        : \"Altitudine\",\r\n\t\t\t\t\t\tcurrentPosition : \"Current position\",\r\n\t\t\t\t\t\tspeed           : \"Velocit\u00e0\",\r\n\t\t\t\t\t\tgrade           : \"Grade\",\r\n\t\t\t\t\t\theartRate       : \"Battito Cardiaco\",\r\n\t\t\t\t\t\tatemp           : \"Temperature\",\r\n\t\t\t\t\t\tcadence         : \"Cadenza\",\r\n\t\t\t\t\t\tgoFullScreen    : \"Go full screen\",\r\n\t\t\t\t\t\texitFullFcreen  : \"Exit full screen\",\r\n\t\t\t\t\t\thideImages      : \"Hide images\",\r\n\t\t\t\t\t\tshowImages      : \"Show images\",\r\n\t\t\t\t\t\tbackToCenter\t: \"Ritorna al centro della mappa\"\r\n\t\t\t\t\t}\r\n\t\t\t\t});\r\n\r\n\t\t\t});\r\n\r\n\t\t<\/script>\n<p>\ud83d\udfe2 Visita\u00a0<a href=\"https:\/\/lavia.cc\/gpx\/\">LAVIA.CC<\/a>\u00a0per altre tracce gpx e condividi le tue avventure con la nostra\u00a0<a href=\"https:\/\/www.instagram.com\/lavia.cc\/\" target=\"_blank\" rel=\"noopener\">community<\/a>!<\/p>\n","protected":false},"excerpt":{"rendered":"<p>Il Monte Cocuzzo, con la sua cima che raggiunge i 1541 metri di altitudine, \u00e8 una delle perle nascoste della <strong>Calabria<\/strong>. Situato nella Catena Costiera Paolana, offre vedute spettacolari che abbracciano le Isole Eolie, il massiccio del Pollino, la Valle del Crati e la Sila. Ma non \u00e8 solo il panorama a renderlo speciale: il <strong>Monte Cocuzzo<\/strong> custodisce una storia intrigante, avvolta in un\u2019aura di mistero e fascino. Il suo nome, \u201cCocuzzo\u201d, deriva probabilmente dall\u2019antico termine che si riferisce alla sua forma conica, che in passato evocava l\u2019immagine di un vulcano. Questo ha alimentato il mito della &#8220;<strong>montagna di fuoco<\/strong>&#8220;. Esplorare il Sentiero del Monte Cocuzzo \u00e8 come sfogliare un racconto vivente di natura e storia, con il privilegio di viverlo in prima persona. Nonostante sia la vetta pi\u00f9 alta della Catena Costiera Paolana, il Monte Cocuzzo rimane poco conosciuto al di fuori della Calabria. Il percorso, un anello di 8,8 km, parte dalla Casa della Forestale a <strong>Mendicino<\/strong>, nel territorio della provincia di Cosenza. Questo itinerario vi condurr\u00e0 attraverso paesaggi incantevoli e testimonianze di un passato ricco di fascino. Con un dislivello complessivo di 655 metri e un\u2019altitudine che varia da 1062 a 1541 metri, il sentiero \u00e8 classificato di media difficolt\u00e0, rendendolo accessibile anche ai meno esperti dotati di un minimo di allenamento e spirito d\u2019avventura. Il tempo stimato per completarlo \u00e8 di circa 4 ore e 45 minuti. Il tragitto attraversa inizialmente un incantevole bosco di abeti bianchi, per poi condurre alla vetta del Monte Cocuzzo, da cui si gode una vista che spazia dal Golfo di Policastro fino alle vette dell\u2019Orsomarso. Nelle giornate pi\u00f9 limpide, si possono ammirare anche le<strong> Isole Eolie<\/strong> e l\u2019Etna in lontananza. Dopo aver raggiunto la cima, il sentiero prosegue in discesa, permettendo di esplorare il versante opposto della montagna, caratterizzato da paesaggi pi\u00f9 rocciosi e selvaggi. Qui si ergono le spettacolari formazioni calcaree note come &#8220;Scaglioni&#8221;, con guglie di varie forme, inghiottitoi, massi e grotte. L\u2019itinerario si conclude su una strada sterrata che riconduce al punto di partenza, completando un\u2019esperienza immersiva tra natura e bellezza selvaggia.<\/p>\n<p>Bellissima foto di <a href=\"https:\/\/www.instagram.com\/walterfinco\/\">@walterfinco<\/a><\/p>\n<p>\ud83d\udfe2 Scarica la TRACCIA e Segui <a href=\"https:\/\/www.instagram.com\/lavia.cc\/\" target=\"_blank\" rel=\"noopener\">LAVIA<\/a>!<\/p>\n","protected":false},"featured_media":18579,"comment_status":"open","ping_status":"closed","template":"","meta":[],"product_brand":[],"product_cat":[31],"product_tag":[53,941],"class_list":{"0":"post-18546","1":"product","2":"type-product","3":"status-publish","4":"has-post-thumbnail","6":"product_cat-escursionismo","7":"product_tag-r-calabria","8":"product_tag-cosenza","10":"first","11":"instock","12":"downloadable","13":"virtual","14":"product-type-simple"},"_links":{"self":[{"href":"https:\/\/lavia.cc\/gpx\/wp-json\/wp\/v2\/product\/18546","targetHints":{"allow":["GET"]}}],"collection":[{"href":"https:\/\/lavia.cc\/gpx\/wp-json\/wp\/v2\/product"}],"about":[{"href":"https:\/\/lavia.cc\/gpx\/wp-json\/wp\/v2\/types\/product"}],"replies":[{"embeddable":true,"href":"https:\/\/lavia.cc\/gpx\/wp-json\/wp\/v2\/comments?post=18546"}],"version-history":[{"count":3,"href":"https:\/\/lavia.cc\/gpx\/wp-json\/wp\/v2\/product\/18546\/revisions"}],"predecessor-version":[{"id":18622,"href":"https:\/\/lavia.cc\/gpx\/wp-json\/wp\/v2\/product\/18546\/revisions\/18622"}],"wp:featuredmedia":[{"embeddable":true,"href":"https:\/\/lavia.cc\/gpx\/wp-json\/wp\/v2\/media\/18579"}],"wp:attachment":[{"href":"https:\/\/lavia.cc\/gpx\/wp-json\/wp\/v2\/media?parent=18546"}],"wp:term":[{"taxonomy":"product_brand","embeddable":true,"href":"https:\/\/lavia.cc\/gpx\/wp-json\/wp\/v2\/product_brand?post=18546"},{"taxonomy":"product_cat","embeddable":true,"href":"https:\/\/lavia.cc\/gpx\/wp-json\/wp\/v2\/product_cat?post=18546"},{"taxonomy":"product_tag","embeddable":true,"href":"https:\/\/lavia.cc\/gpx\/wp-json\/wp\/v2\/product_tag?post=18546"}],"curies":[{"name":"wp","href":"https:\/\/api.w.org\/{rel}","templated":true}]}}