{"id":19293,"date":"2025-01-15T17:05:53","date_gmt":"2025-01-15T16:05:53","guid":{"rendered":"https:\/\/lavia.cc\/gpx\/?post_type=product&#038;p=19293"},"modified":"2025-01-15T17:50:04","modified_gmt":"2025-01-15T16:50:04","slug":"dal-passo-rolle-al-cristo-pensante","status":"publish","type":"product","link":"https:\/\/lavia.cc\/gpx\/tracce\/dal-passo-rolle-al-cristo-pensante\/","title":{"rendered":"Dal Passo Rolle al Cristo Pensante"},"content":{"rendered":"<h4>Dal Passo Rolle al Cristo Pensante<\/h4>\n<p>\u27a1\ufe0f Clicca qui per andare al punto di partenza: <a href=\"https:\/\/www.google.com\/maps\/place\/Parcheggio\/@46.2976613,11.789238,17z\/data=!3m1!4b1!4m6!3m5!1s0x47785db7c5419baf:0x930f839113ed9b92!8m2!3d46.2976613!4d11.789238!16s%2Fg%2F11hz_v0c3c?entry=ttu&amp;g_ep=EgoyMDI1MDEwOC4wIKXMDSoASAFQAw%3D%3D\" target=\"_blank\" rel=\"noopener\">GOOGLE MAPS<\/a> (Parcheggio Passo Rolle).<\/p>\n<p>\u2139\ufe0f La <strong>statua di marmo bianco<\/strong>\u00a0era all&#8217;origine un masso estratto dalla\u00a0cava di Canzoccoli di Predazzo, poi lavorato dallo scultore Paolo Lauton. Il peso \u00e8 di circa 20 quintali e l\u2019altezza di 180 cm. Sulla base del <strong>Cristo Pensante<\/strong> \u00e8 stata posta una lastra di ferro con incisa una frase di Maria Teresa di Calcutta: \u201c<i>Trova il tempo di pensare, trova il tempo di pregare, trova il tempo di sorridere<\/i>\u201c.<\/p>\n<p>\u26fa\ufe0f\ud83c\udf74Il <a href=\"https:\/\/www.capannacervino.it\/\" target=\"_blank\" rel=\"noopener\">Rifugio Capanna Cervino<\/a> (2084 m.s.l.m.) si trova al cospetto del Cimon della Pala, nel cuore del Gruppo delle Pale di San Martino, il pi\u00f9 esteso gruppo delle Dolomiti Patrimonio Unesco. Situato ai piedi di uno dei panorami pi\u00f9 famosi al mondo, il Rifugio Capanna Cervino vanta una posizione strategica sia d\u2019inverno che in estate.<\/p>\n<p>\u26a0\ufe0f Ricordate sempre di consultare il bollettino valanghe e di considerare lo stato del manto nevoso prima di intraprendere l\u2019escursione. Entrambi i versanti attraversati dal sentiero presentano tratti ripidi e potenzialmente esposti a slavine. La percorribilit\u00e0 dell\u2019itinerario proposto, come tutta la morfologia del territorio, \u00e8 soggetta a cambiamenti ambientali dovuti a eventi naturali e alle condizioni meteo. Quindi, prima di partire, consultate gli uffici turistici competenti e\/o le strutture di riferimento di riferimento.<\/p>\n<h4>\ud83d\uddfa\ufe0f Mappa e altimetria dell&#8217;<a href=\"https:\/\/lavia.cc\/gpx\/categoria-tracce\/escursionismo\/\">escursione<\/a> &#8220;Dal Passo Rolle al Cristo Pensante&#8221;:<\/h4>\n\r\n\t\t<div id=\"wpgpxmaps_19293_2881940\" class=\"wpgpxmaps\">\r\n\t\t\t<div id=\"map_19293_2881940_cont\" style=\"width:100%; height:450px;position:relative\" >\r\n\t\t\t\t<div id=\"map_19293_2881940\" style=\"width:100%; height:450px\"><\/div>\r\n\t\t\t\t<div id=\"wpgpxmaps_19293_2881940_osm_footer\" class=\"wpgpxmaps_osm_footer\" style=\"display:none;\"><span> &copy; <a href=\"http:\/\/www.openstreetmap.org\/copyright\" target=\"_blank\" rel=\"noopener\">OpenStreetMap<\/a> contributors<\/span><\/div>\r\n\t\t\t<\/div>\r\n\t\t\t<canvas id=\"myChart_19293_2881940\" class=\"plot\" style=\"width:100%; height:200px\"><\/canvas>\r\n\t\t\t<div id=\"ngimages_19293_2881940\" class=\"ngimages\" style=\"display:none\"><\/div>\r\n\t\t\t<div id=\"report_19293_2881940\" class=\"report\"><\/div>\r\n\t\t<\/div>\r\n\t\t\r\n\t\t<script type=\"text\/javascript\">\r\n\r\n\t\t\tjQuery(document).ready(function() {\r\n\r\n\t\t\t\tjQuery( \"#wpgpxmaps_19293_2881940\" ).wpgpxmaps( {\r\n\t\t\t\t\ttargetId           : \"19293_2881940\",\r\n\t\t\t\t\tmapType            : \"HYBRID\",\r\n\t\t\t\t\tmapData            : [[46.2982410,11.7887380],[46.2982530,11.7886030],[46.2982630,11.7884630],[46.2982660,11.7883050],[46.2982410,11.7881790],[46.2981520,11.7881260],[46.2980540,11.7881780],[46.2979560,11.7882160],[46.2978680,11.7882750],[46.2977850,11.7883350],[46.2977540,11.7882040],[46.2978280,11.7881200],[46.2979100,11.7880460],[46.2980140,11.7879740],[46.2981030,11.7878830],[46.2982750,11.7877960],[46.2985200,11.7877720],[46.2986110,11.7878170],[46.2987490,11.7880090],[46.2988730,11.7882200],[46.2991030,11.7882030],[46.3001270,11.7876050],[46.3003280,11.7878690],[46.3004400,11.7879830],[46.3006320,11.7880010],[46.3007580,11.7881250],[46.3009120,11.7881730],[46.3010640,11.7882050],[46.3012850,11.7881840],[46.3017040,11.7880150],[46.3017970,11.7880610],[46.3017620,11.7882100],[46.3016570,11.7882700],[46.3014050,11.7885210],[46.3007250,11.7892650],[46.3006360,11.7894020],[46.3005630,11.7894070],[46.3005530,11.7895620],[46.3005670,11.7897100],[46.3005720,11.7898780],[46.3005600,11.7900280],[46.3006420,11.7900910],[46.3006630,11.7902330],[46.3006670,11.7903690],[46.3006870,11.7905050],[46.3006950,11.7906550],[46.3006890,11.7907850],[46.3006960,11.7909250],[46.3007130,11.7910660],[46.3006980,11.7911980],[46.3007890,11.7913880],[46.3007240,11.7915040],[46.3006140,11.7918600],[46.3003480,11.7922810],[46.3003060,11.7924330],[46.3003000,11.7926550],[46.3004730,11.7929720],[46.3004960,11.7932130],[46.3004740,11.7935240],[46.3004520,11.7937690],[46.3004440,11.7940250],[46.3005150,11.7941450],[46.3006530,11.7941530],[46.3008840,11.7940610],[46.3011100,11.7939690],[46.3021360,11.7937340],[46.3022730,11.7936710],[46.3024320,11.7935390],[46.3025200,11.7935880],[46.3023010,11.7938590],[46.3021810,11.7939720],[46.3016210,11.7942880],[46.3014580,11.7944300],[46.3012920,11.7946260],[46.3012150,11.7947890],[46.3012560,11.7949860],[46.3014890,11.7952700],[46.3015500,11.7953800],[46.3015340,11.7955280],[46.3014200,11.7957640],[46.3012270,11.7959340],[46.3010540,11.7961420],[46.3009330,11.7963480],[46.3008350,11.7965990],[46.3007780,11.7967810],[46.3006940,11.7973170],[46.3007160,11.7976700],[46.3006760,11.7980980],[46.3004860,11.7982380],[46.3003930,11.7983080],[46.3003560,11.7984810],[46.3005100,11.7988920],[46.3004900,11.7990360],[46.2998550,11.7998810],[46.2997700,11.8002260],[46.2997460,11.8008340],[46.2996960,11.8011410],[46.2994860,11.8017120],[46.2994380,11.8020290],[46.2993750,11.8026440],[46.2993300,11.8027730],[46.2986150,11.8034810],[46.2985700,11.8036320],[46.2986330,11.8040030],[46.2987440,11.8042790],[46.2989040,11.8045790],[46.2992450,11.8051190],[46.2993550,11.8053390],[46.2994600,11.8058050],[46.2997830,11.8058530],[46.3003530,11.8064020],[46.3004860,11.8065900],[46.3007080,11.8068160],[46.3008990,11.8067930],[46.3010410,11.8068280],[46.3012390,11.8067970],[46.3013880,11.8068090],[46.3017610,11.8072530],[46.3021350,11.8074740],[46.3024780,11.8074640],[46.3026260,11.8075250],[46.3029800,11.8074300],[46.3033980,11.8074460],[46.3034940,11.8073790],[46.3036670,11.8071120],[46.3037690,11.8070890],[46.3038740,11.8070820],[46.3039300,11.8069760],[46.3039310,11.8067860],[46.3039860,11.8064420],[46.3041320,11.8059790],[46.3041270,11.8057480],[46.3043890,11.8056660],[46.3046990,11.8053370],[46.3048040,11.8048770],[46.3047420,11.8044840],[46.3047690,11.8043110],[46.3050180,11.8041490],[46.3049840,11.8036740],[46.3048970,11.8033650],[46.3048850,11.8032100],[46.3048350,11.8030980],[46.3045300,11.8025440],[46.3044340,11.8025130],[46.3042450,11.8025960],[46.3042360,11.8023300],[46.3041340,11.8021290],[46.3039140,11.8020730],[46.3040100,11.8018790],[46.3041570,11.8017720],[46.3043690,11.8017040],[46.3049920,11.8012520],[46.3050820,11.8011040],[46.3051560,11.8008950],[46.3051350,11.8005550],[46.3052240,11.8004020],[46.3053910,11.8002920],[46.3054690,11.8001520],[46.3056950,11.8000310],[46.3058180,11.7997440],[46.3060770,11.7994550],[46.3062700,11.7991690],[46.3064980,11.7992900],[46.3067200,11.7993280],[46.3072440,11.7994270],[46.3074360,11.7995000],[46.3076640,11.7994390],[46.3078900,11.7994480],[46.3081320,11.7994980],[46.3085230,11.7994230],[46.3087070,11.7994630],[46.3090550,11.7993040],[46.3092260,11.7991520],[46.3094240,11.7988990],[46.3095550,11.7987840],[46.3097310,11.7984320],[46.3098400,11.7983320],[46.3099060,11.7981670],[46.3100290,11.7976780],[46.3101890,11.7974720],[46.3103020,11.7972670],[46.3103840,11.7970560],[46.3104650,11.7969350],[46.3105590,11.7967400],[46.3105650,11.7965680],[46.3107300,11.7964390],[46.3106260,11.7963300],[46.3108120,11.7962310],[46.3101350,11.7960730],[46.3100950,11.7959910],[46.3100640,11.7959340],[46.3099540,11.7959160],[46.3099680,11.7958420],[46.3098790,11.7958270],[46.3098620,11.7957360],[46.3099490,11.7956830],[46.3097980,11.7956870],[46.3095720,11.7957240],[46.3095230,11.7956920],[46.3095230,11.7955100],[46.3095440,11.7953760],[46.3094500,11.7952980],[46.3092890,11.7954300],[46.3092540,11.7955750],[46.3091950,11.7956880],[46.3091360,11.7955730],[46.3091110,11.7957050],[46.3089780,11.7957450],[46.3089120,11.7959330],[46.3087610,11.7961280],[46.3086540,11.7962210],[46.3085970,11.7964730],[46.3085100,11.7965870],[46.3084340,11.7963410],[46.3083210,11.7965320],[46.3083050,11.7963030],[46.3082460,11.7964150],[46.3081860,11.7961780],[46.3081630,11.7959790],[46.3080940,11.7959290],[46.3079770,11.7959100],[46.3079220,11.7957850],[46.3078530,11.7954480],[46.3077400,11.7952310],[46.3076550,11.7951100],[46.3075270,11.7949410],[46.3074640,11.7947220],[46.3074100,11.7945510],[46.3073070,11.7944550],[46.3073080,11.7943190],[46.3073780,11.7944040],[46.3074770,11.7943920],[46.3074970,11.7942450],[46.3074810,11.7943240],[46.3075670,11.7943830],[46.3076260,11.7944910],[46.3076530,11.7944660],[46.3077120,11.7943470],[46.3078080,11.7943410],[46.3079030,11.7943950],[46.3079280,11.7943760],[46.3079720,11.7943300],[46.3080500,11.7942730],[46.3081580,11.7942960],[46.3081320,11.7941480],[46.3082320,11.7938640],[46.3083020,11.7937600],[46.3082990,11.7936190],[46.3083300,11.7934610],[46.3081520,11.7933550],[46.3079890,11.7932610],[46.3079580,11.7930540],[46.3079660,11.7928980],[46.3078010,11.7930340],[46.3077440,11.7929220],[46.3076730,11.7927940],[46.3076000,11.7927280],[46.3073200,11.7927790],[46.3072800,11.7927110],[46.3070710,11.7931380],[46.3068570,11.7933370],[46.3067650,11.7934730],[46.3066310,11.7935460],[46.3063880,11.7935810],[46.3062170,11.7937430],[46.3060710,11.7939180],[46.3059570,11.7940780],[46.3058180,11.7941620],[46.3057010,11.7941880],[46.3056070,11.7944450],[46.3054960,11.7945440],[46.3052880,11.7950220],[46.3051490,11.7952550],[46.3051480,11.7954860],[46.3051110,11.7957930],[46.3050250,11.7960020],[46.3049620,11.7963360],[46.3047490,11.7966180],[46.3046500,11.7968030],[46.3046030,11.7970640],[46.3044940,11.7973390],[46.3043550,11.7972810],[46.3041820,11.7967860],[46.3040460,11.7966570],[46.3037810,11.7960560],[46.3036160,11.7957550],[46.3034550,11.7955810],[46.3032830,11.7954810],[46.3030150,11.7954400],[46.3027030,11.7954530],[46.3025660,11.7954140],[46.3023650,11.7955140],[46.3022490,11.7955310],[46.3020270,11.7953900],[46.3019030,11.7952350],[46.3015500,11.7953800],[46.3014890,11.7952700],[46.3012560,11.7949860],[46.3012090,11.7948280],[46.3012920,11.7946260],[46.3014580,11.7944300],[46.3016210,11.7942880],[46.3021810,11.7939720],[46.3023010,11.7938590],[46.3024920,11.7936540],[46.3024320,11.7935390],[46.3022730,11.7936710],[46.3021360,11.7937340],[46.3011100,11.7939690],[46.3008840,11.7940610],[46.3006530,11.7941530],[46.3005150,11.7941450],[46.3004440,11.7940250],[46.3004520,11.7937690],[46.3004740,11.7935240],[46.3004960,11.7932130],[46.3004730,11.7929720],[46.3003000,11.7926550],[46.3003060,11.7924330],[46.3003480,11.7922810],[46.3006140,11.7918600],[46.3007240,11.7915040],[46.3007890,11.7913880],[46.3012080,11.7910960],[46.3014370,11.7908400],[46.3015590,11.7905410],[46.3019970,11.7895740],[46.3022040,11.7892430],[46.3021400,11.7889990],[46.3019140,11.7889710],[46.3017180,11.7890370],[46.3014590,11.7892180],[46.3009640,11.7897270],[46.3008080,11.7898560],[46.3006390,11.7897890],[46.3005800,11.7896800],[46.3006200,11.7894270],[46.3007250,11.7892650],[46.3013770,11.7885510],[46.3016570,11.7882700],[46.3017620,11.7882100],[46.3017970,11.7880610],[46.3017040,11.7880150],[46.3012850,11.7881840],[46.3010640,11.7882050],[46.3009120,11.7881730],[46.3007580,11.7881250],[46.3006320,11.7880010],[46.3004400,11.7879830],[46.3003280,11.7878690],[46.3001700,11.7875640],[46.2991030,11.7882030],[46.2989590,11.7882490],[46.2987490,11.7880090],[46.2986110,11.7878170],[46.2985200,11.7877720],[46.2982750,11.7877960],[46.2981700,11.7878480],[46.2979810,11.7880620],[46.2978570,11.7881350],[46.2977380,11.7882060],[46.2977310,11.7883430],[46.2981180,11.7881580],[46.2982580,11.7882780],[46.2982450,11.7885390],[46.2982710,11.7889510],[46.2982650,11.7891400],[46.2981340,11.7892600]],\r\n\t\t\t\t\tgraphDist          : [0.00,0.01,0.02,0.03,0.04,0.06,0.07,0.08,0.09,0.10,0.11,0.12,0.13,0.15,0.16,0.18,0.21,0.22,0.24,0.26,0.29,0.41,0.45,0.46,0.48,0.50,0.52,0.54,0.56,0.61,0.62,0.63,0.65,0.68,0.78,0.79,0.80,0.81,0.83,0.84,0.85,0.86,0.87,0.88,0.89,0.91,0.92,0.93,0.94,0.95,0.97,0.98,1.01,1.05,1.07,1.08,1.11,1.13,1.16,1.18,1.20,1.21,1.22,1.25,1.28,1.39,1.41,1.43,1.44,1.47,1.49,1.56,1.58,1.60,1.62,1.63,1.67,1.68,1.69,1.71,1.74,1.76,1.78,1.81,1.82,1.86,1.89,1.92,1.95,1.96,1.98,2.01,2.02,2.12,2.15,2.20,2.22,2.27,2.29,2.34,2.35,2.45,2.46,2.49,2.52,2.55,2.60,2.62,2.66,2.70,2.77,2.79,2.82,2.84,2.86,2.88,2.90,2.95,3.00,3.04,3.05,3.09,3.14,3.15,3.18,3.19,3.20,3.21,3.23,3.26,3.29,3.31,3.34,3.39,3.42,3.45,3.47,3.50,3.54,3.56,3.57,3.58,3.64,3.65,3.67,3.69,3.71,3.74,3.76,3.77,3.80,3.88,3.89,3.91,3.94,3.95,3.97,3.99,4.01,4.04,4.08,4.11,4.13,4.16,4.22,4.24,4.27,4.29,4.32,4.36,4.38,4.42,4.45,4.48,4.49,4.53,4.54,4.55,4.60,4.62,4.64,4.66,4.67,4.69,4.70,4.73,4.74,4.76,4.84,4.85,4.86,4.88,4.89,4.90,4.91,4.92,4.94,4.96,4.99,5.00,5.03,5.04,5.06,5.07,5.09,5.10,5.11,5.13,5.15,5.18,5.21,5.23,5.25,5.27,5.29,5.30,5.31,5.33,5.35,5.36,5.38,5.40,5.42,5.44,5.46,5.48,5.49,5.51,5.52,5.54,5.56,5.57,5.58,5.59,5.60,5.61,5.63,5.64,5.65,5.66,5.67,5.68,5.70,5.72,5.74,5.77,5.78,5.79,5.81,5.83,5.85,5.87,5.88,5.90,5.91,5.94,5.96,5.99,6.00,6.04,6.07,6.09,6.10,6.13,6.16,6.18,6.19,6.21,6.22,6.25,6.26,6.31,6.33,6.35,6.37,6.39,6.42,6.45,6.47,6.49,6.51,6.53,6.57,6.59,6.64,6.67,6.70,6.72,6.75,6.78,6.80,6.82,6.83,6.86,6.88,6.92,6.93,6.97,6.98,7.00,7.02,7.04,7.11,7.13,7.15,7.17,7.19,7.21,7.32,7.35,7.38,7.39,7.40,7.42,7.44,7.47,7.49,7.52,7.53,7.55,7.59,7.62,7.63,7.68,7.72,7.74,7.83,7.87,7.89,7.91,7.94,7.97,8.04,8.06,8.08,8.09,8.11,8.12,8.22,8.25,8.27,8.28,8.29,8.34,8.36,8.38,8.40,8.42,8.44,8.45,8.48,8.61,8.63,8.66,8.68,8.69,8.72,8.73,8.76,8.77,8.79,8.80,8.85,8.86,8.88,8.92,8.93,8.95],\r\n\t\t\t\t\tgraphEle           : [1970.24,1970.24,1970.24,1970.24,1970.24,1970.24,1970.24,1970.24,1970.24,1970.31,1970.97,1971.61,1972.24,1972.99,1973.70,1975.00,1976.59,1977.22,1978.46,1979.70,1981.23,1991.17,1994.09,1995.36,1997.15,1998.56,2000.08,2001.57,2003.71,2007.92,2008.92,2010.10,2011.19,2014.15,2026.95,2029.10,2030.72,2032.52,2034.23,2036.25,2037.99,2039.56,2041.23,2042.80,2044.40,2046.11,2047.56,2049.13,2050.73,2052.23,2054.77,2056.41,2060.69,2066.96,2068.76,2071.20,2074.94,2076.13,2077.67,2078.88,2080.13,2080.93,2081.91,2083.61,2085.28,2092.08,2093.00,2094.16,2094.85,2096.70,2097.62,2103.67,2105.83,2108.26,2109.81,2111.47,2114.92,2116.02,2117.24,2119.45,2121.78,2124.09,2126.02,2128.07,2129.49,2133.40,2135.95,2139.01,2141.35,2142.43,2143.76,2147.06,2148.10,2156.65,2158.60,2161.81,2163.48,2166.88,2168.60,2170.38,2170.64,2172.92,2173.21,2173.90,2174.31,2174.31,2174.31,2174.31,2174.31,2174.31,2175.27,2175.59,2176.05,2176.37,2176.61,2176.95,2177.20,2178.64,2179.96,2181.08,2181.58,2182.76,2183.36,2183.41,2183.53,2183.58,2183.63,2183.68,2183.74,2183.86,2184.03,2184.00,2183.19,2182.02,2181.00,2180.15,2179.78,2178.93,2178.54,2178.46,2178.42,2178.39,2178.21,2178.18,2178.11,2178.04,2177.91,2175.42,2173.70,2171.99,2169.73,2162.34,2160.92,2159.23,2156.36,2154.70,2152.50,2151.01,2148.11,2145.31,2141.39,2138.07,2136.71,2135.70,2133.30,2132.40,2131.34,2130.32,2129.67,2130.78,2131.31,2132.34,2132.91,2133.65,2134.09,2136.39,2138.22,2140.10,2145.21,2148.25,2150.83,2153.21,2154.86,2157.27,2158.96,2162.79,2165.81,2170.47,2186.58,2188.88,2191.13,2193.76,2195.95,2198.13,2200.42,2202.68,2205.94,2210.39,2214.23,2216.68,2221.18,2223.58,2227.20,2229.27,2232.45,2234.38,2236.23,2238.75,2240.41,2243.99,2246.86,2248.94,2250.28,2252.40,2254.38,2256.27,2257.37,2258.19,2258.38,2258.51,2258.75,2258.87,2259.18,2259.41,2259.57,2259.79,2259.99,2260.15,2260.27,2260.06,2259.96,2259.86,2259.75,2259.61,2259.50,2259.40,2259.29,2259.18,2259.08,2258.97,2258.86,2258.74,2258.59,2257.85,2255.34,2249.06,2246.92,2244.84,2242.41,2237.34,2233.59,2230.47,2228.16,2224.10,2222.05,2217.19,2214.15,2207.88,2204.83,2197.01,2191.50,2188.65,2185.55,2180.59,2178.05,2175.64,2173.67,2171.80,2170.33,2167.84,2166.22,2161.38,2158.74,2157.98,2157.00,2156.24,2155.15,2153.83,2153.09,2152.24,2151.24,2150.54,2147.56,2146.29,2142.42,2140.34,2138.76,2137.31,2134.69,2131.22,2129.66,2127.30,2126.00,2123.30,2121.47,2117.29,2116.20,2112.67,2111.30,2109.40,2106.93,2104.73,2097.78,2096.12,2094.48,2093.55,2092.51,2091.69,2085.76,2084.07,2082.15,2081.04,2080.13,2078.71,2077.34,2075.61,2074.26,2072.02,2070.76,2069.39,2064.63,2061.37,2060.12,2054.50,2051.01,2048.40,2041.45,2038.77,2037.07,2035.10,2033.38,2031.42,2027.28,2026.06,2024.84,2024.19,2022.91,2021.87,2014.15,2010.82,2009.71,2008.52,2007.51,2003.28,2001.24,1999.83,1998.38,1996.98,1995.21,1993.96,1991.53,1982.03,1980.92,1978.81,1977.37,1976.64,1974.79,1973.96,1973.56,1973.56,1973.56,1973.56,1973.56,1973.56,1973.56,1973.56,1973.56,1973.56],\r\n\t\t\t\t\tgraphSpeed         : [],\r\n\t\t\t\t\tgraphHr            : [],\r\n\t\t\t\t\tgraphAtemp         : [],\r\n\t\t\t\t\tgraphCad           : [],\r\n\t\t\t\t\tgraphGrade         : [],\r\n\t\t\t\t\twaypoints          : [],\r\n\t\t\t\t\tunit               : \"2\",\r\n\t\t\t\t\tunitspeed          : \"0\",\r\n\t\t\t\t\tcolor1             : [\"#3366cc\"],\r\n\t\t\t\t\tcolor2             : \"#3366cc\",\r\n\t\t\t\t\tcolor3             : \"#ff0000\",\r\n\t\t\t\t\tcolor4             : \"#ff77bd\",\r\n\t\t\t\t\tcolor5             : \"#beecff\",\r\n\t\t\t\t\tcolor6             : \"#beecff\",\r\n\t\t\t\t\tcolor7             : \"#ff77bd\",\r\n\t\t\t\t\tchartFrom1         : \"\",\r\n\t\t\t\t\tchartTo1           : \"\",\r\n\t\t\t\t\tchartFrom2         : \"\",\r\n\t\t\t\t\tchartTo2           : \"\",\r\n\t\t\t\t\tstartIcon          : \"\",\r\n\t\t\t\t\tendIcon            : \"\",\r\n\t\t\t\t\tcurrentIcon        : \"\",\r\n\t\t\t\t\twaypointIcon       : \"https:\/\/lavia.cc\/gpx\/wp-content\/uploads\/gpx\/cropped-icona.ico\",\r\n\t\t\t\t\tcurrentpositioncon : \"\",\r\n\t\t\t\t\tusegpsposition     : \"\",\r\n\t\t\t\t\tzoomOnScrollWheel  : \"\",\r\n\t\t\t\t\tngGalleries        : [],\r\n\t\t\t\t\tngImages           : [],\r\n\t\t\t\t\tpluginUrl          : \"https:\/\/lavia.cc\/gpx\/wp-content\/plugins\",\r\n\t\t\t\t\tTFApiKey           : \"\",\r\n\t\t\t\t\tMapBoxApiKey           : \"\",\r\n\t\t\t\t\tlangs              : {\r\n\t\t\t\t\t\taltitude        : \"Altitudine\",\r\n\t\t\t\t\t\tcurrentPosition : \"Current position\",\r\n\t\t\t\t\t\tspeed           : \"Velocit\u00e0\",\r\n\t\t\t\t\t\tgrade           : \"Grade\",\r\n\t\t\t\t\t\theartRate       : \"Battito Cardiaco\",\r\n\t\t\t\t\t\tatemp           : \"Temperature\",\r\n\t\t\t\t\t\tcadence         : \"Cadenza\",\r\n\t\t\t\t\t\tgoFullScreen    : \"Go full screen\",\r\n\t\t\t\t\t\texitFullFcreen  : \"Exit full screen\",\r\n\t\t\t\t\t\thideImages      : \"Hide images\",\r\n\t\t\t\t\t\tshowImages      : \"Show images\",\r\n\t\t\t\t\t\tbackToCenter\t: \"Ritorna al centro della mappa\"\r\n\t\t\t\t\t}\r\n\t\t\t\t});\r\n\r\n\t\t\t});\r\n\r\n\t\t<\/script>\n<p>\ud83d\udfe2 Visita\u00a0LAVIA.CC\u00a0per altre tracce gpx e condividi le tue avventure con la nostra\u00a0community!<\/p>\n","protected":false},"excerpt":{"rendered":"<p>L\u2019anello del Cristo Pensante: un\u2019esperienza indimenticabile tra le meraviglie delle dolomiti. Questo percorso \u00e8 un vero e proprio gioiello delle <strong>Dolomiti<\/strong>, uno degli itinerari pi\u00f9 apprezzati e frequentati nel gruppo delle <strong>Pale di San Martino<\/strong>, e uno dei pi\u00f9 celebri in assoluto in queste maestose montagne. L\u2019anello nasce nel 2009, quando sulla cresta sommitale del<strong> Monte Castellaz<\/strong> \u2013 una suggestiva elevazione che si erge proprio di fronte al grandioso versante nord delle Pale \u2013 vengono collocate due opere simboliche: una magnifica statua in marmo raffigurante il <strong>Cristo Pensante<\/strong> e una croce monumentale in acciaio corten. La combinazione tra la straordinaria bellezza della statua, l\u2019accessibilit\u00e0 del sentiero e il contesto dolomitico mozzafiato fa di questa escursione un\u2019esperienza davvero unica e memorabile per ogni escursionista. ATTENZIONE IN INVERNO: Nei mesi pi\u00f9 freddi \u00e8 essenziale valutare con cura le condizioni di innevamento. In presenza di ghiaccio, \u00e8 indispensabile utilizzare i ramponcini, mentre per neve fresca o morbida si consiglia l\u2019uso delle ciaspole. Ricordate sempre di consultare il bollettino valanghe e di considerare lo stato del manto nevoso prima di intraprendere l\u2019escursione. Entrambi i versanti attraversati dal sentiero presentano tratti ripidi e potenzialmente esposti a slavine. Il trekking prende il via dal suggestivo<strong> Passo Rolle<\/strong>. Da qui si seguono le indicazioni per <strong>Baita Segantini<\/strong>, prestando attenzione ai punti in cui il sentiero innevato incrocia le piste da sci. La prima tappa \u00e8 la <strong>Capanna Cervino<\/strong>, uno dei rifugi pi\u00f9 pittoreschi delle Dolomiti, raggiungibile in circa 40-50 minuti di cammino senza soste. Proseguendo, si arriva alla rinomata Baita Segantini, un luogo magico da cui si possono ammirare panorami incantevoli: le Pale di San Martino e la maestosa cima <strong>Mulaz<\/strong>, veri capolavori della natura. Dalla Baita Segantini, si segue il segnavia per il &#8220;Trekking del Cristo Pensante&#8221; (sentiero R01). Il sentiero si snoda attorno al Monte Costazza fino a raggiungere un altro segnavia alla base del Monte Castellaz. Da questo punto inizia la salita pi\u00f9 impegnativa, che conduce direttamente alla vetta del <strong>Castellaz a 2.333 metri di altitudine<\/strong>. Qui, ad attendervi, ci sono la suggestiva statua del Cristo Pensante e la croce di vetta, simboli di spiritualit\u00e0 e contemplazione in mezzo a un panorama spettacolare. La discesa segue un itinerario differente rispetto alla salita, passando dal versante opposto del Monte Castellaz e riportando prima alla<strong> Capanna Cervino<\/strong> per chiudere l\u2019anello e infine al Passo Rolle.<\/p>\n<p>Bellissime foto di <a href=\"https:\/\/www.instagram.com\/p\/DEu7U57obDuA3nrPwmkZ1kiRgf1-MMiqJF-Q9o0\/?img_index=1\">@frencysalton<\/a><\/p>\n<p>\ud83d\udfe2 Scarica la TRACCIA e Segui <a href=\"https:\/\/www.instagram.com\/lavia.cc\/\" target=\"_blank\" rel=\"noopener\">LAVIA<\/a>!<\/p>\n","protected":false},"featured_media":19331,"comment_status":"open","ping_status":"closed","template":"","meta":[],"product_brand":[],"product_cat":[31],"product_tag":[37,263],"class_list":{"0":"post-19293","1":"product","2":"type-product","3":"status-publish","4":"has-post-thumbnail","6":"product_cat-escursionismo","7":"product_tag-r-trentinoaltoadige","8":"product_tag-trento","10":"first","11":"instock","12":"downloadable","13":"virtual","14":"product-type-simple"},"_links":{"self":[{"href":"https:\/\/lavia.cc\/gpx\/wp-json\/wp\/v2\/product\/19293","targetHints":{"allow":["GET"]}}],"collection":[{"href":"https:\/\/lavia.cc\/gpx\/wp-json\/wp\/v2\/product"}],"about":[{"href":"https:\/\/lavia.cc\/gpx\/wp-json\/wp\/v2\/types\/product"}],"replies":[{"embeddable":true,"href":"https:\/\/lavia.cc\/gpx\/wp-json\/wp\/v2\/comments?post=19293"}],"version-history":[{"count":5,"href":"https:\/\/lavia.cc\/gpx\/wp-json\/wp\/v2\/product\/19293\/revisions"}],"predecessor-version":[{"id":19340,"href":"https:\/\/lavia.cc\/gpx\/wp-json\/wp\/v2\/product\/19293\/revisions\/19340"}],"wp:featuredmedia":[{"embeddable":true,"href":"https:\/\/lavia.cc\/gpx\/wp-json\/wp\/v2\/media\/19331"}],"wp:attachment":[{"href":"https:\/\/lavia.cc\/gpx\/wp-json\/wp\/v2\/media?parent=19293"}],"wp:term":[{"taxonomy":"product_brand","embeddable":true,"href":"https:\/\/lavia.cc\/gpx\/wp-json\/wp\/v2\/product_brand?post=19293"},{"taxonomy":"product_cat","embeddable":true,"href":"https:\/\/lavia.cc\/gpx\/wp-json\/wp\/v2\/product_cat?post=19293"},{"taxonomy":"product_tag","embeddable":true,"href":"https:\/\/lavia.cc\/gpx\/wp-json\/wp\/v2\/product_tag?post=19293"}],"curies":[{"name":"wp","href":"https:\/\/api.w.org\/{rel}","templated":true}]}}