{"id":2074,"date":"2022-09-07T16:32:42","date_gmt":"2022-09-07T14:32:42","guid":{"rendered":"https:\/\/lavia.cc\/gpx\/?post_type=product&#038;p=2074"},"modified":"2023-07-04T20:58:51","modified_gmt":"2023-07-04T18:58:51","slug":"creste-del-fumante-e-cima-carega-da-passo-campogrosso","status":"publish","type":"product","link":"https:\/\/lavia.cc\/gpx\/tracce\/creste-del-fumante-e-cima-carega-da-passo-campogrosso\/","title":{"rendered":"Creste del fumante e Cima Carega da Passo Campogrosso"},"content":{"rendered":"<h4>Creste del fumante e Cima Carega da Passo Campogrosso<\/h4>\n<p>Mappa dell\u2019<a href=\"https:\/\/lavia.cc\/gpx\/categoria-tracce\/escursionismo\/\">escursione<\/a>.<\/p>\n\r\n\t\t<div id=\"wpgpxmaps_2074_923128\" class=\"wpgpxmaps\">\r\n\t\t\t<div id=\"map_2074_923128_cont\" style=\"width:100%; height:450px;position:relative\" >\r\n\t\t\t\t<div id=\"map_2074_923128\" style=\"width:100%; height:450px\"><\/div>\r\n\t\t\t\t<div id=\"wpgpxmaps_2074_923128_osm_footer\" class=\"wpgpxmaps_osm_footer\" style=\"display:none;\"><span> &copy; <a href=\"http:\/\/www.openstreetmap.org\/copyright\" target=\"_blank\" rel=\"noopener\">OpenStreetMap<\/a> contributors<\/span><\/div>\r\n\t\t\t<\/div>\r\n\t\t\t<canvas id=\"myChart_2074_923128\" class=\"plot\" style=\"width:100%; height:200px\"><\/canvas>\r\n\t\t\t<div id=\"ngimages_2074_923128\" class=\"ngimages\" style=\"display:none\"><\/div>\r\n\t\t\t<div id=\"report_2074_923128\" class=\"report\"><\/div>\r\n\t\t<\/div>\r\n\t\t\r\n\t\t<script type=\"text\/javascript\">\r\n\r\n\t\t\tjQuery(document).ready(function() {\r\n\r\n\t\t\t\tjQuery( \"#wpgpxmaps_2074_923128\" ).wpgpxmaps( {\r\n\t\t\t\t\ttargetId           : \"2074_923128\",\r\n\t\t\t\t\tmapType            : \"HYBRID\",\r\n\t\t\t\t\tmapData            : [[45.7289470,11.1689800],[45.7286160,11.1696400],[45.7284830,11.1700010],[45.7283500,11.1706130],[45.7282090,11.1701000],[45.7280800,11.1698200],[45.7280830,11.1694530],[45.7279220,11.1687710],[45.7279130,11.1686340],[45.7280300,11.1682870],[45.7281420,11.1676270],[45.7282270,11.1674740],[45.7282150,11.1672340],[45.7282620,11.1670790],[45.7278310,11.1658860],[45.7276270,11.1657150],[45.7275970,11.1653460],[45.7274480,11.1651310],[45.7273520,11.1651400],[45.7270040,11.1648220],[45.7268420,11.1642210],[45.7262620,11.1637260],[45.7260600,11.1636190],[45.7257230,11.1631930],[45.7256020,11.1631830],[45.7254460,11.1630320],[45.7254460,11.1628860],[45.7252250,11.1621100],[45.7251770,11.1618350],[45.7251950,11.1616550],[45.7250150,11.1611830],[45.7248470,11.1609420],[45.7248590,11.1607450],[45.7247630,11.1604450],[45.7247630,11.1599810],[45.7246970,11.1595860],[45.7248230,11.1587620],[45.7247130,11.1585650],[45.7245190,11.1584350],[45.7234070,11.1572360],[45.7231270,11.1569990],[45.7231040,11.1567880],[45.7230440,11.1566850],[45.7230500,11.1565140],[45.7229160,11.1562360],[45.7227510,11.1563100],[45.7225890,11.1562540],[45.7224870,11.1560370],[45.7223680,11.1559000],[45.7222890,11.1556790],[45.7221410,11.1556340],[45.7219670,11.1554500],[45.7218730,11.1554550],[45.7217820,11.1554600],[45.7216400,11.1552410],[45.7214880,11.1552550],[45.7214560,11.1549770],[45.7213220,11.1548420],[45.7215540,11.1547070],[45.7213220,11.1548420],[45.7211670,11.1549210],[45.7210530,11.1547950],[45.7208960,11.1546380],[45.7208060,11.1541570],[45.7209290,11.1538920],[45.7209690,11.1537000],[45.7208910,11.1536730],[45.7214630,11.1537400],[45.7213590,11.1536680],[45.7212630,11.1536130],[45.7212220,11.1536430],[45.7211160,11.1535530],[45.7210360,11.1534750],[45.7209610,11.1534020],[45.7207910,11.1532900],[45.7207750,11.1530320],[45.7205660,11.1526050],[45.7205580,11.1523940],[45.7204490,11.1524000],[45.7203860,11.1524460],[45.7202990,11.1522390],[45.7201240,11.1523230],[45.7199040,11.1527560],[45.7197910,11.1526230],[45.7196990,11.1527280],[45.7194390,11.1527390],[45.7192690,11.1526600],[45.7192140,11.1528070],[45.7190600,11.1529160],[45.7191900,11.1530320],[45.7185710,11.1529660],[45.7185360,11.1527480],[45.7184780,11.1526730],[45.7184110,11.1526960],[45.7183650,11.1525880],[45.7182870,11.1525740],[45.7182440,11.1525410],[45.7181450,11.1525560],[45.7180870,11.1525650],[45.7180340,11.1526730],[45.7180160,11.1528170],[45.7179770,11.1529340],[45.7178750,11.1529670],[45.7178090,11.1528580],[45.7178140,11.1528550],[45.7179180,11.1528230],[45.7179080,11.1526900],[45.7177230,11.1526730],[45.7176470,11.1524350],[45.7177220,11.1523300],[45.7177280,11.1519770],[45.7178860,11.1516450],[45.7178650,11.1513630],[45.7178250,11.1511630],[45.7176990,11.1509630],[45.7177140,11.1507930],[45.7176550,11.1506450],[45.7176900,11.1503760],[45.7176150,11.1502060],[45.7177270,11.1501360],[45.7177300,11.1499900],[45.7175330,11.1497840],[45.7175550,11.1494580],[45.7174290,11.1491830],[45.7172970,11.1490370],[45.7171090,11.1490180],[45.7171230,11.1488730],[45.7170300,11.1488810],[45.7169670,11.1487260],[45.7168160,11.1485580],[45.7166260,11.1485660],[45.7166300,11.1482850],[45.7166480,11.1478460],[45.7165120,11.1476490],[45.7167240,11.1476140],[45.7167020,11.1474410],[45.7168120,11.1473170],[45.7168160,11.1472250],[45.7168070,11.1470720],[45.7166700,11.1470260],[45.7168600,11.1468010],[45.7169140,11.1461350],[45.7167830,11.1460570],[45.7166140,11.1460740],[45.7166820,11.1459640],[45.7170430,11.1459000],[45.7174200,11.1455550],[45.7174380,11.1453760],[45.7177310,11.1451430],[45.7179530,11.1445840],[45.7179930,11.1443360],[45.7182370,11.1444070],[45.7183650,11.1444970],[45.7185350,11.1444690],[45.7188230,11.1445040],[45.7195440,11.1443750],[45.7198760,11.1441240],[45.7199680,11.1439840],[45.7202250,11.1439080],[45.7202630,11.1437850],[45.7203770,11.1437150],[45.7204140,11.1435570],[45.7202590,11.1427570],[45.7202150,11.1424120],[45.7201430,11.1422060],[45.7201690,11.1414220],[45.7205380,11.1410190],[45.7210610,11.1407790],[45.7212100,11.1406160],[45.7215400,11.1405350],[45.7217760,11.1403360],[45.7220370,11.1398970],[45.7221150,11.1394500],[45.7222650,11.1391670],[45.7229240,11.1385490],[45.7231040,11.1381800],[45.7238050,11.1375710],[45.7238830,11.1369270],[45.7239880,11.1366970],[45.7240670,11.1360440],[45.7241010,11.1357480],[45.7240120,11.1352740],[45.7239330,11.1350390],[45.7235350,11.1347490],[45.7233870,11.1345550],[45.7240040,11.1346710],[45.7241810,11.1347590],[45.7242360,11.1348860],[45.7243250,11.1351000],[45.7243450,11.1345830],[45.7242520,11.1341470],[45.7242690,11.1340610],[45.7242370,11.1339270],[45.7241830,11.1338160],[45.7242450,11.1337930],[45.7243100,11.1339050],[45.7243750,11.1340080],[45.7244400,11.1341140],[45.7244950,11.1342260],[45.7245300,11.1343670],[45.7245890,11.1344760],[45.7246480,11.1344310],[45.7246570,11.1343290],[45.7246640,11.1341970],[45.7246260,11.1340570],[45.7245690,11.1339200],[45.7244760,11.1334230],[45.7244400,11.1327730],[45.7241510,11.1320350],[45.7244150,11.1321290],[45.7246670,11.1324140],[45.7248950,11.1329340],[45.7249350,11.1332280],[45.7249770,11.1331750],[45.7249780,11.1325410],[45.7246770,11.1319350],[45.7244480,11.1316830],[45.7241490,11.1314530],[45.7241330,11.1313660],[45.7240760,11.1312620],[45.7239850,11.1312190],[45.7240800,11.1311810],[45.7241720,11.1312530],[45.7242670,11.1312950],[45.7243530,11.1313790],[45.7244470,11.1314360],[45.7245460,11.1314710],[45.7246410,11.1315090],[45.7247310,11.1315590],[45.7248240,11.1316370],[45.7248520,11.1315970],[45.7247800,11.1314960],[45.7247070,11.1314990],[45.7243580,11.1310910],[45.7240160,11.1307630],[45.7237840,11.1306340],[45.7234890,11.1303310],[45.7233380,11.1302280],[45.7231340,11.1301630],[45.7235410,11.1297090],[45.7236550,11.1294340],[45.7237870,11.1295050],[45.7238480,11.1298640],[45.7239350,11.1300780],[45.7239020,11.1298800],[45.7238130,11.1295440],[45.7236900,11.1295470],[45.7235410,11.1297090],[45.7231340,11.1301630],[45.7233380,11.1302280],[45.7234890,11.1303310],[45.7237840,11.1306340],[45.7240160,11.1307630],[45.7243030,11.1310380],[45.7247070,11.1314990],[45.7248360,11.1316510],[45.7240200,11.1312360],[45.7238970,11.1312580],[45.7241490,11.1314530],[45.7244480,11.1316830],[45.7246770,11.1319350],[45.7249700,11.1325260],[45.7249770,11.1331750],[45.7249350,11.1332280],[45.7248950,11.1329340],[45.7246670,11.1324140],[45.7244150,11.1321290],[45.7241510,11.1320350],[45.7244400,11.1327730],[45.7244760,11.1334230],[45.7245690,11.1339200],[45.7246270,11.1340360],[45.7246320,11.1341680],[45.7246670,11.1343100],[45.7246410,11.1344520],[45.7246550,11.1345550],[45.7245860,11.1346370],[45.7245370,11.1347400],[45.7245090,11.1348690],[45.7244190,11.1348920],[45.7243710,11.1349470],[45.7243060,11.1348270],[45.7242260,11.1347840],[45.7241300,11.1347510],[45.7240460,11.1346860],[45.7234080,11.1345160],[45.7235350,11.1347490],[45.7239330,11.1350390],[45.7239910,11.1351580],[45.7241010,11.1357480],[45.7240670,11.1360440],[45.7239990,11.1366520],[45.7238830,11.1369270],[45.7236220,11.1373080],[45.7233820,11.1374990],[45.7232090,11.1377550],[45.7227550,11.1382290],[45.7225110,11.1384080],[45.7220830,11.1385660],[45.7218420,11.1388180],[45.7217590,11.1390190],[45.7216640,11.1396110],[45.7215200,11.1399400],[45.7214260,11.1400070],[45.7210250,11.1400680],[45.7208470,11.1400220],[45.7205360,11.1397820],[45.7200880,11.1397590],[45.7196750,11.1396310],[45.7194560,11.1398490],[45.7193520,11.1398570],[45.7189840,11.1405570],[45.7189960,11.1409690],[45.7191410,11.1414020],[45.7192790,11.1415780],[45.7194840,11.1416920],[45.7196090,11.1419540],[45.7198390,11.1424340],[45.7199910,11.1429010],[45.7200730,11.1427060],[45.7201790,11.1427860],[45.7204450,11.1428820],[45.7205670,11.1425370],[45.7207580,11.1428500],[45.7210830,11.1429450],[45.7211260,11.1428170],[45.7210630,11.1426110],[45.7212180,11.1424380],[45.7215180,11.1418740],[45.7217070,11.1418520],[45.7219130,11.1417340],[45.7222280,11.1417090],[45.7223130,11.1417850],[45.7221220,11.1420440],[45.7222240,11.1422180],[45.7222320,11.1423280],[45.7222110,11.1424460],[45.7225960,11.1426630],[45.7226090,11.1427980],[45.7226850,11.1428750],[45.7226790,11.1429040],[45.7226750,11.1429540],[45.7225920,11.1430350],[45.7225170,11.1431130],[45.7224510,11.1431840],[45.7223850,11.1432790],[45.7224180,11.1433360],[45.7225050,11.1434000],[45.7225880,11.1434550],[45.7226160,11.1435770],[45.7226930,11.1436500],[45.7226070,11.1436000],[45.7225580,11.1436750],[45.7226230,11.1437810],[45.7226510,11.1439010],[45.7226720,11.1440240],[45.7226410,11.1440470],[45.7225470,11.1440160],[45.7224650,11.1440820],[45.7223750,11.1441440],[45.7224010,11.1442670],[45.7224120,11.1443680],[45.7223750,11.1444870],[45.7223460,11.1446150],[45.7223360,11.1447520],[45.7223310,11.1447520],[45.7223550,11.1446230],[45.7224010,11.1444970],[45.7224000,11.1443670],[45.7224380,11.1442450],[45.7224950,11.1441380],[45.7224900,11.1441090],[45.7225240,11.1439990],[45.7225840,11.1440590],[45.7226270,11.1441720],[45.7225630,11.1443170],[45.7225960,11.1445540],[45.7226840,11.1447800],[45.7228790,11.1449130],[45.7230510,11.1448680],[45.7229610,11.1450640],[45.7233960,11.1449130],[45.7237680,11.1449920],[45.7238100,11.1450760],[45.7238580,11.1451840],[45.7239230,11.1451700],[45.7239950,11.1451110],[45.7240500,11.1452100],[45.7241040,11.1453180],[45.7241410,11.1454000],[45.7242330,11.1454350],[45.7242650,11.1455390],[45.7243510,11.1454970],[45.7244430,11.1455060],[45.7245410,11.1455230],[45.7244510,11.1455460],[45.7243700,11.1456280],[45.7242850,11.1456730],[45.7241470,11.1456970],[45.7240370,11.1458100],[45.7238660,11.1461730],[45.7236790,11.1464460],[45.7235830,11.1465740],[45.7232950,11.1467460],[45.7232530,11.1469350],[45.7231270,11.1471490],[45.7233250,11.1471490],[45.7230800,11.1476040],[45.7231460,11.1479820],[45.7230800,11.1481280],[45.7230740,11.1482650],[45.7229900,11.1491060],[45.7228600,11.1496420],[45.7226840,11.1504800],[45.7225340,11.1508400],[45.7225100,11.1513550],[45.7224500,11.1515100],[45.7224800,11.1516980],[45.7223310,11.1527280],[45.7223550,11.1531060],[45.7222290,11.1539730],[45.7222530,11.1549170],[45.7224560,11.1555950],[45.7224870,11.1560370],[45.7225240,11.1562170],[45.7227510,11.1563100],[45.7229160,11.1562360],[45.7230500,11.1565140],[45.7230440,11.1566850],[45.7231040,11.1567880],[45.7231270,11.1569990],[45.7234070,11.1572360],[45.7245190,11.1584350],[45.7247130,11.1585650],[45.7248230,11.1587620],[45.7246970,11.1595860],[45.7247630,11.1599810],[45.7247630,11.1604450],[45.7248590,11.1607450],[45.7248470,11.1609420],[45.7250150,11.1611830],[45.7251950,11.1616550],[45.7251770,11.1618350],[45.7252250,11.1621100],[45.7254460,11.1628860],[45.7254460,11.1630320],[45.7256020,11.1631830],[45.7257230,11.1631930],[45.7260600,11.1636190],[45.7262620,11.1637260],[45.7268420,11.1642210],[45.7270040,11.1648220],[45.7273520,11.1651400],[45.7274480,11.1651310],[45.7275970,11.1653460],[45.7276270,11.1657150],[45.7278310,11.1658860],[45.7281600,11.1667960],[45.7282620,11.1670790],[45.7283910,11.1673320],[45.7285640,11.1672570],[45.7286760,11.1671130],[45.7288960,11.1675210],[45.7290590,11.1679190],[45.7290920,11.1681030],[45.7291090,11.1684690],[45.7290330,11.1688080],[45.7289600,11.1689530]],\r\n\t\t\t\t\tgraphDist          : [0.00,0.06,0.09,0.14,0.19,0.21,0.24,0.30,0.31,0.34,0.39,0.41,0.43,0.44,0.54,0.57,0.60,0.62,0.63,0.68,0.73,0.80,0.83,0.88,0.89,0.91,0.92,0.99,1.01,1.02,1.07,1.09,1.11,1.13,1.17,1.20,1.27,1.29,1.31,1.47,1.50,1.52,1.53,1.54,1.57,1.59,1.61,1.63,1.65,1.67,1.69,1.71,1.72,1.73,1.76,1.77,1.80,1.82,1.85,1.88,1.89,1.91,1.94,1.98,2.00,2.02,2.04,2.11,2.13,2.14,2.15,2.16,2.18,2.19,2.21,2.23,2.28,2.29,2.31,2.32,2.34,2.37,2.41,2.43,2.44,2.47,2.49,2.51,2.53,2.54,2.62,2.63,2.65,2.66,2.67,2.68,2.69,2.70,2.71,2.72,2.74,2.75,2.76,2.77,2.78,2.79,2.81,2.83,2.85,2.86,2.89,2.92,2.94,2.96,2.98,2.99,3.00,3.03,3.04,3.06,3.07,3.09,3.12,3.14,3.16,3.18,3.20,3.21,3.22,3.24,3.26,3.28,3.33,3.35,3.37,3.39,3.40,3.42,3.44,3.45,3.48,3.54,3.55,3.57,3.58,3.63,3.68,3.69,3.73,3.78,3.80,3.83,3.85,3.87,3.90,3.98,4.02,4.04,4.06,4.08,4.09,4.10,4.17,4.19,4.21,4.27,4.32,4.39,4.41,4.44,4.47,4.52,4.55,4.58,4.67,4.70,4.80,4.85,4.87,4.92,4.94,4.98,5.00,5.05,5.07,5.14,5.17,5.18,5.20,5.25,5.29,5.30,5.31,5.32,5.33,5.34,5.35,5.36,5.38,5.39,5.40,5.41,5.42,5.43,5.44,5.46,5.50,5.55,5.62,5.65,5.68,5.73,5.75,5.77,5.81,5.87,5.91,5.94,5.96,5.97,5.98,5.99,6.00,6.01,6.02,6.04,6.05,6.06,6.07,6.08,6.09,6.10,6.11,6.17,6.21,6.24,6.28,6.30,6.32,6.38,6.41,6.43,6.46,6.48,6.49,6.52,6.54,6.57,6.63,6.66,6.67,6.72,6.74,6.78,6.84,6.86,6.96,6.97,7.00,7.04,7.07,7.13,7.18,7.19,7.21,7.26,7.30,7.33,7.40,7.45,7.49,7.50,7.51,7.52,7.53,7.54,7.56,7.57,7.58,7.59,7.60,7.61,7.62,7.63,7.64,7.72,7.74,7.79,7.81,7.85,7.88,7.92,7.95,7.99,8.02,8.05,8.11,8.14,8.19,8.22,8.24,8.29,8.32,8.33,8.38,8.40,8.44,8.49,8.53,8.57,8.58,8.64,8.68,8.71,8.73,8.76,8.78,8.83,8.87,8.89,8.90,8.93,8.96,9.00,9.03,9.05,9.06,9.09,9.14,9.16,9.19,9.23,9.24,9.27,9.29,9.30,9.32,9.37,9.39,9.40,9.41,9.42,9.43,9.44,9.45,9.47,9.48,9.49,9.50,9.51,9.52,9.53,9.54,9.55,9.56,9.58,9.59,9.60,9.61,9.62,9.63,9.64,9.65,9.66,9.67,9.68,9.69,9.71,9.72,9.73,9.74,9.75,9.76,9.77,9.78,9.79,9.81,9.83,9.86,9.88,9.90,9.95,10.00,10.01,10.02,10.03,10.04,10.05,10.06,10.07,10.09,10.10,10.11,10.12,10.13,10.14,10.15,10.16,10.18,10.20,10.23,10.26,10.28,10.31,10.33,10.35,10.37,10.42,10.45,10.46,10.47,10.54,10.59,10.65,10.69,10.73,10.74,10.76,10.84,10.87,10.94,11.01,11.07,11.10,11.12,11.15,11.17,11.19,11.21,11.22,11.23,11.27,11.42,11.45,11.47,11.53,11.56,11.60,11.63,11.64,11.67,11.71,11.72,11.75,11.81,11.82,11.84,11.86,11.91,11.93,12.01,12.06,12.10,12.11,12.14,12.17,12.19,12.27,12.30,12.32,12.34,12.36,12.40,12.43,12.45,12.48,12.50,12.52],\r\n\t\t\t\t\tgraphEle           : [1450.17,1450.17,1450.17,1451.14,1452.06,1452.62,1453.24,1454.45,1455.22,1457.79,1462.33,1463.64,1465.24,1466.37,1474.25,1475.84,1477.57,1478.99,1479.64,1482.40,1484.40,1486.16,1486.72,1487.89,1488.21,1489.24,1490.07,1494.84,1496.45,1497.48,1500.54,1502.47,1503.45,1504.77,1506.64,1508.27,1511.66,1512.67,1513.82,1520.38,1521.91,1525.26,1527.36,1530.05,1535.35,1539.24,1542.99,1547.51,1550.94,1554.84,1558.24,1563.54,1566.90,1570.15,1577.60,1583.03,1590.37,1596.21,1605.15,1614.08,1619.95,1625.09,1632.73,1645.53,1653.71,1660.48,1664.14,1688.29,1692.55,1696.56,1700.06,1704.76,1708.75,1712.35,1720.59,1727.45,1741.25,1746.85,1752.22,1756.41,1762.85,1769.99,1784.45,1790.11,1794.67,1804.73,1811.65,1816.15,1822.80,1828.72,1847.68,1852.34,1855.41,1858.38,1861.17,1864.07,1866.98,1869.97,1872.79,1875.77,1878.85,1881.84,1884.45,1885.28,1886.08,1886.93,1887.68,1889.29,1890.72,1891.54,1893.47,1895.66,1897.21,1898.32,1897.83,1897.51,1897.20,1896.70,1896.33,1896.00,1895.74,1895.09,1894.49,1893.88,1893.82,1894.61,1895.03,1895.42,1895.94,1896.74,1897.53,1898.35,1899.97,1900.77,1905.82,1910.06,1914.89,1920.42,1924.68,1929.54,1938.05,1954.21,1959.10,1964.76,1967.92,1979.11,1992.88,1996.77,2007.55,2018.79,2019.29,2019.99,2020.39,2020.87,2021.68,2023.60,2023.75,2023.81,2023.91,2023.95,2024.00,2024.04,2024.28,2024.74,2025.14,2026.47,2027.60,2029.06,2029.74,2030.96,2031.96,2033.42,2034.59,2035.00,2032.71,2031.79,2028.27,2024.33,2022.68,2018.69,2016.89,2014.82,2015.85,2018.33,2019.44,2022.99,2024.04,2024.88,2027.40,2034.53,2039.13,2040.46,2041.89,2043.26,2044.74,2046.21,2047.62,2049.05,2050.43,2052.12,2053.68,2055.23,2057.02,2058.51,2060.20,2062.41,2068.19,2075.52,2083.95,2087.50,2091.68,2097.26,2099.98,2101.20,2107.34,2114.71,2118.81,2123.63,2125.31,2126.62,2127.98,2129.59,2131.36,2133.09,2134.87,2136.60,2138.32,2139.98,2141.61,2143.44,2145.05,2146.75,2148.40,2155.99,2162.86,2166.99,2173.01,2175.78,2179.25,2187.81,2188.33,2188.17,2187.93,2187.76,2187.63,2187.38,2187.25,2186.98,2179.81,2176.28,2173.46,2167.33,2163.13,2157.31,2148.39,2145.50,2130.53,2128.39,2123.80,2118.98,2114.88,2107.69,2101.22,2099.89,2096.94,2090.88,2086.35,2082.51,2073.98,2064.10,2056.30,2053.87,2051.86,2049.57,2047.34,2045.31,2043.32,2041.34,2039.29,2037.12,2035.27,2033.97,2032.75,2031.55,2030.38,2022.18,2019.31,2013.86,2013.67,2014.63,2015.10,2016.08,2016.58,2017.43,2018.05,2018.62,2019.91,2020.53,2021.55,2019.90,2018.67,2015.49,2013.45,2012.66,2009.64,2008.28,2003.21,1996.65,1990.47,1986.36,1984.84,1984.18,1985.81,1987.71,1988.76,1990.00,1991.26,1993.32,1995.03,1995.78,1996.35,1997.72,1999.01,2000.49,1993.36,1991.01,1987.30,1982.65,1970.95,1966.46,1961.21,1951.13,1947.32,1936.64,1930.61,1925.47,1919.05,1903.32,1899.11,1895.19,1891.61,1888.36,1885.56,1882.99,1880.35,1877.52,1874.84,1872.07,1869.52,1866.97,1864.39,1861.70,1858.91,1856.16,1853.58,1851.05,1848.45,1845.74,1843.10,1840.30,1838.52,1836.87,1835.22,1833.53,1831.78,1829.87,1828.17,1826.38,1824.73,1823.05,1821.34,1819.51,1817.77,1816.06,1814.43,1812.21,1809.17,1803.93,1795.23,1788.18,1781.58,1763.54,1748.38,1744.82,1741.16,1737.51,1733.77,1730.52,1727.24,1723.93,1720.52,1717.28,1714.11,1710.89,1707.43,1704.03,1700.57,1697.31,1692.21,1687.49,1676.83,1669.48,1666.43,1660.02,1657.17,1653.15,1649.08,1640.83,1635.25,1633.13,1631.46,1621.13,1614.23,1603.79,1601.37,1598.40,1597.37,1596.26,1590.19,1586.58,1574.96,1562.56,1552.87,1547.01,1544.53,1540.06,1536.80,1532.34,1530.08,1528.31,1525.49,1520.81,1514.16,1513.13,1512.14,1508.33,1506.50,1504.40,1502.91,1502.02,1500.38,1497.52,1496.56,1495.05,1490.60,1489.83,1488.40,1487.48,1486.46,1486.00,1484.56,1483.60,1480.39,1479.61,1477.90,1475.81,1473.90,1469.04,1469.04,1469.04,1469.04,1469.04,1469.04,1469.04,1469.04,1469.04,1469.04,1469.04],\r\n\t\t\t\t\tgraphSpeed         : [],\r\n\t\t\t\t\tgraphHr            : [],\r\n\t\t\t\t\tgraphAtemp         : [],\r\n\t\t\t\t\tgraphCad           : [],\r\n\t\t\t\t\tgraphGrade         : [],\r\n\t\t\t\t\twaypoints          : [],\r\n\t\t\t\t\tunit               : \"2\",\r\n\t\t\t\t\tunitspeed          : \"0\",\r\n\t\t\t\t\tcolor1             : [\"#3366cc\"],\r\n\t\t\t\t\tcolor2             : \"#3366cc\",\r\n\t\t\t\t\tcolor3             : \"#ff0000\",\r\n\t\t\t\t\tcolor4             : \"#ff77bd\",\r\n\t\t\t\t\tcolor5             : \"#beecff\",\r\n\t\t\t\t\tcolor6             : \"#beecff\",\r\n\t\t\t\t\tcolor7             : \"#ff77bd\",\r\n\t\t\t\t\tchartFrom1         : \"\",\r\n\t\t\t\t\tchartTo1           : \"\",\r\n\t\t\t\t\tchartFrom2         : \"\",\r\n\t\t\t\t\tchartTo2           : \"\",\r\n\t\t\t\t\tstartIcon          : \"\",\r\n\t\t\t\t\tendIcon            : \"\",\r\n\t\t\t\t\tcurrentIcon        : \"\",\r\n\t\t\t\t\twaypointIcon       : \"https:\/\/lavia.cc\/gpx\/wp-content\/uploads\/gpx\/cropped-icona.ico\",\r\n\t\t\t\t\tcurrentpositioncon : \"\",\r\n\t\t\t\t\tusegpsposition     : \"\",\r\n\t\t\t\t\tzoomOnScrollWheel  : \"\",\r\n\t\t\t\t\tngGalleries        : [],\r\n\t\t\t\t\tngImages           : [],\r\n\t\t\t\t\tpluginUrl          : \"https:\/\/lavia.cc\/gpx\/wp-content\/plugins\",\r\n\t\t\t\t\tTFApiKey           : \"\",\r\n\t\t\t\t\tMapBoxApiKey           : \"\",\r\n\t\t\t\t\tlangs              : {\r\n\t\t\t\t\t\taltitude        : \"Altitudine\",\r\n\t\t\t\t\t\tcurrentPosition : \"Current position\",\r\n\t\t\t\t\t\tspeed           : \"Velocit\u00e0\",\r\n\t\t\t\t\t\tgrade           : \"Grade\",\r\n\t\t\t\t\t\theartRate       : \"Battito Cardiaco\",\r\n\t\t\t\t\t\tatemp           : \"Temperature\",\r\n\t\t\t\t\t\tcadence         : \"Cadenza\",\r\n\t\t\t\t\t\tgoFullScreen    : \"Go full screen\",\r\n\t\t\t\t\t\texitFullFcreen  : \"Exit full screen\",\r\n\t\t\t\t\t\thideImages      : \"Hide images\",\r\n\t\t\t\t\t\tshowImages      : \"Show images\",\r\n\t\t\t\t\t\tbackToCenter\t: \"Ritorna al centro della mappa\"\r\n\t\t\t\t\t}\r\n\t\t\t\t});\r\n\r\n\t\t\t});\r\n\r\n\t\t<\/script>\n<p>Clicca qui per raggiungere il punto di partenza: <a href=\"https:\/\/www.google.it\/maps\/place\/Parcheggio+a+pagamento\/@45.7288279,11.1688612,19.88z\/data=!4m5!3m4!1s0x4778aba550015dc3:0x8965f9d0956cf78!8m2!3d45.7289378!4d11.1692028\" target=\"_blank\" rel=\"noopener\">Google Maps<\/a><\/p>\n","protected":false},"excerpt":{"rendered":"<p>Il sentiero delle &#8220;Creste (o Alto) del Fumante&#8221; \u00e8 uno dei pi\u00f9 attraenti delle Piccole Dolomiti, capace di regalare scorci di rara suggestivit\u00e0 e grandiosit\u00e0. Siamo nel gruppo del Carega (detto anche dorsale del Carega),un massiccio delle Piccole Dolomiti, nelle Prealpi venete, ai confini fra la provincia di Vicenza, la provincia di Verona e la provincia di Trento che si estende dal passo delle Tre Croci (o della Lora) fino al passo di Campogrosso. La massima altitudine \u00e8 la cima Carega (2259 m). Il massiccio si trova interamente in provincia di Trento e poco sotto la cima sorge il rifugio Mario Fraccaroli. L\u2019escursione, adatta ad escursionisti esperti dal passo fermo, presenta alcuni tratti ripidi ed esposti assolutamente da non sottovalutare!<\/p>\n<p>\ud83d\udfe2\u00a0Segui LAVIA!<\/p>\n","protected":false},"featured_media":2075,"comment_status":"open","ping_status":"closed","template":"","meta":[],"product_brand":[],"product_cat":[31],"product_tag":[298,414,37,263],"class_list":{"0":"post-2074","1":"product","2":"type-product","3":"status-publish","4":"has-post-thumbnail","6":"product_cat-escursionismo","7":"product_tag-piccole-dolomiti","8":"product_tag-prealpi-venete","9":"product_tag-r-trentinoaltoadige","10":"product_tag-trento","12":"first","13":"instock","14":"downloadable","15":"virtual","16":"product-type-simple"},"_links":{"self":[{"href":"https:\/\/lavia.cc\/gpx\/wp-json\/wp\/v2\/product\/2074","targetHints":{"allow":["GET"]}}],"collection":[{"href":"https:\/\/lavia.cc\/gpx\/wp-json\/wp\/v2\/product"}],"about":[{"href":"https:\/\/lavia.cc\/gpx\/wp-json\/wp\/v2\/types\/product"}],"replies":[{"embeddable":true,"href":"https:\/\/lavia.cc\/gpx\/wp-json\/wp\/v2\/comments?post=2074"}],"version-history":[{"count":8,"href":"https:\/\/lavia.cc\/gpx\/wp-json\/wp\/v2\/product\/2074\/revisions"}],"predecessor-version":[{"id":3316,"href":"https:\/\/lavia.cc\/gpx\/wp-json\/wp\/v2\/product\/2074\/revisions\/3316"}],"wp:featuredmedia":[{"embeddable":true,"href":"https:\/\/lavia.cc\/gpx\/wp-json\/wp\/v2\/media\/2075"}],"wp:attachment":[{"href":"https:\/\/lavia.cc\/gpx\/wp-json\/wp\/v2\/media?parent=2074"}],"wp:term":[{"taxonomy":"product_brand","embeddable":true,"href":"https:\/\/lavia.cc\/gpx\/wp-json\/wp\/v2\/product_brand?post=2074"},{"taxonomy":"product_cat","embeddable":true,"href":"https:\/\/lavia.cc\/gpx\/wp-json\/wp\/v2\/product_cat?post=2074"},{"taxonomy":"product_tag","embeddable":true,"href":"https:\/\/lavia.cc\/gpx\/wp-json\/wp\/v2\/product_tag?post=2074"}],"curies":[{"name":"wp","href":"https:\/\/api.w.org\/{rel}","templated":true}]}}