{"id":2549,"date":"2022-09-26T14:01:17","date_gmt":"2022-09-26T12:01:17","guid":{"rendered":"https:\/\/lavia.cc\/gpx\/?post_type=product&#038;p=2549"},"modified":"2024-09-24T20:32:36","modified_gmt":"2024-09-24T18:32:36","slug":"anello-della-val-zemola","status":"publish","type":"product","link":"https:\/\/lavia.cc\/gpx\/tracce\/anello-della-val-zemola\/","title":{"rendered":"Anello della Val Zemola"},"content":{"rendered":"<h4>Anello della Val Zemola<\/h4>\n<p>\u27a1\ufe0f Clicca qui per raggiungere il punto di partenza: <a href=\"https:\/\/www.google.it\/maps\/place\/Rifugio+Casera+Mela\/@46.2988193,12.3630287,15.5z\/data=!4m16!1m7!3m6!1s0x0:0xa5d55a8db8594ccc!2zNDbCsDE3JzQzLjAiTiAxMsKwMjInMDYuNCJF!3b1!8m2!3d46.29528!4d12.36845!3m7!1s0x4779a4df6012cc7d:0x607242cf19fb3302!5m2!4m1!1i2!8m2!3d46.2931!4d12.36788\" target=\"_blank\" rel=\"noopener\">Google Maps<\/a><\/p>\n<p>\ud83d\uddfa\ufe0f Mappa e altimetria dell&#8217;<a href=\"https:\/\/lavia.cc\/gpx\/categoria-tracce\/escursionismo\/\">escursione<\/a>.<\/p>\n\r\n\t\t<div id=\"wpgpxmaps_2549_3666542\" class=\"wpgpxmaps\">\r\n\t\t\t<div id=\"map_2549_3666542_cont\" style=\"width:100%; height:450px;position:relative\" >\r\n\t\t\t\t<div id=\"map_2549_3666542\" style=\"width:100%; height:450px\"><\/div>\r\n\t\t\t\t<div id=\"wpgpxmaps_2549_3666542_osm_footer\" class=\"wpgpxmaps_osm_footer\" style=\"display:none;\"><span> &copy; <a href=\"http:\/\/www.openstreetmap.org\/copyright\" target=\"_blank\" rel=\"noopener\">OpenStreetMap<\/a> contributors<\/span><\/div>\r\n\t\t\t<\/div>\r\n\t\t\t<canvas id=\"myChart_2549_3666542\" class=\"plot\" style=\"width:100%; height:200px\"><\/canvas>\r\n\t\t\t<div id=\"ngimages_2549_3666542\" class=\"ngimages\" style=\"display:none\"><\/div>\r\n\t\t\t<div id=\"report_2549_3666542\" class=\"report\"><\/div>\r\n\t\t<\/div>\r\n\t\t\r\n\t\t<script type=\"text\/javascript\">\r\n\r\n\t\t\tjQuery(document).ready(function() {\r\n\r\n\t\t\t\tjQuery( \"#wpgpxmaps_2549_3666542\" ).wpgpxmaps( {\r\n\t\t\t\t\ttargetId           : \"2549_3666542\",\r\n\t\t\t\t\tmapType            : \"HYBRID\",\r\n\t\t\t\t\tmapData            : [[46.2952570,12.3684310],[46.2951690,12.3683700],[46.2949390,12.3683200],[46.2947810,12.3683540],[46.2941380,12.3681990],[46.2939480,12.3680750],[46.2936240,12.3677040],[46.2932860,12.3677900],[46.2934600,12.3673940],[46.2934630,12.3672060],[46.2932070,12.3668430],[46.2927950,12.3665690],[46.2927750,12.3664270],[46.2928570,12.3663000],[46.2930600,12.3661900],[46.2933730,12.3662310],[46.2943800,12.3660800],[46.2946420,12.3659530],[46.2951610,12.3658800],[46.2956710,12.3659120],[46.2961980,12.3660630],[46.2966440,12.3658920],[46.2971800,12.3661530],[46.2973120,12.3661530],[46.2975210,12.3663160],[46.2976760,12.3662350],[46.2978750,12.3663960],[46.2980880,12.3664550],[46.2983440,12.3663730],[46.2986200,12.3666310],[46.2990050,12.3664530],[46.2991520,12.3665640],[46.2994290,12.3665190],[46.2995160,12.3666600],[46.2999230,12.3665770],[46.3000270,12.3664550],[46.3001370,12.3664350],[46.3004110,12.3667040],[46.3005450,12.3671430],[46.3006620,12.3671730],[46.3018770,12.3668840],[46.3023510,12.3669610],[46.3033060,12.3672920],[46.3039130,12.3672710],[46.3040490,12.3673060],[46.3043050,12.3673690],[46.3050120,12.3676790],[46.3052940,12.3677810],[46.3054070,12.3677650],[46.3058490,12.3680550],[46.3061510,12.3680390],[46.3065940,12.3683040],[46.3070590,12.3683860],[46.3076170,12.3683650],[46.3082320,12.3682140],[46.3088580,12.3679080],[46.3093000,12.3681160],[46.3094210,12.3681040],[46.3090750,12.3675530],[46.3083020,12.3670430],[46.3081890,12.3669820],[46.3082460,12.3668760],[46.3088210,12.3668630],[46.3092240,12.3669980],[46.3095000,12.3672320],[46.3104250,12.3671420],[46.3110480,12.3671490],[46.3114200,12.3667450],[46.3113010,12.3665640],[46.3113520,12.3664310],[46.3114220,12.3663280],[46.3115320,12.3661660],[46.3115670,12.3660380],[46.3116940,12.3658100],[46.3118600,12.3657890],[46.3119620,12.3656400],[46.3121660,12.3654760],[46.3122900,12.3654540],[46.3123910,12.3653230],[46.3123710,12.3654760],[46.3121440,12.3654140],[46.3119440,12.3654270],[46.3116880,12.3655170],[46.3111810,12.3659370],[46.3109990,12.3659650],[46.3106450,12.3657570],[46.3104600,12.3657600],[46.3097260,12.3651780],[46.3095300,12.3648090],[46.3089280,12.3642110],[46.3085450,12.3639940],[46.3088500,12.3639980],[46.3094870,12.3642300],[46.3095800,12.3643220],[46.3098370,12.3644110],[46.3104570,12.3647120],[46.3107590,12.3647700],[46.3111540,12.3640950],[46.3117400,12.3637220],[46.3121430,12.3632990],[46.3124470,12.3631390],[46.3127440,12.3630870],[46.3129500,12.3627790],[46.3131970,12.3626720],[46.3135410,12.3623640],[46.3139000,12.3622540],[46.3140140,12.3624450],[46.3141540,12.3622650],[46.3142850,12.3625620],[46.3146050,12.3626110],[46.3151300,12.3625290],[46.3153730,12.3627670],[46.3156800,12.3625720],[46.3159050,12.3623510],[46.3162210,12.3621670],[46.3162350,12.3625050],[46.3163030,12.3627870],[46.3162720,12.3633650],[46.3159850,12.3646730],[46.3158560,12.3650850],[46.3158700,12.3652840],[46.3160260,12.3652910],[46.3162810,12.3651140],[46.3168770,12.3652130],[46.3169950,12.3654340],[46.3169990,12.3656790],[46.3171240,12.3659690],[46.3176030,12.3663500],[46.3177090,12.3663150],[46.3185450,12.3653130],[46.3186360,12.3651250],[46.3186910,12.3647240],[46.3189130,12.3639310],[46.3191850,12.3633490],[46.3194850,12.3630500],[46.3198100,12.3629180],[46.3199300,12.3627500],[46.3201040,12.3634690],[46.3203570,12.3635590],[46.3206530,12.3639660],[46.3207760,12.3642870],[46.3207850,12.3645320],[46.3210040,12.3650450],[46.3212180,12.3653900],[46.3211970,12.3656120],[46.3212810,12.3658370],[46.3213110,12.3662300],[46.3215620,12.3665900],[46.3219150,12.3669370],[46.3219070,12.3671600],[46.3219750,12.3674870],[46.3219190,12.3676900],[46.3219890,12.3679100],[46.3219930,12.3681710],[46.3216520,12.3688380],[46.3215670,12.3692610],[46.3215740,12.3696770],[46.3216470,12.3700500],[46.3214920,12.3706130],[46.3215480,12.3710790],[46.3215560,12.3718950],[46.3214640,12.3728640],[46.3214490,12.3735780],[46.3215640,12.3739990],[46.3219400,12.3744210],[46.3221090,12.3747970],[46.3224230,12.3751930],[46.3226470,12.3761330],[46.3228190,12.3765080],[46.3227240,12.3769010],[46.3229500,12.3774010],[46.3230400,12.3774450],[46.3230980,12.3775550],[46.3232360,12.3781710],[46.3234490,12.3784610],[46.3235230,12.3787890],[46.3231320,12.3792310],[46.3231080,12.3794290],[46.3229670,12.3796800],[46.3226930,12.3811050],[46.3225090,12.3814860],[46.3223380,12.3817130],[46.3220570,12.3825120],[46.3219910,12.3830070],[46.3220070,12.3832740],[46.3220640,12.3836120],[46.3222390,12.3840200],[46.3223050,12.3845670],[46.3222590,12.3852410],[46.3221640,12.3854150],[46.3221940,12.3856400],[46.3221310,12.3857600],[46.3221410,12.3860610],[46.3220070,12.3863260],[46.3223850,12.3869080],[46.3224260,12.3870630],[46.3219850,12.3873060],[46.3217940,12.3876240],[46.3217720,12.3877830],[46.3218620,12.3883410],[46.3218120,12.3889830],[46.3215510,12.3894300],[46.3214770,12.3896390],[46.3214900,12.3901230],[46.3213750,12.3904260],[46.3212060,12.3906800],[46.3212240,12.3911260],[46.3215140,12.3920350],[46.3215400,12.3923850],[46.3214580,12.3925110],[46.3213170,12.3927970],[46.3210820,12.3928100],[46.3212530,12.3931200],[46.3209360,12.3936280],[46.3209310,12.3937930],[46.3206870,12.3942550],[46.3203530,12.3943520],[46.3200710,12.3943690],[46.3199780,12.3944520],[46.3197890,12.3944910],[46.3194520,12.3943580],[46.3191470,12.3943880],[46.3188960,12.3944400],[46.3185360,12.3945590],[46.3184750,12.3944510],[46.3183160,12.3944580],[46.3178590,12.3940730],[46.3170960,12.3933320],[46.3168440,12.3932630],[46.3165820,12.3934800],[46.3164700,12.3936980],[46.3161700,12.3940240],[46.3159670,12.3940890],[46.3157260,12.3942790],[46.3154210,12.3947370],[46.3151710,12.3949840],[46.3150890,12.3952760],[46.3149960,12.3953290],[46.3149160,12.3951830],[46.3145960,12.3950610],[46.3144080,12.3949530],[46.3142950,12.3947910],[46.3141070,12.3947370],[46.3140670,12.3945550],[46.3141440,12.3944650],[46.3141440,12.3942480],[46.3140700,12.3940990],[46.3138650,12.3939890],[46.3135850,12.3940510],[46.3134460,12.3939300],[46.3133550,12.3937630],[46.3131520,12.3938760],[46.3132180,12.3940220],[46.3131200,12.3939710],[46.3130740,12.3941280],[46.3127090,12.3940100],[46.3125400,12.3938880],[46.3123580,12.3935570],[46.3121780,12.3935630],[46.3121320,12.3934340],[46.3121530,12.3932780],[46.3122600,12.3930740],[46.3123360,12.3927200],[46.3121900,12.3921810],[46.3122180,12.3919020],[46.3120670,12.3914250],[46.3117400,12.3908190],[46.3115820,12.3907760],[46.3113970,12.3908930],[46.3112470,12.3908400],[46.3111740,12.3906790],[46.3110740,12.3906280],[46.3109350,12.3906680],[46.3104220,12.3904080],[46.3102330,12.3903710],[46.3100080,12.3905180],[46.3097820,12.3903560],[46.3095570,12.3903570],[46.3092190,12.3904660],[46.3089350,12.3900890],[46.3089250,12.3899040],[46.3090090,12.3896030],[46.3087290,12.3894040],[46.3086510,12.3896130],[46.3084180,12.3899780],[46.3083470,12.3902940],[46.3077930,12.3903620],[46.3075600,12.3906260],[46.3074170,12.3904180],[46.3073690,12.3901940],[46.3071170,12.3903100],[46.3070040,12.3903110],[46.3067040,12.3904740],[46.3060240,12.3904510],[46.3056440,12.3902550],[46.3057650,12.3898260],[46.3057310,12.3896440],[46.3057640,12.3892840],[46.3051910,12.3886630],[46.3053870,12.3885790],[46.3056120,12.3883620],[46.3056860,12.3881990],[46.3056860,12.3879820],[46.3055830,12.3878440],[46.3049360,12.3880330],[46.3047170,12.3880320],[46.3046030,12.3880910],[46.3044880,12.3882840],[46.3043800,12.3883590],[46.3041100,12.3883120],[46.3039600,12.3884210],[46.3037370,12.3884150],[46.3036570,12.3881970],[46.3038090,12.3877700],[46.3038230,12.3872260],[46.3038000,12.3870810],[46.3036620,12.3869940],[46.3034980,12.3874420],[46.3033580,12.3877180],[46.3030580,12.3879900],[46.3027770,12.3879340],[46.3024960,12.3881000],[46.3022980,12.3880220],[46.3020290,12.3880760],[46.3017860,12.3880280],[46.3016320,12.3879400],[46.3011800,12.3873440],[46.3008560,12.3873370],[46.3007470,12.3871240],[46.3003530,12.3866410],[46.3002030,12.3866420],[46.2999400,12.3865340],[46.2996770,12.3865890],[46.2994520,12.3864810],[46.2990230,12.3861330],[46.2987520,12.3860090],[46.2986220,12.3856180],[46.2986380,12.3851650],[46.2987120,12.3848590],[46.2986740,12.3844640],[46.2988470,12.3844760],[46.2989970,12.3844210],[46.2992230,12.3845290],[46.2992240,12.3849630],[46.2990740,12.3850720],[46.2990370,12.3853970],[46.2991640,12.3855780],[46.2992360,12.3856770],[46.2993000,12.3856930],[46.2993860,12.3856490],[46.2993150,12.3855240],[46.2993170,12.3853190],[46.2994010,12.3851920],[46.2994440,12.3850650],[46.2995100,12.3850160],[46.2996450,12.3849270],[46.2997550,12.3848750],[46.2998470,12.3847710],[46.2998260,12.3846490],[46.3000170,12.3846090],[46.3001400,12.3846350],[46.3001820,12.3844240],[46.3001730,12.3843820],[46.3002380,12.3842300],[46.3003550,12.3843070],[46.3004410,12.3843010],[46.3005220,12.3844720],[46.3006390,12.3844760],[46.3008100,12.3846480],[46.3008120,12.3848540],[46.3011000,12.3848490],[46.3014000,12.3844140],[46.3016240,12.3839790],[46.3018490,12.3838160],[46.3021480,12.3832180],[46.3023160,12.3829820],[46.3025980,12.3828370],[46.3031980,12.3823470],[46.3034220,12.3821290],[46.3037220,12.3816940],[46.3044010,12.3813080],[46.3049210,12.3808570],[46.3051750,12.3804330],[46.3052920,12.3803200],[46.3055070,12.3798910],[46.3056480,12.3798300],[46.3057880,12.3796740],[46.3058190,12.3794080],[46.3061560,12.3788100],[46.3064040,12.3784870],[46.3067360,12.3781810],[46.3067940,12.3780560],[46.3068060,12.3777820],[46.3068680,12.3775890],[46.3070320,12.3772950],[46.3071730,12.3772060],[46.3073540,12.3772330],[46.3076180,12.3775580],[46.3077210,12.3775510],[46.3079170,12.3771230],[46.3081040,12.3769050],[46.3080510,12.3767280],[46.3076790,12.3763580],[46.3069890,12.3751030],[46.3066690,12.3748080],[46.3063800,12.3746780],[46.3060310,12.3743950],[46.3058320,12.3740150],[46.3051740,12.3733450],[46.3045130,12.3731870],[46.3040400,12.3731800],[46.3037110,12.3728890],[46.3035400,12.3726200],[46.3032920,12.3725940],[46.3031960,12.3724630],[46.3031300,12.3722460],[46.3026090,12.3714800],[46.3023770,12.3710110],[46.3018750,12.3707760],[46.3017220,12.3706090],[46.3016280,12.3705790],[46.3010470,12.3705820],[46.3000150,12.3702110],[46.2998630,12.3701280],[46.2997680,12.3699700],[46.2995300,12.3699320],[46.2991150,12.3696980],[46.2989060,12.3691650],[46.2983910,12.3691700],[46.2979180,12.3694160],[46.2973790,12.3690270],[46.2971110,12.3689100],[46.2970610,12.3687280],[46.2969620,12.3686060],[46.2967030,12.3686990],[46.2963550,12.3686930],[46.2959990,12.3685720],[46.2955200,12.3686140],[46.2952880,12.3684530]],\r\n\t\t\t\t\tgraphDist          : [0.00,0.01,0.04,0.05,0.13,0.15,0.20,0.23,0.27,0.29,0.33,0.38,0.39,0.40,0.43,0.46,0.58,0.61,0.67,0.73,0.79,0.84,0.90,0.92,0.94,0.96,0.99,1.01,1.04,1.08,1.12,1.14,1.17,1.19,1.23,1.25,1.26,1.30,1.33,1.35,1.49,1.54,1.65,1.72,1.73,1.76,1.85,1.88,1.89,1.95,1.98,2.03,2.09,2.15,2.22,2.30,2.35,2.36,2.42,2.52,2.53,2.54,2.61,2.66,2.69,2.80,2.87,2.92,2.94,2.95,2.97,2.98,2.99,3.02,3.04,3.05,3.08,3.09,3.11,3.12,3.16,3.18,3.21,3.27,3.29,3.34,3.36,3.45,3.49,3.57,3.61,3.65,3.72,3.73,3.76,3.84,3.87,3.94,4.01,4.07,4.11,4.14,4.17,4.20,4.25,4.29,4.31,4.33,4.35,4.39,4.45,4.48,4.52,4.55,4.59,4.61,4.64,4.68,4.79,4.82,4.84,4.85,4.88,4.95,4.97,4.99,5.02,5.08,5.09,5.21,5.23,5.26,5.33,5.38,5.42,5.46,5.48,5.54,5.57,5.62,5.65,5.66,5.71,5.75,5.77,5.79,5.82,5.86,5.90,5.92,5.95,5.96,5.98,6.00,6.07,6.10,6.13,6.16,6.21,6.24,6.31,6.38,6.44,6.47,6.52,6.56,6.61,6.68,6.72,6.75,6.80,6.81,6.82,6.87,6.90,6.93,6.98,7.00,7.02,7.14,7.17,7.20,7.27,7.31,7.33,7.35,7.39,7.43,7.48,7.50,7.52,7.53,7.55,7.58,7.64,7.65,7.71,7.74,7.75,7.80,7.85,7.89,7.91,7.95,7.97,8.00,8.04,8.11,8.14,8.15,8.18,8.21,8.24,8.29,8.30,8.35,8.39,8.42,8.43,8.45,8.49,8.53,8.56,8.60,8.61,8.63,8.68,8.79,8.82,8.85,8.87,8.91,8.94,8.97,9.02,9.05,9.08,9.09,9.10,9.14,9.16,9.18,9.20,9.22,9.23,9.24,9.26,9.28,9.31,9.33,9.35,9.37,9.39,9.40,9.41,9.45,9.47,9.51,9.53,9.54,9.55,9.57,9.60,9.64,9.67,9.71,9.77,9.78,9.81,9.82,9.84,9.85,9.87,9.93,9.95,9.98,10.00,10.03,10.07,10.11,10.12,10.15,10.18,10.20,10.24,10.27,10.33,10.36,10.38,10.40,10.43,10.45,10.48,10.56,10.60,10.64,10.65,10.68,10.76,10.78,10.81,10.83,10.85,10.86,10.94,10.96,10.97,10.99,11.01,11.04,11.06,11.08,11.10,11.14,11.18,11.19,11.21,11.25,11.28,11.32,11.35,11.38,11.41,11.44,11.47,11.48,11.55,11.59,11.61,11.67,11.68,11.71,11.74,11.77,11.82,11.86,11.89,11.92,11.95,11.98,12.00,12.02,12.05,12.08,12.10,12.13,12.15,12.16,12.17,12.18,12.20,12.22,12.23,12.25,12.26,12.28,12.29,12.30,12.32,12.34,12.36,12.38,12.39,12.40,12.42,12.43,12.45,12.46,12.49,12.50,12.54,12.59,12.63,12.66,12.72,12.74,12.78,12.86,12.89,12.94,13.02,13.10,13.14,13.16,13.20,13.22,13.24,13.26,13.32,13.36,13.40,13.42,13.44,13.45,13.48,13.50,13.52,13.56,13.57,13.61,13.64,13.66,13.71,13.83,13.87,13.91,13.95,13.99,14.08,14.15,14.20,14.25,14.27,14.30,14.32,14.33,14.42,14.46,14.52,14.54,14.55,14.62,14.74,14.75,14.77,14.80,14.85,14.89,14.95,15.01,15.07,15.11,15.12,15.13,15.16,15.20,15.24,15.30,15.33],\r\n\t\t\t\t\tgraphEle           : [1156.51,1156.51,1156.51,1156.51,1156.96,1157.34,1158.11,1158.74,1159.38,1159.62,1163.45,1170.17,1171.65,1173.43,1176.64,1181.29,1202.13,1208.66,1220.97,1232.01,1241.53,1249.71,1259.73,1261.74,1264.82,1266.95,1269.91,1272.73,1276.13,1280.39,1285.58,1287.64,1291.12,1292.75,1297.92,1299.59,1300.97,1305.10,1309.63,1311.33,1328.98,1335.73,1349.42,1357.97,1360.26,1364.56,1376.80,1381.62,1383.50,1393.35,1400.47,1411.76,1422.79,1434.40,1445.55,1457.36,1463.33,1464.21,1468.26,1474.39,1476.07,1477.34,1485.16,1490.78,1495.13,1513.52,1527.71,1538.31,1541.93,1543.44,1544.88,1547.15,1548.52,1551.44,1554.11,1556.19,1559.68,1561.48,1563.43,1564.98,1567.73,1569.14,1570.99,1575.11,1576.40,1579.34,1581.62,1591.90,1595.86,1605.11,1610.51,1614.52,1623.15,1624.62,1627.69,1635.42,1638.97,1645.98,1651.13,1655.13,1657.73,1660.00,1661.18,1662.21,1663.82,1665.28,1665.98,1666.72,1668.11,1670.21,1673.65,1675.57,1677.75,1678.84,1679.05,1679.20,1679.33,1679.58,1675.92,1673.14,1671.91,1670.47,1667.95,1663.54,1663.08,1662.68,1662.11,1660.80,1660.54,1662.76,1663.50,1664.81,1667.56,1663.74,1659.92,1656.37,1654.62,1648.18,1643.20,1635.40,1630.55,1627.31,1619.35,1613.79,1611.97,1609.90,1606.70,1602.55,1597.55,1595.74,1593.13,1591.83,1590.38,1588.82,1583.86,1581.23,1578.75,1577.05,1574.83,1573.10,1570.12,1569.22,1570.18,1570.79,1571.72,1573.47,1577.22,1583.39,1586.19,1588.85,1593.06,1594.02,1594.99,1599.51,1602.47,1604.88,1609.16,1610.26,1612.05,1620.21,1622.97,1625.00,1630.43,1633.48,1635.10,1637.47,1641.45,1646.06,1651.68,1653.52,1655.42,1656.67,1658.92,1660.99,1666.03,1667.08,1671.51,1674.17,1675.05,1677.87,1681.05,1683.94,1685.09,1687.48,1689.19,1690.94,1693.15,1698.12,1699.86,1700.48,1701.28,1702.10,1703.00,1704.56,1704.93,1706.19,1706.18,1706.17,1706.17,1706.17,1706.16,1706.15,1705.00,1700.11,1698.83,1696.73,1689.73,1675.50,1670.64,1664.92,1661.36,1654.25,1650.31,1646.36,1641.37,1637.93,1635.46,1634.32,1632.86,1629.10,1626.89,1625.24,1623.26,1621.72,1620.69,1619.14,1617.83,1615.56,1612.63,1610.95,1609.42,1607.62,1606.65,1605.82,1604.87,1601.87,1600.36,1598.01,1596.57,1595.76,1594.88,1593.05,1590.32,1586.06,1583.99,1580.13,1574.20,1572.06,1569.38,1567.32,1565.55,1564.14,1562.26,1555.03,1552.50,1549.49,1546.50,1543.84,1539.75,1535.19,1533.67,1531.02,1531.27,1531.82,1532.98,1533.75,1535.62,1537.26,1540.61,1543.29,1547.88,1549.75,1555.04,1566.23,1569.70,1572.45,1573.57,1575.73,1581.92,1584.01,1586.77,1588.14,1589.67,1591.11,1597.84,1600.14,1602.27,1605.37,1607.47,1612.25,1615.20,1619.13,1622.42,1628.25,1634.64,1636.32,1638.78,1644.85,1648.72,1654.51,1659.15,1662.64,1664.38,1666.69,1668.78,1670.18,1675.38,1674.83,1673.53,1669.87,1668.81,1666.87,1664.99,1663.04,1656.10,1652.08,1647.85,1643.43,1640.27,1636.37,1633.50,1631.30,1627.92,1623.49,1620.91,1617.68,1615.15,1613.21,1611.33,1609.20,1605.39,1602.07,1598.97,1596.55,1593.74,1590.25,1587.54,1584.64,1581.91,1577.26,1573.23,1569.01,1566.15,1562.65,1559.01,1556.52,1552.47,1549.15,1542.08,1538.05,1529.89,1517.55,1505.03,1496.62,1479.58,1471.76,1461.76,1438.42,1429.27,1414.86,1390.16,1369.68,1356.58,1351.83,1339.47,1334.65,1328.97,1322.97,1305.82,1295.09,1282.43,1279.32,1275.04,1271.73,1265.84,1262.37,1258.27,1250.46,1248.14,1240.14,1236.63,1234.87,1228.92,1215.02,1212.78,1211.00,1208.64,1206.70,1204.35,1203.52,1202.93,1202.57,1202.38,1202.20,1202.10,1201.98,1201.43,1200.29,1198.75,1198.18,1197.90,1196.20,1190.27,1189.36,1188.54,1187.20,1184.28,1181.18,1177.35,1173.66,1169.59,1167.74,1166.85,1165.98,1164.22,1161.92,1160.93,1160.93,1160.93],\r\n\t\t\t\t\tgraphSpeed         : [],\r\n\t\t\t\t\tgraphHr            : [],\r\n\t\t\t\t\tgraphAtemp         : [],\r\n\t\t\t\t\tgraphCad           : [],\r\n\t\t\t\t\tgraphGrade         : [],\r\n\t\t\t\t\twaypoints          : [],\r\n\t\t\t\t\tunit               : \"2\",\r\n\t\t\t\t\tunitspeed          : \"0\",\r\n\t\t\t\t\tcolor1             : [\"#3366cc\"],\r\n\t\t\t\t\tcolor2             : \"#3366cc\",\r\n\t\t\t\t\tcolor3             : \"#ff0000\",\r\n\t\t\t\t\tcolor4             : \"#ff77bd\",\r\n\t\t\t\t\tcolor5             : \"#beecff\",\r\n\t\t\t\t\tcolor6             : \"#beecff\",\r\n\t\t\t\t\tcolor7             : \"#ff77bd\",\r\n\t\t\t\t\tchartFrom1         : \"\",\r\n\t\t\t\t\tchartTo1           : \"\",\r\n\t\t\t\t\tchartFrom2         : \"\",\r\n\t\t\t\t\tchartTo2           : \"\",\r\n\t\t\t\t\tstartIcon          : \"\",\r\n\t\t\t\t\tendIcon            : \"\",\r\n\t\t\t\t\tcurrentIcon        : \"\",\r\n\t\t\t\t\twaypointIcon       : \"https:\/\/lavia.cc\/gpx\/wp-content\/uploads\/gpx\/cropped-icona.ico\",\r\n\t\t\t\t\tcurrentpositioncon : \"\",\r\n\t\t\t\t\tusegpsposition     : \"\",\r\n\t\t\t\t\tzoomOnScrollWheel  : \"\",\r\n\t\t\t\t\tngGalleries        : [],\r\n\t\t\t\t\tngImages           : [],\r\n\t\t\t\t\tpluginUrl          : \"https:\/\/lavia.cc\/gpx\/wp-content\/plugins\",\r\n\t\t\t\t\tTFApiKey           : \"\",\r\n\t\t\t\t\tMapBoxApiKey           : \"\",\r\n\t\t\t\t\tlangs              : {\r\n\t\t\t\t\t\taltitude        : \"Altitudine\",\r\n\t\t\t\t\t\tcurrentPosition : \"Current position\",\r\n\t\t\t\t\t\tspeed           : \"Velocit\u00e0\",\r\n\t\t\t\t\t\tgrade           : \"Grade\",\r\n\t\t\t\t\t\theartRate       : \"Battito Cardiaco\",\r\n\t\t\t\t\t\tatemp           : \"Temperature\",\r\n\t\t\t\t\t\tcadence         : \"Cadenza\",\r\n\t\t\t\t\t\tgoFullScreen    : \"Go full screen\",\r\n\t\t\t\t\t\texitFullFcreen  : \"Exit full screen\",\r\n\t\t\t\t\t\thideImages      : \"Hide images\",\r\n\t\t\t\t\t\tshowImages      : \"Show images\",\r\n\t\t\t\t\t\tbackToCenter\t: \"Ritorna al centro della mappa\"\r\n\t\t\t\t\t}\r\n\t\t\t\t});\r\n\r\n\t\t\t});\r\n\r\n\t\t<\/script>\n<p>\ud83d\udfe2 Visita\u00a0<a href=\"https:\/\/lavia.cc\/gpx\/\">LAVIA.CC<\/a>\u00a0per altre tracce gpx e condividi le tue avventure con la nostra\u00a0<a href=\"https:\/\/www.instagram.com\/lavia.cc\/\" target=\"_blank\" rel=\"noopener\">community<\/a>! \ud83d\udeb4\u200d\u2642\ufe0f\ud83c\udf32\ud83c\udfde\ufe0f<\/p>\n","protected":false},"excerpt":{"rendered":"<p>La Val Zemola, che si sviluppa a nord dell\u2019abitato di Erto (Pordenone), \u00e8 un ambiente selvaggio di grande impatto naturalistico-paesaggistico ancora largamente intatto. La valle \u00e8 circondata dalle pareti imponenti del gruppo del Monte Duranno che, con la quota di 2.652 m s.l.m., \u00e8 la cima pi\u00f9 elevata del Parco delle Dolomiti Friulane. Il miglior modo per poter visitare la bellissima Val Zemola \u00e8 seguire un semplice e divertente percorso ad anello. Il sentiero sempre ben segnalato e mai esposto, \u00e8 caratterizzato da una camminata piuttosto lunga con vari sali e scendi tra boschi e radure incontaminate. L\u2019escursione tocca a circa met\u00e0 percorso il rifugio Maniago, sosta obbligatoria con vista magnifica su tutta la valle.<\/p>\n<p>\ud83d\udfe2 Segui <a href=\"https:\/\/www.instagram.com\/lavia.cc\/\">LAVIA<\/a>!<\/p>\n","protected":false},"featured_media":2550,"comment_status":"open","ping_status":"closed","template":"","meta":[],"product_brand":[],"product_cat":[31],"product_tag":[276,451],"class_list":{"0":"post-2549","1":"product","2":"type-product","3":"status-publish","4":"has-post-thumbnail","6":"product_cat-escursionismo","7":"product_tag-friuli-venezia-giulia","8":"product_tag-pordenone","10":"first","11":"instock","12":"downloadable","13":"virtual","14":"product-type-simple"},"_links":{"self":[{"href":"https:\/\/lavia.cc\/gpx\/wp-json\/wp\/v2\/product\/2549","targetHints":{"allow":["GET"]}}],"collection":[{"href":"https:\/\/lavia.cc\/gpx\/wp-json\/wp\/v2\/product"}],"about":[{"href":"https:\/\/lavia.cc\/gpx\/wp-json\/wp\/v2\/types\/product"}],"replies":[{"embeddable":true,"href":"https:\/\/lavia.cc\/gpx\/wp-json\/wp\/v2\/comments?post=2549"}],"version-history":[{"count":5,"href":"https:\/\/lavia.cc\/gpx\/wp-json\/wp\/v2\/product\/2549\/revisions"}],"predecessor-version":[{"id":16858,"href":"https:\/\/lavia.cc\/gpx\/wp-json\/wp\/v2\/product\/2549\/revisions\/16858"}],"wp:featuredmedia":[{"embeddable":true,"href":"https:\/\/lavia.cc\/gpx\/wp-json\/wp\/v2\/media\/2550"}],"wp:attachment":[{"href":"https:\/\/lavia.cc\/gpx\/wp-json\/wp\/v2\/media?parent=2549"}],"wp:term":[{"taxonomy":"product_brand","embeddable":true,"href":"https:\/\/lavia.cc\/gpx\/wp-json\/wp\/v2\/product_brand?post=2549"},{"taxonomy":"product_cat","embeddable":true,"href":"https:\/\/lavia.cc\/gpx\/wp-json\/wp\/v2\/product_cat?post=2549"},{"taxonomy":"product_tag","embeddable":true,"href":"https:\/\/lavia.cc\/gpx\/wp-json\/wp\/v2\/product_tag?post=2549"}],"curies":[{"name":"wp","href":"https:\/\/api.w.org\/{rel}","templated":true}]}}