{"id":2980,"date":"2022-10-25T11:35:19","date_gmt":"2022-10-25T09:35:19","guid":{"rendered":"https:\/\/lavia.cc\/gpx\/?post_type=product&#038;p=2980"},"modified":"2024-09-24T21:37:36","modified_gmt":"2024-09-24T19:37:36","slug":"il-sentiero-delle-cipolliane","status":"publish","type":"product","link":"https:\/\/lavia.cc\/gpx\/tracce\/il-sentiero-delle-cipolliane\/","title":{"rendered":"Salento: Sentiero delle Cipolliane"},"content":{"rendered":"<h4>Salento: Sentiero delle Cipolliane<\/h4>\n<p>\u27a1\ufe0f Vai al punto di partenza: <a title=\"Parcheggio Passo delle Sette Crocette\" href=\"https:\/\/www.google.it\/maps\/place\/Sentiero+delle+Cipolliane\/@39.8444994,18.3863346,19z\/data=!4m13!1m7!3m6!1s0x0:0xd71350fb150fc7d3!2zMznCsDUwJzQwLjUiTiAxOMKwMjMnMTAuMyJF!3b1!8m2!3d39.84458!4d18.38619!3m4!1s0x13440b0424f666dd:0xe8f236a9eee4c944!8m2!3d39.8446034!4d18.3875416\" target=\"_blank\" rel=\"noopener\">GOOGLE MAPS<\/a>.<\/p>\n<p>\ud83d\uddfa\ufe0f Mappa dell&#8217;<a href=\"https:\/\/lavia.cc\/gpx\/categoria-tracce\/escursionismo\/\">escursione<\/a>:<\/p>\n\r\n\t\t<div id=\"wpgpxmaps_2980_2964061\" class=\"wpgpxmaps\">\r\n\t\t\t<div id=\"map_2980_2964061_cont\" style=\"width:100%; height:450px;position:relative\" >\r\n\t\t\t\t<div id=\"map_2980_2964061\" style=\"width:100%; height:450px\"><\/div>\r\n\t\t\t\t<div id=\"wpgpxmaps_2980_2964061_osm_footer\" class=\"wpgpxmaps_osm_footer\" style=\"display:none;\"><span> &copy; <a href=\"http:\/\/www.openstreetmap.org\/copyright\" target=\"_blank\" rel=\"noopener\">OpenStreetMap<\/a> contributors<\/span><\/div>\r\n\t\t\t<\/div>\r\n\t\t\t<canvas id=\"myChart_2980_2964061\" class=\"plot\" style=\"width:100%; height:200px\"><\/canvas>\r\n\t\t\t<div id=\"ngimages_2980_2964061\" class=\"ngimages\" style=\"display:none\"><\/div>\r\n\t\t\t<div id=\"report_2980_2964061\" class=\"report\"><\/div>\r\n\t\t<\/div>\r\n\t\t\r\n\t\t<script type=\"text\/javascript\">\r\n\r\n\t\t\tjQuery(document).ready(function() {\r\n\r\n\t\t\t\tjQuery( \"#wpgpxmaps_2980_2964061\" ).wpgpxmaps( {\r\n\t\t\t\t\ttargetId           : \"2980_2964061\",\r\n\t\t\t\t\tmapType            : \"HYBRID\",\r\n\t\t\t\t\tmapData            : [[39.8445930,18.3862180],[39.8447040,18.3863880],[39.8447430,18.3868740],[39.8445800,18.3874950],[39.8447760,18.3876720],[39.8448410,18.3878670],[39.8449580,18.3880130],[39.8453740,18.3881320],[39.8455480,18.3882590],[39.8456310,18.3884010],[39.8457160,18.3886920],[39.8461440,18.3888190],[39.8463420,18.3890080],[39.8466710,18.3891650],[39.8469580,18.3890940],[39.8470860,18.3891380],[39.8473320,18.3893630],[39.8474530,18.3893050],[39.8475770,18.3893310],[39.8476400,18.3894200],[39.8479340,18.3894780],[39.8483160,18.3894380],[39.8486130,18.3896700],[39.8490590,18.3894670],[39.8494980,18.3895290],[39.8496450,18.3894530],[39.8498740,18.3894720],[39.8501900,18.3896310],[39.8502220,18.3898550],[39.8503900,18.3900000],[39.8506420,18.3900020],[39.8508600,18.3899020],[39.8509800,18.3899110],[39.8512220,18.3899630],[39.8513910,18.3901250],[39.8515120,18.3901280],[39.8516340,18.3899740],[39.8525620,18.3905020],[39.8531800,18.3904850],[39.8536740,18.3904770],[39.8540340,18.3902540],[39.8540630,18.3904300],[39.8541520,18.3905140],[39.8540640,18.3906590],[39.8543380,18.3906150],[39.8541450,18.3906870],[39.8541520,18.3905140],[39.8540630,18.3904300],[39.8540340,18.3902540],[39.8541290,18.3902020],[39.8542010,18.3903120],[39.8543540,18.3901850],[39.8545700,18.3901990],[39.8547740,18.3903140],[39.8549900,18.3903530],[39.8553560,18.3906090],[39.8555080,18.3906340],[39.8557260,18.3905610],[39.8558420,18.3903220],[39.8561950,18.3899450],[39.8562510,18.3897490],[39.8563830,18.3896320],[39.8565770,18.3895740],[39.8566080,18.3893870],[39.8566990,18.3892740],[39.8570720,18.3894050],[39.8576720,18.3894960],[39.8581140,18.3897860],[39.8582650,18.3898240],[39.8585310,18.3901200],[39.8586960,18.3901920],[39.8592250,18.3904330],[39.8594050,18.3906530],[39.8593810,18.3909950],[39.8593780,18.3912320],[39.8594330,18.3913670],[39.8595150,18.3915080],[39.8595760,18.3915700],[39.8595700,18.3914620],[39.8596340,18.3914810],[39.8596710,18.3913570],[39.8597650,18.3912890],[39.8598110,18.3913740],[39.8598010,18.3912240],[39.8598790,18.3911120],[39.8599460,18.3910260],[39.8600000,18.3909220],[39.8599960,18.3908510],[39.8600210,18.3907210],[39.8601620,18.3907170],[39.8604510,18.3909360],[39.8605110,18.3913130],[39.8606180,18.3914120],[39.8607370,18.3913590],[39.8608690,18.3913000],[39.8610920,18.3912750],[39.8612790,18.3912280],[39.8615140,18.3911800],[39.8617650,18.3911170],[39.8618730,18.3911580],[39.8620220,18.3914920],[39.8619960,18.3919200],[39.8620400,18.3920420],[39.8622440,18.3915350],[39.8627430,18.3911270],[39.8623510,18.3904640],[39.8623950,18.3901480],[39.8624530,18.3900240],[39.8625830,18.3898400],[39.8628260,18.3896680],[39.8635710,18.3883160],[39.8638840,18.3868140],[39.8638450,18.3865050],[39.8638790,18.3863250],[39.8638830,18.3856790],[39.8638480,18.3841660],[39.8637620,18.3834220],[39.8635880,18.3822980],[39.8635820,18.3821580],[39.8635670,18.3818280],[39.8633340,18.3818550],[39.8635670,18.3818280],[39.8634450,18.3795820],[39.8633450,18.3783390],[39.8623240,18.3781670],[39.8616250,18.3782180],[39.8603160,18.3783130],[39.8597880,18.3784130],[39.8580480,18.3787460],[39.8578760,18.3787830],[39.8569400,18.3789790],[39.8557800,18.3800540],[39.8553870,18.3802090],[39.8549030,18.3796480],[39.8543180,18.3787780],[39.8538750,18.3782530],[39.8532320,18.3774890],[39.8530420,18.3773950],[39.8527540,18.3774700],[39.8525640,18.3776140],[39.8524920,18.3778840],[39.8526380,18.3781670],[39.8533980,18.3810950],[39.8528890,18.3813140],[39.8523810,18.3815390],[39.8516730,18.3815110],[39.8512240,18.3817790],[39.8508690,18.3819490],[39.8506790,18.3814750],[39.8506310,18.3815840],[39.8505810,18.3816970],[39.8503510,18.3819710],[39.8502160,18.3820550],[39.8501110,18.3820890],[39.8495410,18.3822750],[39.8496290,18.3821240],[39.8494500,18.3812450],[39.8488030,18.3813980],[39.8490930,18.3811870],[39.8489760,18.3809830],[39.8487140,18.3810050],[39.8476750,18.3812540],[39.8470920,18.3815840],[39.8467000,18.3816270],[39.8465070,18.3817850],[39.8465230,18.3819140],[39.8463620,18.3820280],[39.8460230,18.3817520],[39.8459280,18.3818100],[39.8456680,18.3818010],[39.8456780,18.3822550],[39.8455810,18.3828420],[39.8455280,18.3829620],[39.8453430,18.3831370],[39.8452820,18.3834490],[39.8451410,18.3838090],[39.8448790,18.3839690],[39.8445090,18.3843080],[39.8443750,18.3845320],[39.8443540,18.3846590],[39.8442590,18.3847150],[39.8440620,18.3849170],[39.8441530,18.3850670],[39.8441130,18.3853650],[39.8440330,18.3854740],[39.8439760,18.3856830],[39.8438930,18.3857410],[39.8438490,18.3856600],[39.8437790,18.3859060],[39.8436630,18.3859660],[39.8437580,18.3860720],[39.8442400,18.3859860],[39.8443300,18.3859460],[39.8445810,18.3862000]],\r\n\t\t\t\t\tgraphDist          : [0.00,0.02,0.06,0.12,0.14,0.16,0.18,0.23,0.25,0.26,0.29,0.34,0.37,0.41,0.44,0.45,0.49,0.50,0.52,0.53,0.56,0.60,0.64,0.69,0.74,0.76,0.79,0.82,0.84,0.86,0.89,0.92,0.93,0.96,0.98,1.00,1.01,1.13,1.20,1.25,1.30,1.31,1.32,1.34,1.37,1.40,1.42,1.43,1.45,1.46,1.47,1.49,1.52,1.54,1.57,1.61,1.63,1.66,1.68,1.73,1.75,1.77,1.79,1.80,1.82,1.86,1.93,1.98,2.00,2.04,2.06,2.12,2.15,2.18,2.20,2.22,2.24,2.25,2.26,2.27,2.28,2.30,2.31,2.32,2.33,2.34,2.35,2.37,2.38,2.39,2.43,2.46,2.48,2.49,2.51,2.53,2.55,2.58,2.61,2.62,2.66,2.69,2.70,2.75,2.82,2.89,2.92,2.93,2.96,2.99,3.13,3.27,3.29,3.31,3.36,3.49,3.56,3.66,3.67,3.70,3.72,3.75,3.94,4.05,4.16,4.24,4.39,4.44,4.64,4.66,4.77,4.92,4.97,5.04,5.14,5.21,5.30,5.33,5.36,5.38,5.41,5.44,5.70,5.76,5.82,5.90,5.96,6.00,6.04,6.06,6.07,6.10,6.12,6.13,6.20,6.22,6.30,6.37,6.41,6.43,6.46,6.58,6.65,6.69,6.72,6.73,6.75,6.80,6.81,6.84,6.88,6.93,6.94,6.97,6.99,7.03,7.06,7.11,7.14,7.15,7.16,7.19,7.21,7.23,7.25,7.26,7.28,7.29,7.31,7.32,7.35,7.40,7.41,7.45],\r\n\t\t\t\t\tgraphEle           : [8.17,8.17,8.17,8.13,8.06,8.01,7.96,7.84,7.78,7.74,7.67,8.10,8.42,8.88,9.26,9.43,9.81,9.98,10.14,10.25,10.63,11.11,11.55,12.14,12.42,12.51,12.63,12.82,12.91,13.02,13.15,13.29,13.36,13.50,13.62,13.69,13.79,14.69,15.84,16.76,17.50,17.94,18.35,18.89,19.97,20.86,21.71,22.13,22.65,23.04,23.45,24.14,25.05,26.02,26.97,28.78,29.45,30.43,31.37,31.84,31.63,31.42,31.16,30.96,30.80,30.30,27.46,22.81,21.36,18.08,16.44,12.26,11.37,10.28,9.62,9.01,8.51,8.15,7.77,7.35,6.98,6.59,6.63,6.99,7.34,7.63,7.93,8.25,8.56,9.00,10.02,10.92,11.36,11.74,12.50,14.19,15.63,17.43,19.36,20.21,22.45,24.94,25.81,30.75,37.17,44.16,47.81,49.71,53.51,58.21,80.11,101.17,105.41,107.66,111.53,120.61,121.38,121.13,121.10,121.03,120.79,120.42,118.05,117.64,117.67,118.04,118.13,117.96,116.43,116.23,115.13,113.34,112.65,111.57,109.89,108.51,106.50,106.37,106.28,106.22,106.15,106.07,107.04,106.43,105.65,104.68,103.14,101.91,100.57,100.25,99.93,98.91,98.36,97.95,95.71,94.97,92.26,89.75,88.48,87.73,86.70,83.10,81.24,80.09,79.41,79.10,78.48,77.27,76.95,76.16,75.09,71.75,70.40,67.49,64.34,60.39,56.71,50.84,47.33,45.73,44.05,40.02,37.37,33.64,31.77,29.04,27.52,25.80,22.56,22.48,22.48,22.48,22.48,22.48],\r\n\t\t\t\t\tgraphSpeed         : [],\r\n\t\t\t\t\tgraphHr            : [],\r\n\t\t\t\t\tgraphAtemp         : [],\r\n\t\t\t\t\tgraphCad           : [],\r\n\t\t\t\t\tgraphGrade         : [],\r\n\t\t\t\t\twaypoints          : [],\r\n\t\t\t\t\tunit               : \"2\",\r\n\t\t\t\t\tunitspeed          : \"0\",\r\n\t\t\t\t\tcolor1             : [\"#3366cc\"],\r\n\t\t\t\t\tcolor2             : \"#3366cc\",\r\n\t\t\t\t\tcolor3             : \"#ff0000\",\r\n\t\t\t\t\tcolor4             : \"#ff77bd\",\r\n\t\t\t\t\tcolor5             : \"#beecff\",\r\n\t\t\t\t\tcolor6             : \"#beecff\",\r\n\t\t\t\t\tcolor7             : \"#ff77bd\",\r\n\t\t\t\t\tchartFrom1         : \"\",\r\n\t\t\t\t\tchartTo1           : \"\",\r\n\t\t\t\t\tchartFrom2         : \"\",\r\n\t\t\t\t\tchartTo2           : \"\",\r\n\t\t\t\t\tstartIcon          : \"\",\r\n\t\t\t\t\tendIcon            : \"\",\r\n\t\t\t\t\tcurrentIcon        : \"\",\r\n\t\t\t\t\twaypointIcon       : \"https:\/\/lavia.cc\/gpx\/wp-content\/uploads\/gpx\/cropped-icona.ico\",\r\n\t\t\t\t\tcurrentpositioncon : \"\",\r\n\t\t\t\t\tusegpsposition     : \"\",\r\n\t\t\t\t\tzoomOnScrollWheel  : \"\",\r\n\t\t\t\t\tngGalleries        : [],\r\n\t\t\t\t\tngImages           : [],\r\n\t\t\t\t\tpluginUrl          : \"https:\/\/lavia.cc\/gpx\/wp-content\/plugins\",\r\n\t\t\t\t\tTFApiKey           : \"\",\r\n\t\t\t\t\tMapBoxApiKey           : \"\",\r\n\t\t\t\t\tlangs              : {\r\n\t\t\t\t\t\taltitude        : \"Altitudine\",\r\n\t\t\t\t\t\tcurrentPosition : \"Current position\",\r\n\t\t\t\t\t\tspeed           : \"Velocit\u00e0\",\r\n\t\t\t\t\t\tgrade           : \"Grade\",\r\n\t\t\t\t\t\theartRate       : \"Battito Cardiaco\",\r\n\t\t\t\t\t\tatemp           : \"Temperature\",\r\n\t\t\t\t\t\tcadence         : \"Cadenza\",\r\n\t\t\t\t\t\tgoFullScreen    : \"Go full screen\",\r\n\t\t\t\t\t\texitFullFcreen  : \"Exit full screen\",\r\n\t\t\t\t\t\thideImages      : \"Hide images\",\r\n\t\t\t\t\t\tshowImages      : \"Show images\",\r\n\t\t\t\t\t\tbackToCenter\t: \"Ritorna al centro della mappa\"\r\n\t\t\t\t\t}\r\n\t\t\t\t});\r\n\r\n\t\t\t});\r\n\r\n\t\t<\/script>\n<p>\ud83d\udfe2 Visita\u00a0<a href=\"https:\/\/lavia.cc\/gpx\/\">LAVIA.CC<\/a>\u00a0per altre tracce gpx e condividi le tue avventure con la nostra\u00a0<a href=\"https:\/\/www.instagram.com\/lavia.cc\/\" target=\"_blank\" rel=\"noopener\">community<\/a>! \ud83d\udeb4\u200d\u2642\ufe0f\ud83c\udf32\ud83c\udfde\ufe0f<\/p>\n","protected":false},"excerpt":{"rendered":"<p>Una delle escursioni pi\u00f9 gratificanti della <strong>Puglia<\/strong>! <strong>Il sentiero delle Cipolliane<\/strong> rappresenta al meglio il volto pi\u00f9 autentico del <strong>Salento<\/strong>, sito peraltro a due passi da una delle pi\u00f9 scenografiche localit\u00e0 balneari, il <strong>Canale del Ciolo<\/strong>. Cos\u00ec chiamato per la presenza lungo il suo percorso delle <strong>grotte<\/strong> omonime, dista pochi kilometri da <strong>Santa Maria di Leuca<\/strong> e si estende verso nord sul versante Adriatico. Dal 2013 l\u2019antico tratturo che dal Porto Vecchio di Novaglie portava al Ciolo luogo del pi\u00f9 famoso ponte \u00e8 aperto al pubblico come<strong> percorso escursionistico<\/strong>. Il Canale del Ciolo, compreso nel territorio di <strong>Gagliano del Capo<\/strong>, si presenta come uno spettacolare fiordo incastonato tra un mare cristallino e alte pareti rocciose, habitat di corvi che hanno poi dato il nome, in dialetto locale, allo stesso fiordo. Il <strong>ponte<\/strong> che lo sovrasta \u00e8 alto quasi 40mt ed \u00e8 meta dei pi\u00f9 intrepidi tuffatori che mettono alla prova le loro abilit\u00e0 e il proprio coraggio. Il tragitto serviva agli abitanti del luogo per spostare le merci , soprattutto il sale. Per gli <strong>amanti del trekking<\/strong> ci sono varie associazioni che organizzano escursioni tutto l\u2019anno. Tutto sa di antico, mute e senza tempo le tre grotte che furono il riparo di Enea e il <strong>mare<\/strong> l\u00e0, sembra di toccarlo <strong>azzurro<\/strong> come sempre, il mare dei Greci, dei Turchi, dei Fenici . . . il nostro!<\/p>\n<p>\ud83d\udfe2 Segui <a href=\"https:\/\/www.instagram.com\/lavia.cc\/\">LAVIA<\/a>!<\/p>\n","protected":false},"featured_media":2983,"comment_status":"open","ping_status":"closed","template":"","meta":[],"product_brand":[],"product_cat":[31],"product_tag":[291,386],"class_list":{"0":"post-2980","1":"product","2":"type-product","3":"status-publish","4":"has-post-thumbnail","6":"product_cat-escursionismo","7":"product_tag-puglia","8":"product_tag-salento","10":"first","11":"instock","12":"downloadable","13":"virtual","14":"product-type-simple"},"_links":{"self":[{"href":"https:\/\/lavia.cc\/gpx\/wp-json\/wp\/v2\/product\/2980","targetHints":{"allow":["GET"]}}],"collection":[{"href":"https:\/\/lavia.cc\/gpx\/wp-json\/wp\/v2\/product"}],"about":[{"href":"https:\/\/lavia.cc\/gpx\/wp-json\/wp\/v2\/types\/product"}],"replies":[{"embeddable":true,"href":"https:\/\/lavia.cc\/gpx\/wp-json\/wp\/v2\/comments?post=2980"}],"version-history":[{"count":6,"href":"https:\/\/lavia.cc\/gpx\/wp-json\/wp\/v2\/product\/2980\/revisions"}],"predecessor-version":[{"id":16883,"href":"https:\/\/lavia.cc\/gpx\/wp-json\/wp\/v2\/product\/2980\/revisions\/16883"}],"wp:featuredmedia":[{"embeddable":true,"href":"https:\/\/lavia.cc\/gpx\/wp-json\/wp\/v2\/media\/2983"}],"wp:attachment":[{"href":"https:\/\/lavia.cc\/gpx\/wp-json\/wp\/v2\/media?parent=2980"}],"wp:term":[{"taxonomy":"product_brand","embeddable":true,"href":"https:\/\/lavia.cc\/gpx\/wp-json\/wp\/v2\/product_brand?post=2980"},{"taxonomy":"product_cat","embeddable":true,"href":"https:\/\/lavia.cc\/gpx\/wp-json\/wp\/v2\/product_cat?post=2980"},{"taxonomy":"product_tag","embeddable":true,"href":"https:\/\/lavia.cc\/gpx\/wp-json\/wp\/v2\/product_tag?post=2980"}],"curies":[{"name":"wp","href":"https:\/\/api.w.org\/{rel}","templated":true}]}}