{"id":3592,"date":"2022-12-06T15:17:38","date_gmt":"2022-12-06T14:17:38","guid":{"rendered":"https:\/\/lavia.cc\/gpx\/?post_type=product&#038;p=3592"},"modified":"2024-07-29T21:20:35","modified_gmt":"2024-07-29T19:20:35","slug":"monte-arcosu-948m-e-cascata-sa-spindula","status":"publish","type":"product","link":"https:\/\/lavia.cc\/gpx\/tracce\/monte-arcosu-948m-e-cascata-sa-spindula\/","title":{"rendered":"Monte Arcosu (948m) e Cascata Sa Spindula"},"content":{"rendered":"<h4>Monte Arcosu (948m) e Cascata Sa Spindula<\/h4>\n<p>Mappa dell&#8217; <a href=\"https:\/\/lavia.cc\/gpx\/categoria-tracce\/escursionismo\/\">escursione<\/a>.<\/p>\n<p>Vai al punto di partenza: <a title=\"Parcheggio Passo delle Sette Crocette\" href=\"https:\/\/www.google.it\/maps\/place\/39%C2%B012&#039;31.8%22N+8%C2%B053&#039;04.2%22E\/@39.2092491,8.8816349,16.63z\/data=!4m5!3m4!1s0x0:0x834b7e5046d31bda!8m2!3d39.20882!4d8.88449\" target=\"_blank\" rel=\"noopener\">GOOGLE MAPS<\/a><\/p>\n\r\n\t\t<div id=\"wpgpxmaps_3592_1786727\" class=\"wpgpxmaps\">\r\n\t\t\t<div id=\"map_3592_1786727_cont\" style=\"width:100%; height:450px;position:relative\" >\r\n\t\t\t\t<div id=\"map_3592_1786727\" style=\"width:100%; height:450px\"><\/div>\r\n\t\t\t\t<div id=\"wpgpxmaps_3592_1786727_osm_footer\" class=\"wpgpxmaps_osm_footer\" style=\"display:none;\"><span> &copy; <a href=\"http:\/\/www.openstreetmap.org\/copyright\" target=\"_blank\" rel=\"noopener\">OpenStreetMap<\/a> contributors<\/span><\/div>\r\n\t\t\t<\/div>\r\n\t\t\t<canvas id=\"myChart_3592_1786727\" class=\"plot\" style=\"width:100%; height:200px\"><\/canvas>\r\n\t\t\t<div id=\"ngimages_3592_1786727\" class=\"ngimages\" style=\"display:none\"><\/div>\r\n\t\t\t<div id=\"report_3592_1786727\" class=\"report\"><\/div>\r\n\t\t<\/div>\r\n\t\t\r\n\t\t<script type=\"text\/javascript\">\r\n\r\n\t\t\tjQuery(document).ready(function() {\r\n\r\n\t\t\t\tjQuery( \"#wpgpxmaps_3592_1786727\" ).wpgpxmaps( {\r\n\t\t\t\t\ttargetId           : \"3592_1786727\",\r\n\t\t\t\t\tmapType            : \"HYBRID\",\r\n\t\t\t\t\tmapData            : [[39.2087870,8.8844990],[39.2086590,8.8845030],[39.2077530,8.8848110],[39.2075370,8.8848140],[39.2072080,8.8848960],[39.2070740,8.8849040],[39.2065690,8.8847180],[39.2060780,8.8846480],[39.2059810,8.8845510],[39.2058440,8.8845160],[39.2057670,8.8843990],[39.2055490,8.8842820],[39.2054400,8.8840790],[39.2053440,8.8839990],[39.2050450,8.8838400],[39.2047830,8.8834430],[39.2047460,8.8832110],[39.2044390,8.8826940],[39.2041400,8.8820810],[39.2039650,8.8819080],[39.2035860,8.8819360],[39.2034380,8.8819120],[39.2033120,8.8818020],[39.2027170,8.8816180],[39.2025980,8.8816050],[39.2021370,8.8818530],[39.2021120,8.8820190],[39.2019780,8.8824790],[39.2018050,8.8829140],[39.2016710,8.8831130],[39.2015430,8.8833790],[39.2014900,8.8834910],[39.2014480,8.8837280],[39.2014900,8.8834910],[39.2015430,8.8833790],[39.2016710,8.8831130],[39.2018050,8.8829140],[39.2019780,8.8824790],[39.2021120,8.8820190],[39.2021370,8.8818530],[39.2025980,8.8816050],[39.2027170,8.8816180],[39.2026260,8.8814140],[39.2022600,8.8813980],[39.2019800,8.8814610],[39.2015610,8.8813400],[39.2014110,8.8810570],[39.2005490,8.8802810],[39.1995290,8.8794730],[39.1991270,8.8789960],[39.1988300,8.8785400],[39.1987280,8.8782670],[39.1984810,8.8781100],[39.1984570,8.8781730],[39.1983570,8.8781680],[39.1982650,8.8782170],[39.1983620,8.8782080],[39.1982680,8.8782280],[39.1981790,8.8781510],[39.1980900,8.8781810],[39.1980160,8.8782340],[39.1979360,8.8782690],[39.1980370,8.8783700],[39.1981210,8.8784290],[39.1982200,8.8784000],[39.1983490,8.8784300],[39.1984510,8.8784660],[39.1985560,8.8784990],[39.1986150,8.8785850],[39.1985350,8.8786920],[39.1986270,8.8788110],[39.1986400,8.8788630],[39.1985320,8.8788910],[39.1984530,8.8788270],[39.1983640,8.8788900],[39.1982870,8.8789610],[39.1982570,8.8788980],[39.1982800,8.8787800],[39.1983500,8.8787030],[39.1984620,8.8787080],[39.1979690,8.8788910],[39.1978890,8.8788270],[39.1977790,8.8788210],[39.1975760,8.8786850],[39.1976170,8.8785520],[39.1977080,8.8784810],[39.1978520,8.8783920],[39.1979880,8.8783980],[39.1981940,8.8784520],[39.1983190,8.8784810],[39.1984240,8.8784980],[39.1983980,8.8785430],[39.1982980,8.8785700],[39.1981630,8.8786030],[39.1980560,8.8786450],[39.1979250,8.8786710],[39.1978320,8.8786540],[39.1978630,8.8785420],[39.1979800,8.8784530],[39.1980750,8.8784070],[39.1981880,8.8783670],[39.1982620,8.8782780],[39.1983110,8.8781870],[39.1983380,8.8781140],[39.1983560,8.8781130],[39.1982900,8.8780140],[39.1983100,8.8778990],[39.1982100,8.8778690],[39.1980580,8.8777820],[39.1981030,8.8775980],[39.1979860,8.8776190],[39.1978340,8.8777460],[39.1976870,8.8780140],[39.1975190,8.8782370],[39.1973420,8.8783690],[39.1972420,8.8783560],[39.1971590,8.8783280],[39.1970490,8.8783210],[39.1969550,8.8783540],[39.1971200,8.8784160],[39.1971330,8.8789150],[39.1969780,8.8786350],[39.1969150,8.8787860],[39.1968850,8.8786710],[39.1968870,8.8785490],[39.1969010,8.8784130],[39.1967370,8.8782860],[39.1964230,8.8783850],[39.1962780,8.8784010],[39.1959910,8.8782980],[39.1958740,8.8781150],[39.1958680,8.8778690],[39.1956130,8.8773840],[39.1951070,8.8766130],[39.1949260,8.8765210],[39.1946820,8.8765770],[39.1945130,8.8765010],[39.1944790,8.8762750],[39.1945000,8.8760800],[39.1946420,8.8758770],[39.1946730,8.8755870],[39.1945500,8.8754880],[39.1938850,8.8753690],[39.1934810,8.8749750],[39.1934190,8.8747170],[39.1934190,8.8743030],[39.1932310,8.8742000],[39.1932470,8.8740490],[39.1932840,8.8739300],[39.1932130,8.8737710],[39.1931360,8.8736910],[39.1929970,8.8736670],[39.1927910,8.8734250],[39.1923200,8.8725190],[39.1922860,8.8722960],[39.1922000,8.8721370],[39.1918640,8.8722570],[39.1916420,8.8723960],[39.1914660,8.8723720],[39.1910540,8.8719660],[39.1908870,8.8717600],[39.1907760,8.8710760],[39.1906320,8.8708770],[39.1906160,8.8706590],[39.1908530,8.8703920],[39.1910440,8.8700590],[39.1912140,8.8696530],[39.1911800,8.8693350],[39.1910630,8.8691210],[39.1908230,8.8689500],[39.1906470,8.8687270],[39.1905360,8.8685440],[39.1904160,8.8684120],[39.1903360,8.8685180],[39.1903340,8.8683030],[39.1902210,8.8679650],[39.1902440,8.8672460],[39.1902740,8.8670220],[39.1901770,8.8668120],[39.1899250,8.8664380],[39.1898830,8.8662690],[39.1899110,8.8661250],[39.1900300,8.8659910],[39.1900530,8.8658580],[39.1899340,8.8655800],[39.1899560,8.8654040],[39.1900620,8.8652120],[39.1900190,8.8651100],[39.1898170,8.8649270],[39.1898330,8.8647780],[39.1899700,8.8641740],[39.1900320,8.8640850],[39.1901430,8.8640430],[39.1903310,8.8640910],[39.1905050,8.8640920],[39.1906370,8.8640550],[39.1907290,8.8639790],[39.1907450,8.8637740],[39.1907420,8.8637600],[39.1907510,8.8637200],[39.1907450,8.8637360],[39.1906780,8.8637770],[39.1906780,8.8637780],[39.1906100,8.8638300],[39.1906740,8.8634160],[39.1906480,8.8635290],[39.1906620,8.8636620],[39.1906470,8.8637900],[39.1906960,8.8639010],[39.1906800,8.8640040],[39.1906030,8.8640750],[39.1905140,8.8641150],[39.1904470,8.8640110],[39.1903440,8.8639480],[39.1901010,8.8635330],[39.1893550,8.8635390],[39.1889210,8.8635010],[39.1886290,8.8635390],[39.1882880,8.8637840],[39.1881170,8.8638100],[39.1876590,8.8637910],[39.1873910,8.8638220],[39.1870500,8.8639100],[39.1871570,8.8635630],[39.1871920,8.8631610],[39.1872420,8.8630300],[39.1873560,8.8628450],[39.1876060,8.8626890],[39.1877800,8.8623400],[39.1880800,8.8620670],[39.1882600,8.8618330],[39.1884020,8.8615300],[39.1885850,8.8613670],[39.1886510,8.8611630],[39.1889880,8.8609730],[39.1890760,8.8608300],[39.1890510,8.8606750],[39.1891170,8.8605410],[39.1891730,8.8603480],[39.1892480,8.8602670],[39.1894100,8.8600550],[39.1895290,8.8599510],[39.1895720,8.8598030],[39.1896910,8.8597010],[39.1897880,8.8594840],[39.1899690,8.8592990],[39.1901460,8.8591810],[39.1902670,8.8590120],[39.1903600,8.8589070],[39.1905060,8.8588560],[39.1907220,8.8588670],[39.1908450,8.8587840],[39.1910050,8.8588000],[39.1912460,8.8587950],[39.1915110,8.8587570],[39.1915950,8.8587780],[39.1916910,8.8587730],[39.1917740,8.8588260],[39.1918590,8.8588000],[39.1919480,8.8588160],[39.1920190,8.8587620],[39.1920490,8.8586490],[39.1920030,8.8585420],[39.1919910,8.8584210],[39.1920960,8.8584350],[39.1921370,8.8584030],[39.1920940,8.8583180],[39.1921750,8.8582430],[39.1922450,8.8581560],[39.1921660,8.8580900],[39.1921180,8.8579880],[39.1920500,8.8579350],[39.1920140,8.8578150],[39.1920680,8.8577160],[39.1921600,8.8576800],[39.1922450,8.8577140],[39.1923640,8.8577270],[39.1925430,8.8575610],[39.1927340,8.8575150],[39.1928190,8.8574510],[39.1931150,8.8574210],[39.1931870,8.8574880],[39.1932730,8.8574130],[39.1933950,8.8572200],[39.1935010,8.8570970],[39.1936320,8.8570780],[39.1938510,8.8568930],[39.1940000,8.8569010],[39.1941080,8.8567000],[39.1943810,8.8565390],[39.1945050,8.8564770],[39.1946220,8.8564990],[39.1946450,8.8566110],[39.1948070,8.8567720],[39.1950020,8.8568110],[39.1950760,8.8568110],[39.1951710,8.8567650],[39.1952630,8.8567780],[39.1951700,8.8567150],[39.1950690,8.8566760],[39.1949720,8.8566350],[39.1948820,8.8566340],[39.1948940,8.8567670],[39.1949770,8.8568090],[39.1949500,8.8568390],[39.1949570,8.8568600],[39.1949510,8.8568050],[39.1948600,8.8567710],[39.1949520,8.8567890],[39.1948630,8.8567580],[39.1948860,8.8567980],[39.1949040,8.8568460],[39.1949360,8.8568240],[39.1948470,8.8567630],[39.1948050,8.8566540],[39.1947360,8.8565550],[39.1946810,8.8566470],[39.1946220,8.8564990],[39.1945050,8.8564770],[39.1943810,8.8565390],[39.1941910,8.8567020],[39.1940000,8.8569010],[39.1938510,8.8568930],[39.1936320,8.8570780],[39.1935010,8.8570970],[39.1933950,8.8572200],[39.1932730,8.8574130],[39.1931870,8.8574880],[39.1931150,8.8574210],[39.1928190,8.8574510],[39.1927340,8.8575150],[39.1925430,8.8575610],[39.1923640,8.8577270],[39.1922800,8.8576740],[39.1920880,8.8576810],[39.1920170,8.8577480],[39.1919730,8.8579740],[39.1918420,8.8582020],[39.1917630,8.8585000],[39.1917680,8.8586660],[39.1915310,8.8587540],[39.1912460,8.8587950],[39.1910570,8.8587540],[39.1908450,8.8587840],[39.1907220,8.8588670],[39.1905060,8.8588560],[39.1903600,8.8589070],[39.1902670,8.8590120],[39.1902130,8.8591190],[39.1900170,8.8592180],[39.1897880,8.8594840],[39.1896910,8.8597010],[39.1895720,8.8598030],[39.1895290,8.8599510],[39.1894100,8.8600550],[39.1893190,8.8602320],[39.1891730,8.8603480],[39.1891170,8.8605410],[39.1890510,8.8606750],[39.1890760,8.8608300],[39.1889880,8.8609730],[39.1887370,8.8611660],[39.1885850,8.8613670],[39.1884020,8.8615300],[39.1882600,8.8618330],[39.1880800,8.8620670],[39.1877800,8.8623400],[39.1876740,8.8626220],[39.1874040,8.8627910],[39.1872420,8.8630300],[39.1871920,8.8631610],[39.1871570,8.8635630],[39.1870500,8.8639100],[39.1873910,8.8638220],[39.1876590,8.8637910],[39.1881170,8.8638100],[39.1882880,8.8637840],[39.1886290,8.8635390],[39.1889210,8.8635010],[39.1893550,8.8635390],[39.1901010,8.8635330],[39.1903440,8.8639480],[39.1904470,8.8640110],[39.1903310,8.8640910],[39.1901430,8.8640430],[39.1900320,8.8640850],[39.1899700,8.8641740],[39.1898330,8.8647780],[39.1898170,8.8649270],[39.1900190,8.8651100],[39.1900620,8.8652120],[39.1899560,8.8654040],[39.1899340,8.8655800],[39.1900530,8.8658580],[39.1900300,8.8659910],[39.1899110,8.8661250],[39.1898830,8.8662690],[39.1899250,8.8664380],[39.1901180,8.8667530],[39.1902740,8.8670220],[39.1902440,8.8672460],[39.1902210,8.8679650],[39.1903340,8.8683030],[39.1903360,8.8685180],[39.1904160,8.8684120],[39.1905360,8.8685440],[39.1906470,8.8687270],[39.1908230,8.8689500],[39.1910630,8.8691210],[39.1911800,8.8693350],[39.1912140,8.8696530],[39.1910440,8.8700590],[39.1908530,8.8703920],[39.1906160,8.8706590],[39.1906320,8.8708770],[39.1907760,8.8710760],[39.1908870,8.8717600],[39.1910540,8.8719660],[39.1914660,8.8723720],[39.1916420,8.8723960],[39.1918640,8.8722570],[39.1922000,8.8721370],[39.1922860,8.8722960],[39.1923200,8.8725190],[39.1927910,8.8734250],[39.1929970,8.8736670],[39.1931360,8.8736910],[39.1932130,8.8737710],[39.1932840,8.8739300],[39.1932220,8.8740250],[39.1932720,8.8741520],[39.1934190,8.8743030],[39.1934190,8.8747170],[39.1934810,8.8749750],[39.1938850,8.8753690],[39.1945500,8.8754880],[39.1946730,8.8755870],[39.1946420,8.8758770],[39.1945000,8.8760800],[39.1944790,8.8762750],[39.1945130,8.8765010],[39.1946820,8.8765770],[39.1949260,8.8765210],[39.1951070,8.8766130],[39.1956130,8.8773840],[39.1958680,8.8778690],[39.1958740,8.8781150],[39.1959910,8.8782980],[39.1962780,8.8784010],[39.1964230,8.8783850],[39.1967370,8.8782860],[39.1973420,8.8783690],[39.1975190,8.8782370],[39.1976870,8.8780140],[39.1978340,8.8777460],[39.1979860,8.8776190],[39.1981030,8.8775980],[39.1980580,8.8777820],[39.1981210,8.8778780],[39.1982940,8.8778060],[39.1982760,8.8779480],[39.1983530,8.8780260],[39.1983600,8.8781950],[39.1984410,8.8781340],[39.1986790,8.8782130],[39.1988300,8.8785400],[39.1991270,8.8789960],[39.1995290,8.8794730],[39.2005490,8.8802810],[39.2014110,8.8810570],[39.2015610,8.8813400],[39.2019800,8.8814610],[39.2022600,8.8813980],[39.2026260,8.8814140],[39.2027170,8.8816180],[39.2033120,8.8818020],[39.2034380,8.8819120],[39.2035860,8.8819360],[39.2039650,8.8819080],[39.2041400,8.8820810],[39.2044390,8.8826940],[39.2047460,8.8832110],[39.2047830,8.8834430],[39.2050450,8.8838400],[39.2053440,8.8839990],[39.2054400,8.8840790],[39.2054940,8.8842320],[39.2057670,8.8843990],[39.2058440,8.8845160],[39.2059810,8.8845510],[39.2060780,8.8846480],[39.2065690,8.8847180],[39.2070740,8.8849040],[39.2072080,8.8848960],[39.2075370,8.8848140],[39.2077530,8.8848110],[39.2086590,8.8845030],[39.2087870,8.8844990]],\r\n\t\t\t\t\tgraphDist          : [0.00,0.01,0.12,0.14,0.18,0.19,0.25,0.31,0.32,0.34,0.35,0.38,0.40,0.41,0.45,0.49,0.51,0.57,0.63,0.66,0.70,0.72,0.73,0.80,0.81,0.87,0.88,0.93,0.97,0.99,1.02,1.03,1.05,1.07,1.08,1.11,1.13,1.18,1.22,1.23,1.29,1.30,1.32,1.36,1.39,1.44,1.47,1.59,1.73,1.79,1.84,1.87,1.90,1.91,1.92,1.93,1.94,1.95,1.96,1.98,1.99,2.00,2.01,2.02,2.03,2.05,2.06,2.07,2.08,2.10,2.11,2.12,2.13,2.15,2.16,2.17,2.18,2.19,2.20,2.21,2.27,2.28,2.29,2.32,2.33,2.35,2.36,2.38,2.40,2.42,2.43,2.44,2.45,2.47,2.48,2.50,2.51,2.52,2.53,2.55,2.56,2.57,2.58,2.59,2.61,2.62,2.64,2.65,2.68,2.69,2.71,2.73,2.75,2.78,2.80,2.81,2.83,2.84,2.85,2.88,2.93,2.96,2.97,2.98,2.99,3.00,3.03,3.07,3.08,3.12,3.14,3.16,3.21,3.30,3.32,3.35,3.37,3.39,3.40,3.43,3.45,3.47,3.54,3.60,3.62,3.66,3.68,3.70,3.71,3.73,3.74,3.76,3.79,3.88,3.90,3.92,3.96,3.98,4.00,4.06,4.09,4.15,4.17,4.19,4.23,4.26,4.30,4.33,4.35,4.38,4.41,4.43,4.45,4.46,4.48,4.51,4.58,4.60,4.62,4.66,4.68,4.69,4.71,4.72,4.75,4.76,4.78,4.79,4.82,4.83,4.89,4.90,4.91,4.93,4.95,4.97,4.98,5.00,5.01,5.02,5.03,5.04,5.05,5.06,5.09,5.10,5.12,5.13,5.14,5.15,5.16,5.17,5.18,5.19,5.24,5.32,5.37,5.40,5.45,5.47,5.52,5.55,5.59,5.62,5.65,5.67,5.69,5.72,5.75,5.80,5.82,5.86,5.88,5.90,5.94,5.96,5.98,5.99,6.01,6.02,6.05,6.06,6.08,6.10,6.12,6.15,6.17,6.19,6.20,6.22,6.25,6.26,6.28,6.31,6.34,6.35,6.36,6.37,6.39,6.40,6.41,6.42,6.43,6.44,6.45,6.46,6.47,6.49,6.50,6.51,6.52,6.53,6.54,6.55,6.56,6.57,6.59,6.62,6.64,6.65,6.68,6.69,6.71,6.73,6.75,6.76,6.79,6.81,6.83,6.87,6.88,6.90,6.91,6.93,6.95,6.96,6.97,6.98,7.00,7.01,7.02,7.03,7.04,7.05,7.06,7.07,7.08,7.09,7.10,7.11,7.12,7.14,7.15,7.16,7.17,7.18,7.19,7.21,7.22,7.23,7.26,7.29,7.31,7.34,7.35,7.37,7.39,7.41,7.42,7.45,7.46,7.48,7.51,7.52,7.54,7.55,7.57,7.60,7.63,7.64,7.67,7.71,7.73,7.75,7.77,7.80,7.81,7.83,7.84,7.86,7.90,7.92,7.94,7.95,7.97,7.99,8.01,8.03,8.04,8.06,8.07,8.11,8.14,8.16,8.19,8.22,8.26,8.29,8.33,8.35,8.37,8.40,8.43,8.47,8.50,8.55,8.57,8.62,8.65,8.70,8.78,8.82,8.84,8.87,8.89,8.90,8.91,8.97,8.98,9.01,9.02,9.04,9.05,9.08,9.09,9.11,9.12,9.14,9.17,9.20,9.22,9.28,9.32,9.33,9.35,9.37,9.39,9.41,9.44,9.47,9.50,9.54,9.57,9.61,9.63,9.65,9.71,9.74,9.79,9.81,9.84,9.88,9.90,9.92,10.01,10.04,10.06,10.07,10.08,10.10,10.11,10.14,10.17,10.20,10.25,10.33,10.34,10.37,10.39,10.41,10.43,10.45,10.48,10.50,10.59,10.64,10.66,10.68,10.72,10.73,10.77,10.84,10.86,10.89,10.91,10.93,10.95,10.96,10.98,11.00,11.01,11.02,11.04,11.05,11.08,11.12,11.17,11.23,11.37,11.49,11.51,11.56,11.59,11.64,11.66,11.72,11.74,11.76,11.80,11.82,11.89,11.94,11.96,12.01,12.04,12.06,12.07,12.11,12.12,12.13,12.15,12.20,12.26,12.28,12.31,12.34,12.44,12.46],\r\n\t\t\t\t\tgraphEle           : [185.78,185.78,186.63,187.76,189.49,190.19,192.91,195.61,196.48,197.47,198.32,199.99,201.39,202.20,204.50,207.36,208.67,212.26,216.25,217.82,220.52,222.09,223.76,230.48,231.80,237.29,238.73,241.36,242.93,243.78,244.78,245.20,245.98,246.76,247.18,247.37,246.02,243.52,241.01,240.14,236.85,236.06,237.00,239.10,240.74,243.20,244.73,264.02,290.98,301.93,311.19,315.90,321.48,323.29,324.24,324.93,325.62,326.28,327.02,327.70,328.35,329.02,329.90,330.60,331.31,332.21,332.94,333.68,334.31,335.14,336.07,336.50,337.00,337.42,337.88,338.30,338.85,339.27,339.69,340.23,342.54,342.97,343.47,343.97,343.79,343.64,343.41,343.22,342.93,342.75,342.60,342.43,342.28,342.09,341.93,341.75,341.61,341.70,341.92,342.09,342.29,342.45,342.62,342.82,343.06,343.28,343.45,343.73,344.04,344.29,344.49,345.74,347.88,349.90,351.62,352.46,353.56,354.49,355.30,357.54,360.82,363.13,364.29,365.11,365.94,366.86,369.06,371.86,373.12,375.98,378.51,381.15,387.42,398.22,400.94,404.48,407.04,409.59,411.77,414.80,418.05,420.12,428.90,434.64,437.02,440.65,442.97,444.55,445.99,447.52,448.58,450.08,453.07,462.12,464.01,465.67,470.47,473.87,476.31,483.45,486.63,494.25,497.28,499.72,504.23,508.84,513.97,517.41,520.09,523.71,526.97,529.35,531.43,533.11,535.31,539.08,545.46,547.45,549.58,553.93,555.48,556.78,558.56,559.75,561.84,562.97,564.46,565.20,567.21,568.17,572.15,572.91,573.86,575.16,576.05,576.74,577.30,578.12,578.59,579.06,579.53,580.01,580.48,580.97,582.64,583.11,583.65,584.18,584.74,585.25,585.79,586.32,586.91,587.55,589.81,593.99,597.08,599.17,601.95,603.17,606.43,608.76,611.90,614.51,617.34,618.37,620.02,622.55,629.43,638.01,643.98,650.39,655.58,659.59,669.90,674.67,679.03,683.31,688.69,691.98,700.09,704.93,709.06,713.87,720.41,727.82,733.88,739.09,742.64,746.99,753.20,757.18,761.79,769.11,776.77,779.72,782.38,784.94,787.48,789.99,792.56,795.17,797.92,800.57,803.50,806.29,809.00,811.83,814.53,817.14,819.70,822.48,825.25,827.84,830.50,833.08,837.28,843.31,848.62,851.31,859.43,861.86,865.35,870.63,874.52,877.61,882.20,884.97,888.30,893.76,896.09,898.17,899.74,903.33,906.80,907.77,907.71,907.66,907.60,907.54,907.49,907.44,907.38,907.32,907.27,907.22,907.17,907.11,907.06,907.01,906.96,906.90,906.85,906.78,904.97,903.00,901.31,898.75,896.52,894.02,889.72,884.58,881.60,876.67,874.01,870.31,864.33,860.37,857.61,848.40,845.35,839.33,832.49,829.54,823.58,820.85,815.10,807.71,799.44,795.12,786.71,777.08,770.64,763.13,758.47,751.08,745.87,741.62,738.22,730.83,720.17,713.49,708.57,704.35,699.41,693.87,688.60,683.76,679.91,675.99,671.70,662.84,655.03,648.29,640.13,636.37,630.96,627.39,622.93,619.30,617.63,613.40,611.25,608.66,606.66,603.25,601.97,598.75,596.06,592.08,585.24,581.50,580.43,578.00,576.20,575.11,574.25,569.67,568.58,566.18,565.25,563.36,561.93,559.38,558.29,556.65,555.46,554.04,550.82,548.00,545.77,538.70,535.09,532.97,531.36,529.36,527.08,523.79,520.00,517.19,513.74,508.79,504.34,499.95,497.50,494.45,486.63,483.29,475.80,473.53,470.61,466.49,464.71,462.63,452.72,449.74,448.24,447.18,445.66,444.64,443.41,440.63,437.21,434.97,428.58,419.93,418.06,415.14,412.41,410.28,407.42,404.55,400.58,397.47,384.93,377.57,374.46,371.46,366.60,364.23,358.96,350.11,347.68,344.82,341.80,339.65,338.24,336.47,335.31,333.09,331.60,329.32,326.75,324.08,319.04,313.18,304.15,292.69,263.16,243.26,239.38,233.10,228.95,224.85,223.73,219.98,219.05,218.13,215.80,214.46,211.11,208.09,206.99,204.58,202.42,201.63,200.72,198.60,197.77,196.80,195.94,192.50,191.43,191.43,191.43,191.43,191.43,191.43],\r\n\t\t\t\t\tgraphSpeed         : [],\r\n\t\t\t\t\tgraphHr            : [],\r\n\t\t\t\t\tgraphAtemp         : [],\r\n\t\t\t\t\tgraphCad           : [],\r\n\t\t\t\t\tgraphGrade         : [],\r\n\t\t\t\t\twaypoints          : [],\r\n\t\t\t\t\tunit               : \"2\",\r\n\t\t\t\t\tunitspeed          : \"0\",\r\n\t\t\t\t\tcolor1             : [\"#3366cc\"],\r\n\t\t\t\t\tcolor2             : \"#3366cc\",\r\n\t\t\t\t\tcolor3             : \"#ff0000\",\r\n\t\t\t\t\tcolor4             : \"#ff77bd\",\r\n\t\t\t\t\tcolor5             : \"#beecff\",\r\n\t\t\t\t\tcolor6             : \"#beecff\",\r\n\t\t\t\t\tcolor7             : \"#ff77bd\",\r\n\t\t\t\t\tchartFrom1         : \"\",\r\n\t\t\t\t\tchartTo1           : \"\",\r\n\t\t\t\t\tchartFrom2         : \"\",\r\n\t\t\t\t\tchartTo2           : \"\",\r\n\t\t\t\t\tstartIcon          : \"\",\r\n\t\t\t\t\tendIcon            : \"\",\r\n\t\t\t\t\tcurrentIcon        : \"\",\r\n\t\t\t\t\twaypointIcon       : \"https:\/\/lavia.cc\/gpx\/wp-content\/uploads\/gpx\/cropped-icona.ico\",\r\n\t\t\t\t\tcurrentpositioncon : \"\",\r\n\t\t\t\t\tusegpsposition     : \"\",\r\n\t\t\t\t\tzoomOnScrollWheel  : \"\",\r\n\t\t\t\t\tngGalleries        : [],\r\n\t\t\t\t\tngImages           : [],\r\n\t\t\t\t\tpluginUrl          : \"https:\/\/lavia.cc\/gpx\/wp-content\/plugins\",\r\n\t\t\t\t\tTFApiKey           : \"\",\r\n\t\t\t\t\tMapBoxApiKey           : \"\",\r\n\t\t\t\t\tlangs              : {\r\n\t\t\t\t\t\taltitude        : \"Altitudine\",\r\n\t\t\t\t\t\tcurrentPosition : \"Current position\",\r\n\t\t\t\t\t\tspeed           : \"Velocit\u00e0\",\r\n\t\t\t\t\t\tgrade           : \"Grade\",\r\n\t\t\t\t\t\theartRate       : \"Battito Cardiaco\",\r\n\t\t\t\t\t\tatemp           : \"Temperature\",\r\n\t\t\t\t\t\tcadence         : \"Cadenza\",\r\n\t\t\t\t\t\tgoFullScreen    : \"Go full screen\",\r\n\t\t\t\t\t\texitFullFcreen  : \"Exit full screen\",\r\n\t\t\t\t\t\thideImages      : \"Hide images\",\r\n\t\t\t\t\t\tshowImages      : \"Show images\",\r\n\t\t\t\t\t\tbackToCenter\t: \"Ritorna al centro della mappa\"\r\n\t\t\t\t\t}\r\n\t\t\t\t});\r\n\r\n\t\t\t});\r\n\r\n\t\t<\/script>\n<p>\ud83d\udfe2 Segui <a title=\"Lavia Instagram\" href=\"https:\/\/www.instagram.com\/lavia.cc\/\" target=\"_blank\" rel=\"noopener\">LAVIA<\/a>!<\/p>\n","protected":false},"excerpt":{"rendered":"<p>Il monte Arcosu (948 m) si trova in provincia di Cagliari nella parte settentrionale del massiccio montuoso del Sulcis. La sua posizione periferica e la caratteristica forma ad arco (Arcosu per l\u2019appunto) rendono questa cima ben visibile dalle pianure del Cixerri e del Campidano. Il monte d\u00e0 il nome alla pi\u00f9 vasta oasi naturalistica del WWF Italia, che, con i suoi quasi quattromila ettari di foresta, \u00e8 la pi\u00f9 estesa oasi protetta italiana. La riserva \u00e8 dominata dal monte Arcosu, \u00e8 solcata da due valli principali, lunghe e strette con pendii scoscesi, dove scorrono il rio Guttureddu e rio sa Canna, i quali confluiscono all\u2019ingresso della riserva e, dopo alcuni chilometri, formano il rio Santa Lucia. Il sentiero che abbiamo il piacere di proporre porta alla cima del monte passando dalla maestosa Cascata di Sa Spindula. Si tratta di un percorso molto bello e ricco di punti interessanti, non presenta difficolt\u00e0 tecniche a parte alcuni passaggi pi\u00f9 ripidi in cui \u00e8 possibile aiutarsi con corde fisse. Addentrarsi in questi sentieri vuol dire respirare a pieni polmoni il profumo intenso della macchia mediterranea accompagnati da panorami d\u2019 incantevole bellezza. Bellissimo!<\/p>\n<p>Foto di <a href=\"https:\/\/www.instagram.com\/enricotravels_insardinia\/\">@enricotravels_insardinia<\/a><\/p>\n<p>&nbsp;<\/p>\n<p>\ud83d\udfe2 Segui <a href=\"https:\/\/www.instagram.com\/lavia.cc\/\">LAVIA<\/a>!<\/p>\n","protected":false},"featured_media":3597,"comment_status":"open","ping_status":"closed","template":"","meta":[],"product_brand":[],"product_cat":[31],"product_tag":[667,599,600],"class_list":{"0":"post-3592","1":"product","2":"type-product","3":"status-publish","4":"has-post-thumbnail","6":"product_cat-escursionismo","7":"product_tag-cagliari","8":"product_tag-sardegna","9":"product_tag-sud-sardegna","11":"first","12":"instock","13":"downloadable","14":"virtual","15":"product-type-simple"},"_links":{"self":[{"href":"https:\/\/lavia.cc\/gpx\/wp-json\/wp\/v2\/product\/3592","targetHints":{"allow":["GET"]}}],"collection":[{"href":"https:\/\/lavia.cc\/gpx\/wp-json\/wp\/v2\/product"}],"about":[{"href":"https:\/\/lavia.cc\/gpx\/wp-json\/wp\/v2\/types\/product"}],"replies":[{"embeddable":true,"href":"https:\/\/lavia.cc\/gpx\/wp-json\/wp\/v2\/comments?post=3592"}],"version-history":[{"count":2,"href":"https:\/\/lavia.cc\/gpx\/wp-json\/wp\/v2\/product\/3592\/revisions"}],"predecessor-version":[{"id":15095,"href":"https:\/\/lavia.cc\/gpx\/wp-json\/wp\/v2\/product\/3592\/revisions\/15095"}],"wp:featuredmedia":[{"embeddable":true,"href":"https:\/\/lavia.cc\/gpx\/wp-json\/wp\/v2\/media\/3597"}],"wp:attachment":[{"href":"https:\/\/lavia.cc\/gpx\/wp-json\/wp\/v2\/media?parent=3592"}],"wp:term":[{"taxonomy":"product_brand","embeddable":true,"href":"https:\/\/lavia.cc\/gpx\/wp-json\/wp\/v2\/product_brand?post=3592"},{"taxonomy":"product_cat","embeddable":true,"href":"https:\/\/lavia.cc\/gpx\/wp-json\/wp\/v2\/product_cat?post=3592"},{"taxonomy":"product_tag","embeddable":true,"href":"https:\/\/lavia.cc\/gpx\/wp-json\/wp\/v2\/product_tag?post=3592"}],"curies":[{"name":"wp","href":"https:\/\/api.w.org\/{rel}","templated":true}]}}