{"id":4041,"date":"2023-01-23T14:40:44","date_gmt":"2023-01-23T13:40:44","guid":{"rendered":"https:\/\/lavia.cc\/gpx\/?post_type=product&#038;p=4041"},"modified":"2024-02-28T10:56:59","modified_gmt":"2024-02-28T09:56:59","slug":"giro-del-monte-venda-601-m","status":"publish","type":"product","link":"https:\/\/lavia.cc\/gpx\/tracce\/giro-del-monte-venda-601-m\/","title":{"rendered":"Giro del Monte Venda (601 m)"},"content":{"rendered":"<h4>Giro del Monte Venda (601 m)<\/h4>\n<p>\u27a1\ufe0f Clicca qui per raggiungere il punto di partenza: <a href=\"https:\/\/www.google.it\/maps\/place\/Casa+Marina\/@45.3110684,11.696845,19z\/data=!4m16!1m7!3m6!1s0x0:0x360f10776701f395!2zNDXCsDE4JzM5LjUiTiAxMcKwNDEnNTAuNSJF!3b1!8m2!3d45.31096!4d11.69736!3m7!1s0x477f2007cefcaa23:0x980441d1e378a4b2!5m2!4m1!1i2!8m2!3d45.3115128!4d11.6983138\" target=\"_blank\" rel=\"noopener\">GOOGLE MAPS<\/a><\/p>\n<p>\ud83c\udfe0 Sosta a fine giro consigliata presso <a href=\"http:\/\/www.parcocollieuganei.com\/centri-visita-dettaglio.php?id=490\" target=\"_blank\" rel=\"noopener\">Casa Marina<\/a>, punto di ristoro e importante punto informativo.<\/p>\n<p>\ud83d\uddfa\ufe0f Mappa e altimetria dell&#8217;<a href=\"https:\/\/lavia.cc\/gpx\/categoria-tracce\/escursionismo\/\" target=\"_blank\" rel=\"noopener\">escursione<\/a>:<\/p>\n\r\n\t\t<div id=\"wpgpxmaps_4041_4705391\" class=\"wpgpxmaps\">\r\n\t\t\t<div id=\"map_4041_4705391_cont\" style=\"width:100%; height:450px;position:relative\" >\r\n\t\t\t\t<div id=\"map_4041_4705391\" style=\"width:100%; height:450px\"><\/div>\r\n\t\t\t\t<div id=\"wpgpxmaps_4041_4705391_osm_footer\" class=\"wpgpxmaps_osm_footer\" style=\"display:none;\"><span> &copy; <a href=\"http:\/\/www.openstreetmap.org\/copyright\" target=\"_blank\" rel=\"noopener\">OpenStreetMap<\/a> contributors<\/span><\/div>\r\n\t\t\t<\/div>\r\n\t\t\t<canvas id=\"myChart_4041_4705391\" class=\"plot\" style=\"width:100%; height:200px\"><\/canvas>\r\n\t\t\t<div id=\"ngimages_4041_4705391\" class=\"ngimages\" style=\"display:none\"><\/div>\r\n\t\t\t<div id=\"report_4041_4705391\" class=\"report\"><\/div>\r\n\t\t<\/div>\r\n\t\t\r\n\t\t<script type=\"text\/javascript\">\r\n\r\n\t\t\tjQuery(document).ready(function() {\r\n\r\n\t\t\t\tjQuery( \"#wpgpxmaps_4041_4705391\" ).wpgpxmaps( {\r\n\t\t\t\t\ttargetId           : \"4041_4705391\",\r\n\t\t\t\t\tmapType            : \"HYBRID\",\r\n\t\t\t\t\tmapData            : [[45.3109640,11.6973690],[45.3108340,11.6970360],[45.3106300,11.6967830],[45.3105850,11.6965970],[45.3106090,11.6964020],[45.3107100,11.6961420],[45.3107340,11.6960130],[45.3108410,11.6957360],[45.3107180,11.6959150],[45.3106700,11.6957820],[45.3105680,11.6956950],[45.3101840,11.6956300],[45.3100300,11.6955750],[45.3094180,11.6951080],[45.3092360,11.6948500],[45.3091490,11.6945240],[45.3091260,11.6940360],[45.3091690,11.6928680],[45.3091580,11.6922430],[45.3090870,11.6914490],[45.3089210,11.6909640],[45.3089660,11.6908370],[45.3089690,11.6906840],[45.3089640,11.6905300],[45.3089930,11.6901290],[45.3090450,11.6898750],[45.3092410,11.6892330],[45.3092490,11.6890870],[45.3092170,11.6888510],[45.3090730,11.6883800],[45.3089640,11.6877970],[45.3088830,11.6872470],[45.3088750,11.6868620],[45.3089090,11.6864750],[45.3089920,11.6855210],[45.3090570,11.6852680],[45.3091680,11.6849780],[45.3091930,11.6848020],[45.3092070,11.6842530],[45.3092860,11.6839970],[45.3093200,11.6837130],[45.3093170,11.6834130],[45.3092030,11.6826690],[45.3092500,11.6824070],[45.3093700,11.6822210],[45.3098170,11.6819250],[45.3099590,11.6817920],[45.3101770,11.6813810],[45.3103020,11.6809250],[45.3103690,11.6804030],[45.3103580,11.6801850],[45.3102540,11.6796500],[45.3101020,11.6791610],[45.3100770,11.6786630],[45.3100980,11.6785030],[45.3103030,11.6777680],[45.3104720,11.6770480],[45.3105430,11.6769070],[45.3106590,11.6767890],[45.3108630,11.6766130],[45.3109970,11.6764500],[45.3111770,11.6762190],[45.3113450,11.6758890],[45.3114770,11.6757780],[45.3115700,11.6757870],[45.3117780,11.6758900],[45.3119570,11.6759230],[45.3120970,11.6758820],[45.3123360,11.6756360],[45.3124840,11.6755430],[45.3126520,11.6755760],[45.3128130,11.6756560],[45.3130430,11.6758370],[45.3131550,11.6759660],[45.3133480,11.6762690],[45.3135410,11.6763780],[45.3136500,11.6764900],[45.3138150,11.6769240],[45.3141270,11.6775490],[45.3152160,11.6788690],[45.3155640,11.6791490],[45.3158200,11.6794370],[45.3159610,11.6795240],[45.3160770,11.6796260],[45.3161720,11.6801700],[45.3164580,11.6804110],[45.3164700,11.6807130],[45.3165440,11.6810140],[45.3167330,11.6812690],[45.3167940,11.6813810],[45.3168480,11.6815600],[45.3168640,11.6817000],[45.3168470,11.6818560],[45.3167280,11.6824110],[45.3166250,11.6826640],[45.3165670,11.6827730],[45.3164710,11.6828630],[45.3161570,11.6829220],[45.3160230,11.6831400],[45.3160910,11.6834710],[45.3161830,11.6836880],[45.3162450,11.6839440],[45.3161930,11.6844040],[45.3162080,11.6848190],[45.3161910,11.6850240],[45.3160360,11.6851260],[45.3159090,11.6851690],[45.3158980,11.6853720],[45.3160320,11.6858120],[45.3160380,11.6860100],[45.3159680,11.6862420],[45.3157170,11.6860180],[45.3154820,11.6855940],[45.3154020,11.6852470],[45.3154280,11.6850720],[45.3153640,11.6849300],[45.3153160,11.6845720],[45.3151070,11.6842050],[45.3147210,11.6833530],[45.3144500,11.6829080],[45.3143790,11.6827230],[45.3143090,11.6823800],[45.3142050,11.6820270],[45.3139270,11.6814640],[45.3138280,11.6813490],[45.3137800,11.6812090],[45.3137700,11.6809620],[45.3135400,11.6805790],[45.3133270,11.6803740],[45.3131220,11.6802020],[45.3128730,11.6800990],[45.3127960,11.6804440],[45.3127970,11.6808630],[45.3128520,11.6810330],[45.3128330,11.6812660],[45.3127870,11.6814870],[45.3126300,11.6819330],[45.3124710,11.6826130],[45.3124440,11.6832530],[45.3123610,11.6838000],[45.3123330,11.6842110],[45.3124410,11.6849550],[45.3125110,11.6851120],[45.3125430,11.6852470],[45.3125870,11.6858910],[45.3126630,11.6864720],[45.3126270,11.6867610],[45.3126450,11.6876600],[45.3126570,11.6878830],[45.3124790,11.6886580],[45.3124670,11.6891930],[45.3123310,11.6898330],[45.3122630,11.6905580],[45.3122690,11.6911620],[45.3123690,11.6915290],[45.3124800,11.6917320],[45.3125520,11.6919620],[45.3123330,11.6919420],[45.3124160,11.6920470],[45.3124920,11.6921780],[45.3124220,11.6922600],[45.3124930,11.6923840],[45.3126450,11.6926740],[45.3128040,11.6929110],[45.3129580,11.6930850],[45.3132640,11.6932820],[45.3133830,11.6934950],[45.3135540,11.6932310],[45.3136530,11.6932760],[45.3137130,11.6930950],[45.3136960,11.6928050],[45.3138950,11.6928690],[45.3140490,11.6930110],[45.3141150,11.6931430],[45.3141340,11.6932900],[45.3141260,11.6936390],[45.3142570,11.6934320],[45.3143180,11.6930070],[45.3142740,11.6926570],[45.3143650,11.6926400],[45.3139070,11.6916440],[45.3137240,11.6914230],[45.3134150,11.6912730],[45.3134550,11.6910760],[45.3132590,11.6908910],[45.3132590,11.6908910],[45.3134550,11.6910760],[45.3134150,11.6912730],[45.3137240,11.6914230],[45.3139070,11.6916440],[45.3143650,11.6925350],[45.3142740,11.6926570],[45.3143180,11.6930070],[45.3142570,11.6934320],[45.3141260,11.6936390],[45.3141630,11.6937610],[45.3144880,11.6939040],[45.3146730,11.6939050],[45.3148310,11.6938670],[45.3151290,11.6936470],[45.3153480,11.6936370],[45.3155390,11.6937190],[45.3156620,11.6938240],[45.3157840,11.6939670],[45.3159710,11.6944680],[45.3160550,11.6949110],[45.3159770,11.6952240],[45.3159250,11.6955600],[45.3159290,11.6957230],[45.3160140,11.6964150],[45.3161360,11.6966270],[45.3161800,11.6967520],[45.3162440,11.6965520],[45.3164530,11.6963400],[45.3167480,11.6961650],[45.3169240,11.6962600],[45.3173180,11.6962780],[45.3175390,11.6963360],[45.3173790,11.6966190],[45.3173180,11.6968430],[45.3173100,11.6972140],[45.3172670,11.6975120],[45.3170940,11.6978370],[45.3170480,11.6980070],[45.3168350,11.6984710],[45.3167270,11.6985860],[45.3166260,11.6986090],[45.3164370,11.6985710],[45.3162440,11.6986180],[45.3160350,11.6986110],[45.3158320,11.6985330],[45.3156390,11.6983210],[45.3154060,11.6982260],[45.3151590,11.6982800],[45.3149630,11.6981680],[45.3147770,11.6979510],[45.3147030,11.6977830],[45.3146300,11.6975360],[45.3145740,11.6973460],[45.3144210,11.6970730],[45.3142700,11.6968340],[45.3141650,11.6967390],[45.3139870,11.6966960],[45.3136040,11.6968430],[45.3133860,11.6966150],[45.3131150,11.6964430],[45.3130010,11.6964070],[45.3127220,11.6964160],[45.3124840,11.6963270],[45.3123170,11.6961910],[45.3122540,11.6960550],[45.3119710,11.6958450],[45.3119160,11.6957370],[45.3118740,11.6955610],[45.3119080,11.6950760],[45.3118690,11.6946660],[45.3118310,11.6944990],[45.3115480,11.6941120],[45.3113770,11.6940230],[45.3111970,11.6939520],[45.3111100,11.6938290],[45.3109730,11.6937450],[45.3108810,11.6937620],[45.3108620,11.6942140],[45.3110340,11.6947490],[45.3111380,11.6948240],[45.3112120,11.6950380],[45.3112010,11.6952160],[45.3107180,11.6959150],[45.3107100,11.6961420],[45.3106090,11.6964020],[45.3105850,11.6965970],[45.3106300,11.6967830],[45.3108000,11.6969640],[45.3109180,11.6973480],[45.3110290,11.6973990],[45.3113490,11.6973340]],\r\n\t\t\t\t\tgraphDist          : [0.00,0.03,0.06,0.08,0.09,0.12,0.13,0.15,0.17,0.19,0.20,0.24,0.26,0.34,0.37,0.39,0.43,0.52,0.57,0.63,0.68,0.69,0.70,0.71,0.74,0.76,0.82,0.83,0.85,0.89,0.94,0.98,1.01,1.04,1.12,1.14,1.16,1.18,1.22,1.24,1.26,1.29,1.35,1.37,1.39,1.44,1.46,1.50,1.54,1.58,1.60,1.64,1.68,1.72,1.74,1.80,1.86,1.87,1.89,1.91,1.93,1.96,1.99,2.01,2.02,2.04,2.06,2.08,2.11,2.13,2.15,2.17,2.20,2.22,2.25,2.27,2.29,2.32,2.38,2.54,2.59,2.62,2.64,2.66,2.70,2.74,2.76,2.79,2.82,2.83,2.84,2.85,2.87,2.91,2.94,2.95,2.96,2.99,3.02,3.05,3.07,3.09,3.12,3.16,3.17,3.19,3.21,3.23,3.26,3.28,3.30,3.33,3.37,3.40,3.42,3.43,3.46,3.50,3.58,3.62,3.64,3.67,3.70,3.75,3.77,3.78,3.80,3.84,3.87,3.89,3.92,3.95,3.98,4.00,4.01,4.03,4.07,4.13,4.18,4.22,4.25,4.31,4.33,4.34,4.39,4.44,4.46,4.53,4.55,4.61,4.65,4.70,4.76,4.81,4.84,4.86,4.88,4.91,4.92,4.94,4.95,4.96,4.99,5.02,5.04,5.07,5.10,5.13,5.14,5.15,5.18,5.20,5.22,5.23,5.25,5.27,5.29,5.33,5.36,5.37,5.46,5.49,5.53,5.54,5.57,5.59,5.61,5.63,5.67,5.69,5.78,5.80,5.83,5.86,5.88,5.89,5.93,5.95,5.97,6.01,6.03,6.05,6.07,6.09,6.13,6.17,6.19,6.22,6.23,6.29,6.31,6.32,6.34,6.37,6.40,6.43,6.47,6.50,6.52,6.54,6.57,6.60,6.63,6.64,6.69,6.70,6.72,6.74,6.76,6.78,6.81,6.83,6.86,6.89,6.91,6.94,6.96,6.98,6.99,7.02,7.05,7.06,7.08,7.12,7.15,7.19,7.20,7.23,7.26,7.28,7.29,7.33,7.34,7.35,7.39,7.42,7.44,7.48,7.50,7.52,7.54,7.55,7.56,7.60,7.65,7.66,7.68,7.69,7.77,7.79,7.81,7.83,7.84,7.87,7.90,7.91,7.95],\r\n\t\t\t\t\tgraphEle           : [307.94,307.94,307.94,307.94,307.94,308.77,309.29,310.67,311.65,312.24,312.90,315.06,315.95,318.81,319.47,320.09,320.96,323.18,324.58,326.37,327.58,327.90,328.24,328.90,330.66,331.81,334.85,335.48,336.53,338.76,341.01,342.99,344.36,345.74,348.49,348.58,348.70,348.76,348.96,349.06,349.16,349.27,349.19,349.13,349.08,348.92,348.87,348.74,348.36,347.95,347.79,347.36,346.95,346.99,347.10,347.64,348.16,348.28,348.42,349.39,350.66,352.41,354.48,355.58,356.29,357.88,359.18,360.21,362.63,364.21,365.88,367.54,370.11,371.51,374.32,376.34,377.66,379.66,381.26,384.22,384.05,383.91,383.84,383.78,383.61,388.25,391.32,394.55,398.30,399.74,401.71,403.15,404.75,411.15,415.49,417.52,419.94,426.63,431.08,436.20,439.97,443.99,450.80,456.77,459.74,463.23,465.89,468.92,475.81,478.65,482.28,487.51,493.69,497.87,499.92,501.85,506.02,511.42,515.18,516.33,516.75,517.45,518.20,516.47,515.70,515.04,513.99,511.84,510.30,508.86,507.70,507.56,507.40,507.33,507.23,507.14,506.95,507.28,509.04,510.57,511.70,513.76,514.03,514.23,515.14,515.98,516.39,515.85,514.27,508.50,504.72,499.99,493.65,488.26,484.75,482.46,480.21,476.92,476.67,476.95,477.18,477.44,478.03,478.56,479.02,479.80,480.24,482.34,484.26,486.69,490.21,493.77,496.93,498.90,500.71,504.94,508.31,513.23,516.81,518.12,530.29,533.72,537.19,536.89,536.41,536.05,535.56,535.27,534.60,534.10,530.11,529.04,527.44,525.49,524.23,523.63,521.30,519.85,518.59,515.96,514.25,512.68,511.56,510.32,506.40,501.47,497.89,494.19,492.44,484.88,481.93,480.25,477.70,473.46,468.18,464.99,458.48,454.77,450.47,446.79,441.18,436.58,430.43,427.67,419.30,416.40,414.21,410.71,407.74,404.57,401.38,397.69,394.01,390.18,386.96,384.23,383.31,382.11,381.19,379.63,378.19,377.40,376.24,373.72,372.28,370.77,370.18,368.76,367.51,366.53,365.95,364.32,363.68,362.78,360.42,358.41,357.56,354.83,353.56,352.27,350.89,348.65,347.25,342.38,336.15,334.40,331.82,329.93,324.83,324.83,324.83,324.83,324.83,324.83,324.83,324.83,324.83],\r\n\t\t\t\t\tgraphSpeed         : [],\r\n\t\t\t\t\tgraphHr            : [],\r\n\t\t\t\t\tgraphAtemp         : [],\r\n\t\t\t\t\tgraphCad           : [],\r\n\t\t\t\t\tgraphGrade         : [],\r\n\t\t\t\t\twaypoints          : [],\r\n\t\t\t\t\tunit               : \"2\",\r\n\t\t\t\t\tunitspeed          : \"0\",\r\n\t\t\t\t\tcolor1             : [\"#3366cc\"],\r\n\t\t\t\t\tcolor2             : \"#3366cc\",\r\n\t\t\t\t\tcolor3             : \"#ff0000\",\r\n\t\t\t\t\tcolor4             : \"#ff77bd\",\r\n\t\t\t\t\tcolor5             : \"#beecff\",\r\n\t\t\t\t\tcolor6             : \"#beecff\",\r\n\t\t\t\t\tcolor7             : \"#ff77bd\",\r\n\t\t\t\t\tchartFrom1         : \"\",\r\n\t\t\t\t\tchartTo1           : \"\",\r\n\t\t\t\t\tchartFrom2         : \"\",\r\n\t\t\t\t\tchartTo2           : \"\",\r\n\t\t\t\t\tstartIcon          : \"\",\r\n\t\t\t\t\tendIcon            : \"\",\r\n\t\t\t\t\tcurrentIcon        : \"\",\r\n\t\t\t\t\twaypointIcon       : \"https:\/\/lavia.cc\/gpx\/wp-content\/uploads\/gpx\/cropped-icona.ico\",\r\n\t\t\t\t\tcurrentpositioncon : \"\",\r\n\t\t\t\t\tusegpsposition     : \"\",\r\n\t\t\t\t\tzoomOnScrollWheel  : \"\",\r\n\t\t\t\t\tngGalleries        : [],\r\n\t\t\t\t\tngImages           : [],\r\n\t\t\t\t\tpluginUrl          : \"https:\/\/lavia.cc\/gpx\/wp-content\/plugins\",\r\n\t\t\t\t\tTFApiKey           : \"\",\r\n\t\t\t\t\tMapBoxApiKey           : \"\",\r\n\t\t\t\t\tlangs              : {\r\n\t\t\t\t\t\taltitude        : \"Altitudine\",\r\n\t\t\t\t\t\tcurrentPosition : \"Current position\",\r\n\t\t\t\t\t\tspeed           : \"Velocit\u00e0\",\r\n\t\t\t\t\t\tgrade           : \"Grade\",\r\n\t\t\t\t\t\theartRate       : \"Battito Cardiaco\",\r\n\t\t\t\t\t\tatemp           : \"Temperature\",\r\n\t\t\t\t\t\tcadence         : \"Cadenza\",\r\n\t\t\t\t\t\tgoFullScreen    : \"Go full screen\",\r\n\t\t\t\t\t\texitFullFcreen  : \"Exit full screen\",\r\n\t\t\t\t\t\thideImages      : \"Hide images\",\r\n\t\t\t\t\t\tshowImages      : \"Show images\",\r\n\t\t\t\t\t\tbackToCenter\t: \"Ritorna al centro della mappa\"\r\n\t\t\t\t\t}\r\n\t\t\t\t});\r\n\r\n\t\t\t});\r\n\r\n\t\t<\/script>\n<p>\ud83d\udfe2 Scarica la traccia e Segui\u00a0<a href=\"https:\/\/www.instagram.com\/lavia.cc\/\" target=\"_blank\" rel=\"noopener\">LAVIA<\/a>!<\/p>\n","protected":false},"excerpt":{"rendered":"<p>Il <strong>Monte Venda (601 m)<\/strong>, \u00e8 la cima pi\u00f9 alta dei Colli Euganei ed \u00e8 un monte che custodisce delle preziose presenze botaniche, culturali e storiche. Per scoprirlo proponiamo un\u2019escursione facile ed adatta a tutti. Il sentiero del Monte Venda assieme al vicino <strong>monastero degli Olivetani<\/strong>, rappresenta infatti una delle escursioni pi\u00f9 famose sui Colli Euganei e coniuga il piacere della camminata con storia e natura. Il punto di partenza di questa escursione \u00e8 Casa Marina, sede del Parco dei Colli Euganei, raggiungibile a piedi dopo aver parcheggiato nei pressi della chiesetta dedicata a San Giovanni Gualberto patrono dei forestali. L&#8217;itinerario sul Monte Venda ha diverse <strong>varianti<\/strong>, infatti a <strong>Casa Marina<\/strong> si trova una piantina che pu\u00f2 essere d&#8217;aiuto per pianificare l&#8217;escursione. L\u2019escursione, pianeggiante nel primo tratto, procede sulla destra lasciando la strada a favore di un <strong>ripido sentiero<\/strong> che porta a raggiungere i ruderi del monastero. Il monastero degli Olivetani sorge nella parte pi\u00f9 alta del Monte Venda dove \u00e8 ancora possibile osservare la chiesa, la cripta, il maestoso campanile e le pareti di quello che fu uno dei principali centri di fede e spiritualit\u00e0 dei Colli Eugani. Dalla terrazza si apre un bellissimo <strong>panorama verso Padova<\/strong>. Il percorso \u00e8 consigliato nel tardo <strong>autunno<\/strong>, al tempo delle castagne, quando il colle assume delle colorazioni veramente particolari. Ma anche un\u2019uscita invernale pu\u00f2 regalare vere emozioni.<\/p>\n<p>\ud83d\udcf7 Foto di <a href=\"https:\/\/www.instagram.com\/luca_uonciu\/\">@luca_uonciu<\/a><\/p>\n<p>\ud83d\udfe2 Scarica la traccia e Segui\u00a0<a href=\"https:\/\/www.instagram.com\/lavia.cc\/\" target=\"_blank\" rel=\"noopener\">LAVIA<\/a><\/p>\n","protected":false},"featured_media":4042,"comment_status":"open","ping_status":"closed","template":"","meta":[],"product_brand":[],"product_cat":[31],"product_tag":[354,47],"class_list":{"0":"post-4041","1":"product","2":"type-product","3":"status-publish","4":"has-post-thumbnail","6":"product_cat-escursionismo","7":"product_tag-padova","8":"product_tag-r-veneto","10":"first","11":"instock","12":"downloadable","13":"virtual","14":"product-type-simple"},"_links":{"self":[{"href":"https:\/\/lavia.cc\/gpx\/wp-json\/wp\/v2\/product\/4041","targetHints":{"allow":["GET"]}}],"collection":[{"href":"https:\/\/lavia.cc\/gpx\/wp-json\/wp\/v2\/product"}],"about":[{"href":"https:\/\/lavia.cc\/gpx\/wp-json\/wp\/v2\/types\/product"}],"replies":[{"embeddable":true,"href":"https:\/\/lavia.cc\/gpx\/wp-json\/wp\/v2\/comments?post=4041"}],"version-history":[{"count":5,"href":"https:\/\/lavia.cc\/gpx\/wp-json\/wp\/v2\/product\/4041\/revisions"}],"predecessor-version":[{"id":4047,"href":"https:\/\/lavia.cc\/gpx\/wp-json\/wp\/v2\/product\/4041\/revisions\/4047"}],"wp:featuredmedia":[{"embeddable":true,"href":"https:\/\/lavia.cc\/gpx\/wp-json\/wp\/v2\/media\/4042"}],"wp:attachment":[{"href":"https:\/\/lavia.cc\/gpx\/wp-json\/wp\/v2\/media?parent=4041"}],"wp:term":[{"taxonomy":"product_brand","embeddable":true,"href":"https:\/\/lavia.cc\/gpx\/wp-json\/wp\/v2\/product_brand?post=4041"},{"taxonomy":"product_cat","embeddable":true,"href":"https:\/\/lavia.cc\/gpx\/wp-json\/wp\/v2\/product_cat?post=4041"},{"taxonomy":"product_tag","embeddable":true,"href":"https:\/\/lavia.cc\/gpx\/wp-json\/wp\/v2\/product_tag?post=4041"}],"curies":[{"name":"wp","href":"https:\/\/api.w.org\/{rel}","templated":true}]}}