{"id":4811,"date":"2023-02-27T11:43:00","date_gmt":"2023-02-27T10:43:00","guid":{"rendered":"https:\/\/lavia.cc\/gpx\/?post_type=product&#038;p=4811"},"modified":"2024-07-29T20:58:55","modified_gmt":"2024-07-29T18:58:55","slug":"monte-due-mani-da-culmine-di-san-pietro","status":"publish","type":"product","link":"https:\/\/lavia.cc\/gpx\/tracce\/monte-due-mani-da-culmine-di-san-pietro\/","title":{"rendered":"Monte Due Mani da Culmine di San Pietro"},"content":{"rendered":"<h4>Monte Due Mani da Culmine di San Pietro<\/h4>\n<p>\u27a1\ufe0f Clicca qui per raggiungere il punto di partenza: <a href=\"https:\/\/www.google.it\/maps\/place\/Passo+Culmine+San+Pietro+(LC)\/@45.9027837,9.4926013,17z\/data=!4m12!1m5!3m4!2zNDXCsDU0JzEwLjAiTiA5wrAyOSc0MS4yIkU!8m2!3d45.90278!4d9.49479!3m5!1s0x47840412e99e5f31:0x66f911e358e5dc2d!8m2!3d45.9020566!4d9.4940151!16s%2Fg%2F11c1q9jc9r\" target=\"_blank\" rel=\"noopener\">GOOGLE MAPS<\/a><\/p>\n<p>\u27a1\ufe0f Punto d&#8217;appoggio \u00e8 il <a href=\"https:\/\/www.saliinvetta.com\/trekking\/italia\/lombardia\/bivacco-locatelli\" target=\"_blank\" rel=\"noopener\">Bivacco Locatelli, Milani, Scaioli<\/a>. La struttura, sempre aperta, \u00e8 un appoggio sicuro e affidabile con all\u2019interno delle piccole provviste e materiale vario.<\/p>\n<p>\ud83d\uddfa\ufe0f Mappa e altimetria dell&#8217;<a href=\"https:\/\/lavia.cc\/gpx\/categoria-tracce\/escursionismo\/\" target=\"_blank\" rel=\"noopener\">escursione<\/a>:<\/p>\n\r\n\t\t<div id=\"wpgpxmaps_4811_3569604\" class=\"wpgpxmaps\">\r\n\t\t\t<div id=\"map_4811_3569604_cont\" style=\"width:100%; height:450px;position:relative\" >\r\n\t\t\t\t<div id=\"map_4811_3569604\" style=\"width:100%; height:450px\"><\/div>\r\n\t\t\t\t<div id=\"wpgpxmaps_4811_3569604_osm_footer\" class=\"wpgpxmaps_osm_footer\" style=\"display:none;\"><span> &copy; <a href=\"http:\/\/www.openstreetmap.org\/copyright\" target=\"_blank\" rel=\"noopener\">OpenStreetMap<\/a> contributors<\/span><\/div>\r\n\t\t\t<\/div>\r\n\t\t\t<canvas id=\"myChart_4811_3569604\" class=\"plot\" style=\"width:100%; height:200px\"><\/canvas>\r\n\t\t\t<div id=\"ngimages_4811_3569604\" class=\"ngimages\" style=\"display:none\"><\/div>\r\n\t\t\t<div id=\"report_4811_3569604\" class=\"report\"><\/div>\r\n\t\t<\/div>\r\n\t\t\r\n\t\t<script type=\"text\/javascript\">\r\n\r\n\t\t\tjQuery(document).ready(function() {\r\n\r\n\t\t\t\tjQuery( \"#wpgpxmaps_4811_3569604\" ).wpgpxmaps( {\r\n\t\t\t\t\ttargetId           : \"4811_3569604\",\r\n\t\t\t\t\tmapType            : \"HYBRID\",\r\n\t\t\t\t\tmapData            : [[45.9027850,9.4947990],[45.9026400,9.4946850],[45.9025700,9.4943910],[45.9024940,9.4942220],[45.9023560,9.4940060],[45.9022210,9.4939170],[45.9024030,9.4934770],[45.9024380,9.4933160],[45.9024590,9.4929150],[45.9025090,9.4926240],[45.9025240,9.4921410],[45.9025010,9.4917250],[45.9024340,9.4914130],[45.9024650,9.4907120],[45.9023940,9.4898790],[45.9024330,9.4893770],[45.9024250,9.4888900],[45.9024690,9.4881500],[45.9025130,9.4879840],[45.9026070,9.4877860],[45.9027180,9.4876530],[45.9029860,9.4874730],[45.9030900,9.4870220],[45.9031650,9.4869250],[45.9036600,9.4867230],[45.9038580,9.4865770],[45.9045420,9.4859010],[45.9047810,9.4856210],[45.9048850,9.4853990],[45.9049940,9.4850820],[45.9050970,9.4849140],[45.9055270,9.4844820],[45.9056840,9.4841410],[45.9059090,9.4835880],[45.9060210,9.4833660],[45.9061830,9.4831500],[45.9061060,9.4828430],[45.9057400,9.4824650],[45.9056240,9.4822990],[45.9056560,9.4821120],[45.9058050,9.4820570],[45.9058640,9.4819430],[45.9058850,9.4817060],[45.9061770,9.4812630],[45.9063780,9.4807860],[45.9064000,9.4805260],[45.9063510,9.4804170],[45.9062470,9.4803360],[45.9060400,9.4802890],[45.9059420,9.4803060],[45.9056850,9.4801550],[45.9055010,9.4800020],[45.9051400,9.4797690],[45.9051280,9.4790920],[45.9052850,9.4787230],[45.9052990,9.4785760],[45.9051810,9.4780590],[45.9052330,9.4778020],[45.9052200,9.4775140],[45.9051040,9.4767110],[45.9050070,9.4765040],[45.9048510,9.4762850],[45.9047570,9.4762370],[45.9038320,9.4760900],[45.9036800,9.4760320],[45.9035010,9.4760570],[45.9033590,9.4760130],[45.9032410,9.4757830],[45.9030750,9.4753440],[45.9025520,9.4752600],[45.9024760,9.4751750],[45.9023040,9.4744990],[45.9023200,9.4741990],[45.9022770,9.4740580],[45.9020180,9.4738990],[45.9019790,9.4737570],[45.9017270,9.4724140],[45.9016590,9.4722520],[45.9015730,9.4721470],[45.9013740,9.4721420],[45.9011070,9.4722600],[45.9009330,9.4724540],[45.9008570,9.4725400],[45.9007110,9.4726290],[45.9005310,9.4726650],[45.9003360,9.4728080],[45.9005310,9.4726650],[45.9006360,9.4725760],[45.9011870,9.4717860],[45.9015550,9.4715520],[45.9018770,9.4715140],[45.9021540,9.4718050],[45.9021360,9.4719300],[45.9022550,9.4719750],[45.9024220,9.4719710],[45.9025760,9.4718760],[45.9025160,9.4717400],[45.9024960,9.4713100],[45.9023910,9.4711550],[45.9023810,9.4708740],[45.9022810,9.4700390],[45.9021900,9.4699010],[45.9019040,9.4698650],[45.9018550,9.4697570],[45.9018340,9.4695610],[45.9018090,9.4693990],[45.9016580,9.4690070],[45.9015660,9.4686540],[45.9015640,9.4684490],[45.9014800,9.4682660],[45.9013810,9.4682530],[45.9011900,9.4681670],[45.9010830,9.4680530],[45.9009660,9.4676840],[45.9009870,9.4675510],[45.9008380,9.4671690],[45.9006900,9.4668720],[45.9006550,9.4666190],[45.9008360,9.4662850],[45.9007470,9.4658390],[45.9009400,9.4654180],[45.9008680,9.4652350],[45.9009750,9.4651050],[45.9010460,9.4649750],[45.9011800,9.4649910],[45.9012650,9.4648000],[45.9013130,9.4645570],[45.9014040,9.4643290],[45.9014140,9.4641780],[45.9013320,9.4637830],[45.9011310,9.4634280],[45.9011460,9.4631990],[45.9010560,9.4624680],[45.9011070,9.4621510],[45.9011870,9.4620260],[45.9011550,9.4617810],[45.9012000,9.4616340],[45.9009930,9.4606510],[45.9010010,9.4604320],[45.9010200,9.4599900],[45.9010530,9.4596690],[45.9009920,9.4593130],[45.9010280,9.4588690],[45.9009740,9.4584800],[45.9009970,9.4581770],[45.9010890,9.4578200],[45.9010660,9.4575740],[45.9010080,9.4572060],[45.9009360,9.4569310],[45.9010080,9.4563230],[45.9011480,9.4561900],[45.9011850,9.4560600],[45.9012700,9.4559300],[45.9011720,9.4558550],[45.9010710,9.4558180],[45.9008710,9.4556190],[45.9005580,9.4556850],[45.9005300,9.4554860],[45.9005600,9.4554200],[45.9006100,9.4553030],[45.9006730,9.4551910],[45.9007390,9.4550950],[45.9007570,9.4549740],[45.9006830,9.4549020],[45.9005750,9.4548800],[45.9004770,9.4549010],[45.9003830,9.4549640],[45.9002920,9.4549180],[45.9002010,9.4549060],[45.9002100,9.4548930],[45.9002340,9.4547720],[45.9002850,9.4546630],[45.9003400,9.4545070],[45.9002230,9.4544670],[45.9003170,9.4542920],[45.9002100,9.4542120],[45.9002070,9.4540280],[45.9001850,9.4538930],[45.9001970,9.4538080],[45.9002020,9.4536130],[45.9002100,9.4534450],[45.9003050,9.4533620],[45.9002720,9.4532570],[45.9004100,9.4531430],[45.9003100,9.4530900],[45.9002800,9.4529880],[45.9003150,9.4528770],[45.9003350,9.4527280],[45.9002420,9.4526520],[45.9002820,9.4525470],[45.9002670,9.4524430],[45.9001850,9.4523070],[45.9000880,9.4521920],[45.8999520,9.4520870],[45.9000750,9.4520070],[45.9000580,9.4518820],[45.9000950,9.4517780],[45.9000980,9.4516300],[45.9002280,9.4515450],[45.9001220,9.4514250],[45.9000800,9.4512740],[45.8998660,9.4509520],[45.8996960,9.4508340],[45.8995440,9.4507710],[45.8994190,9.4508320],[45.8992370,9.4507630],[45.8991760,9.4506670],[45.8989550,9.4505180],[45.8986670,9.4501870],[45.8984130,9.4500580],[45.8983050,9.4498980],[45.8980790,9.4496990],[45.8976280,9.4493930],[45.8977140,9.4492680],[45.8977680,9.4491430],[45.8978700,9.4490760],[45.8979350,9.4490720],[45.8980480,9.4489710],[45.8981370,9.4489040],[45.8983240,9.4488970],[45.8984220,9.4489220],[45.8986470,9.4490630],[45.8987770,9.4492000],[45.8991350,9.4493860],[45.8993610,9.4496770],[45.8994750,9.4496900],[45.8997330,9.4498590],[45.8998580,9.4498100],[45.9000310,9.4498170],[45.9001730,9.4498290],[45.9001460,9.4500070],[45.9002310,9.4500670],[45.9001990,9.4502310],[45.9003050,9.4503080],[45.9002470,9.4504840],[45.9001820,9.4506380],[45.9002920,9.4508010],[45.9003060,9.4509350],[45.9002220,9.4510460],[45.9002160,9.4511540],[45.9000800,9.4512740],[45.9001220,9.4514250],[45.9002280,9.4515450],[45.9000980,9.4516300],[45.9001070,9.4517570],[45.9000980,9.4518470],[45.9000980,9.4519400],[45.8999980,9.4520300],[45.9000880,9.4521920],[45.9001980,9.4522230],[45.9002430,9.4523650],[45.9002670,9.4524980],[45.9003030,9.4525970],[45.9003350,9.4527280],[45.9003150,9.4528770],[45.9002800,9.4529880],[45.9003100,9.4530900],[45.9004100,9.4531430],[45.9002720,9.4532570],[45.9003050,9.4533620],[45.9002100,9.4534450],[45.9002020,9.4536130],[45.9001820,9.4537700],[45.9001850,9.4538930],[45.9002400,9.4540180],[45.9002430,9.4541100],[45.9003170,9.4542920],[45.9002230,9.4544670],[45.9003400,9.4545070],[45.9002870,9.4546120],[45.9001920,9.4548030],[45.9002800,9.4549930],[45.9004980,9.4549350],[45.9005770,9.4549880],[45.9007020,9.4550620],[45.9006980,9.4552680],[45.9007950,9.4553230],[45.9008680,9.4553620],[45.9009750,9.4555020],[45.9009900,9.4556700],[45.9010280,9.4558000],[45.9011670,9.4557800],[45.9012700,9.4559300],[45.9011850,9.4560600],[45.9011480,9.4561900],[45.9010080,9.4563230],[45.9009120,9.4568320],[45.9010080,9.4572060],[45.9010660,9.4575740],[45.9010890,9.4578200],[45.9010370,9.4580930],[45.9009740,9.4584800],[45.9010280,9.4588690],[45.9009920,9.4593130],[45.9010350,9.4595680],[45.9010200,9.4599900],[45.9010360,9.4603180],[45.9009970,9.4605500],[45.9010350,9.4606690],[45.9010100,9.4607970],[45.9009670,9.4609530],[45.9009270,9.4611270],[45.9009030,9.4612760],[45.9008660,9.4613950],[45.9008320,9.4615350],[45.9008210,9.4616650],[45.9007800,9.4618150],[45.9007060,9.4619410],[45.9006730,9.4620680],[45.9006390,9.4621820],[45.9006170,9.4623220],[45.9006130,9.4625080],[45.9005780,9.4626340],[45.9005280,9.4627760],[45.9004730,9.4628950],[45.9004200,9.4630370],[45.9004030,9.4632140],[45.9003960,9.4633770],[45.9003860,9.4635130],[45.9003780,9.4636320],[45.9003790,9.4638000],[45.9003990,9.4639600],[45.9004500,9.4640940],[45.9005060,9.4642080],[45.9005500,9.4643470],[45.9005730,9.4645140],[45.9006190,9.4646450],[45.9006850,9.4647740],[45.9007820,9.4648440],[45.9008750,9.4648830],[45.9009680,9.4648840],[45.9010580,9.4649410],[45.9010110,9.4650710],[45.9009280,9.4651640],[45.9009590,9.4653130],[45.9009510,9.4654500],[45.9008890,9.4655310],[45.9007470,9.4658390],[45.9008360,9.4662850],[45.9006550,9.4666190],[45.9006900,9.4668720],[45.9008380,9.4671690],[45.9009870,9.4675510],[45.9009660,9.4676840],[45.9010320,9.4679540],[45.9011900,9.4681670],[45.9013810,9.4682530],[45.9014800,9.4682660],[45.9015640,9.4684490],[45.9015660,9.4686540],[45.9016580,9.4690070],[45.9017770,9.4693720],[45.9018340,9.4695610],[45.9018970,9.4696920],[45.9018640,9.4698200],[45.9021900,9.4699010],[45.9022810,9.4700390],[45.9023340,9.4707690],[45.9023460,9.4710800],[45.9024180,9.4712760],[45.9025160,9.4717400],[45.9025760,9.4718760],[45.9024220,9.4719710],[45.9022550,9.4719750],[45.9021360,9.4719300],[45.9021540,9.4718050],[45.9018770,9.4715140],[45.9015550,9.4715520],[45.9011870,9.4717860],[45.9006360,9.4725760],[45.9005370,9.4726310],[45.9007110,9.4726290],[45.9008570,9.4725400],[45.9009330,9.4724540],[45.9011070,9.4722600],[45.9013740,9.4721420],[45.9015730,9.4721470],[45.9016590,9.4722520],[45.9017270,9.4724140],[45.9019790,9.4737570],[45.9020180,9.4738990],[45.9022770,9.4740580],[45.9023200,9.4741990],[45.9023040,9.4744990],[45.9024760,9.4751750],[45.9025520,9.4752600],[45.9030750,9.4753440],[45.9032410,9.4757830],[45.9033590,9.4760130],[45.9035010,9.4760570],[45.9036800,9.4760320],[45.9038320,9.4760900],[45.9047570,9.4762370],[45.9048510,9.4762850],[45.9050070,9.4765040],[45.9051040,9.4767110],[45.9052200,9.4775140],[45.9052330,9.4778020],[45.9051810,9.4780590],[45.9052990,9.4785760],[45.9052850,9.4787230],[45.9051280,9.4790920],[45.9051220,9.4796690],[45.9055010,9.4800020],[45.9056850,9.4801550],[45.9059420,9.4803060],[45.9060400,9.4802890],[45.9062470,9.4803360],[45.9063510,9.4804170],[45.9064000,9.4805260],[45.9063780,9.4807860],[45.9061770,9.4812630],[45.9059220,9.4816090],[45.9058640,9.4819430],[45.9058050,9.4820570],[45.9056560,9.4821120],[45.9056240,9.4822990],[45.9057400,9.4824650],[45.9061060,9.4828430],[45.9061800,9.4830400],[45.9060210,9.4833660],[45.9059090,9.4835880],[45.9056840,9.4841410],[45.9055270,9.4844820],[45.9050970,9.4849140],[45.9049940,9.4850820],[45.9048850,9.4853990],[45.9047810,9.4856210],[45.9045420,9.4859010],[45.9038580,9.4865770],[45.9036600,9.4867230],[45.9031910,9.4868910],[45.9030900,9.4870220],[45.9030430,9.4873890],[45.9027180,9.4876530],[45.9026070,9.4877860],[45.9025130,9.4879840],[45.9024690,9.4881500],[45.9024250,9.4888900],[45.9024330,9.4893770],[45.9023940,9.4898790],[45.9024650,9.4907120],[45.9024340,9.4914130],[45.9025010,9.4917250],[45.9025240,9.4921410],[45.9025090,9.4926240],[45.9024590,9.4929150],[45.9024580,9.4932120],[45.9024030,9.4934770],[45.9022210,9.4939170],[45.9023560,9.4940060],[45.9024940,9.4942220],[45.9025700,9.4943910],[45.9026010,9.4946230],[45.9027460,9.4947440]],\r\n\t\t\t\t\tgraphDist          : [0.00,0.02,0.04,0.06,0.08,0.10,0.14,0.15,0.18,0.21,0.24,0.28,0.30,0.36,0.42,0.46,0.50,0.55,0.57,0.59,0.60,0.64,0.67,0.68,0.74,0.77,0.86,0.89,0.91,0.94,0.96,1.02,1.05,1.10,1.12,1.14,1.17,1.22,1.24,1.26,1.27,1.28,1.30,1.35,1.39,1.41,1.42,1.44,1.46,1.47,1.50,1.53,1.57,1.62,1.66,1.67,1.71,1.73,1.75,1.82,1.83,1.86,1.87,1.97,1.99,2.01,2.03,2.05,2.09,2.15,2.16,2.21,2.24,2.25,2.28,2.29,2.40,2.42,2.43,2.45,2.48,2.51,2.52,2.54,2.56,2.58,2.60,2.62,2.71,2.75,2.79,2.83,2.84,2.85,2.87,2.89,2.90,2.94,2.95,2.98,3.05,3.06,3.09,3.10,3.12,3.14,3.17,3.20,3.22,3.23,3.24,3.27,3.28,3.31,3.32,3.36,3.39,3.41,3.44,3.48,3.52,3.53,3.55,3.56,3.58,3.59,3.61,3.63,3.65,3.68,3.72,3.73,3.79,3.82,3.83,3.85,3.86,3.94,3.96,3.99,4.02,4.05,4.08,4.11,4.14,4.17,4.18,4.21,4.24,4.29,4.31,4.32,4.33,4.34,4.36,4.39,4.43,4.45,4.46,4.47,4.48,4.49,4.50,4.51,4.52,4.54,4.55,4.56,4.57,4.58,4.59,4.60,4.62,4.63,4.65,4.67,4.68,4.70,4.71,4.73,4.74,4.76,4.77,4.79,4.80,4.81,4.82,4.84,4.85,4.86,4.87,4.89,4.91,4.93,4.94,4.96,4.97,4.99,5.00,5.02,5.03,5.07,5.09,5.11,5.13,5.15,5.16,5.19,5.23,5.26,5.28,5.31,5.37,5.38,5.39,5.40,5.42,5.43,5.44,5.47,5.48,5.51,5.52,5.57,5.60,5.61,5.64,5.66,5.68,5.70,5.71,5.72,5.73,5.75,5.76,5.78,5.80,5.81,5.83,5.84,5.86,5.87,5.89,5.91,5.92,5.93,5.94,5.96,5.99,6.00,6.01,6.03,6.04,6.06,6.07,6.09,6.10,6.11,6.13,6.14,6.15,6.17,6.18,6.20,6.21,6.22,6.25,6.26,6.28,6.29,6.31,6.33,6.35,6.36,6.38,6.40,6.41,6.42,6.44,6.45,6.47,6.48,6.50,6.52,6.53,6.55,6.59,6.62,6.65,6.67,6.69,6.72,6.75,6.79,6.81,6.84,6.87,6.89,6.90,6.91,6.92,6.94,6.95,6.96,6.97,6.98,6.99,7.01,7.02,7.03,7.04,7.05,7.06,7.08,7.09,7.10,7.11,7.13,7.14,7.15,7.16,7.17,7.19,7.20,7.21,7.22,7.24,7.25,7.26,7.27,7.28,7.29,7.31,7.32,7.33,7.34,7.35,7.38,7.42,7.45,7.47,7.50,7.54,7.55,7.57,7.59,7.62,7.63,7.64,7.66,7.69,7.72,7.74,7.75,7.76,7.80,7.81,7.87,7.90,7.92,7.96,7.97,7.99,8.01,8.02,8.03,8.07,8.11,8.15,8.24,8.25,8.28,8.29,8.30,8.33,8.36,8.38,8.40,8.41,8.52,8.53,8.56,8.57,8.60,8.65,8.66,8.72,8.76,8.78,8.80,8.82,8.84,8.94,8.95,8.98,9.00,9.06,9.08,9.10,9.14,9.16,9.19,9.23,9.29,9.31,9.34,9.35,9.37,9.39,9.40,9.42,9.46,9.50,9.53,9.54,9.56,9.57,9.59,9.64,9.66,9.69,9.71,9.76,9.79,9.85,9.87,9.90,9.92,9.95,10.04,10.07,10.12,10.14,10.17,10.21,10.22,10.24,10.26,10.31,10.35,10.39,10.46,10.51,10.54,10.57,10.61,10.63,10.65,10.67,10.71,10.73,10.75,10.77,10.79,10.80],\r\n\t\t\t\t\tgraphEle           : [1254.86,1254.86,1254.86,1254.86,1254.86,1254.86,1252.88,1252.20,1250.56,1249.34,1247.39,1245.70,1244.37,1241.20,1237.40,1235.12,1232.91,1233.04,1233.13,1233.24,1233.34,1233.54,1233.78,1233.85,1234.35,1234.59,1235.49,1235.82,1234.95,1233.13,1231.97,1228.08,1225.97,1222.66,1222.99,1223.56,1224.16,1225.31,1225.73,1226.11,1226.50,1226.76,1227.23,1230.15,1232.80,1234.04,1234.66,1235.47,1236.90,1237.57,1239.46,1240.30,1241.86,1243.74,1244.93,1245.33,1246.88,1247.73,1248.66,1251.28,1252.08,1253.08,1253.54,1253.52,1253.20,1252.84,1252.55,1252.15,1251.46,1254.44,1255.20,1259.16,1260.81,1261.66,1263.88,1264.72,1281.03,1283.36,1285.37,1288.90,1293.86,1297.65,1298.84,1300.79,1303.02,1305.72,1308.41,1310.02,1319.65,1327.62,1334.01,1340.80,1342.56,1344.99,1348.30,1351.61,1353.83,1359.07,1361.94,1365.59,1375.66,1377.89,1382.73,1384.34,1384.75,1384.06,1382.17,1380.60,1379.75,1378.84,1378.25,1377.05,1376.26,1374.36,1372.78,1367.73,1363.52,1360.54,1355.66,1350.30,1344.58,1342.77,1340.92,1339.50,1337.84,1335.88,1333.71,1331.44,1330.14,1326.39,1322.52,1321.56,1318.47,1317.12,1316.41,1315.38,1314.71,1312.77,1313.39,1314.65,1315.56,1316.58,1317.83,1318.94,1322.38,1327.22,1330.35,1335.10,1338.81,1346.77,1349.81,1351.58,1354.59,1357.29,1360.99,1366.98,1374.88,1379.00,1381.60,1383.93,1386.37,1388.67,1391.04,1393.37,1396.16,1399.19,1402.36,1405.29,1407.98,1410.79,1413.65,1416.36,1420.40,1423.94,1428.46,1432.01,1436.29,1440.88,1443.94,1448.10,1451.74,1454.81,1457.72,1462.10,1465.04,1467.79,1470.75,1474.57,1477.51,1480.62,1483.34,1487.37,1492.11,1496.36,1500.61,1504.55,1507.61,1512.54,1517.15,1521.51,1525.16,1535.16,1541.26,1547.61,1551.87,1557.47,1559.71,1565.76,1574.90,1581.57,1585.42,1591.98,1601.80,1602.86,1603.74,1604.76,1605.94,1607.08,1607.95,1609.56,1610.50,1612.62,1614.00,1612.64,1606.24,1603.83,1597.84,1595.11,1591.46,1588.34,1585.66,1583.66,1581.16,1578.66,1573.67,1568.07,1561.51,1556.47,1551.73,1546.47,1539.44,1534.75,1529.15,1523.22,1519.53,1514.88,1510.58,1504.61,1498.13,1494.97,1491.28,1488.07,1485.22,1480.16,1476.25,1473.22,1470.41,1467.40,1462.91,1459.93,1456.79,1453.07,1449.82,1445.86,1442.27,1439.29,1433.44,1428.92,1425.38,1422.70,1417.77,1412.33,1405.81,1403.24,1398.79,1394.09,1390.78,1387.20,1382.61,1378.87,1375.63,1371.05,1365.86,1361.93,1358.82,1353.50,1342.20,1337.46,1332.98,1330.03,1326.66,1321.83,1317.12,1311.89,1311.96,1312.07,1312.16,1312.23,1312.27,1312.31,1312.35,1312.40,1312.45,1312.48,1312.52,1312.56,1313.10,1314.14,1314.99,1315.86,1316.76,1317.93,1318.78,1319.78,1320.68,1321.70,1322.82,1323.85,1324.70,1325.53,1326.59,1327.63,1328.62,1329.83,1331.23,1332.78,1334.21,1335.75,1337.17,1338.46,1339.68,1341.08,1342.64,1344.01,1345.49,1346.92,1348.20,1351.56,1356.36,1360.84,1363.58,1367.45,1372.09,1373.54,1376.57,1379.73,1379.96,1380.07,1380.25,1380.42,1380.72,1381.04,1381.22,1381.35,1381.47,1380.64,1378.06,1368.12,1363.55,1360.48,1353.06,1350.87,1347.61,1344.50,1342.25,1340.63,1334.36,1328.45,1321.09,1307.63,1305.90,1302.54,1299.96,1298.39,1294.80,1290.25,1287.01,1285.17,1283.00,1266.92,1265.16,1260.48,1258.70,1255.22,1254.44,1254.38,1254.07,1253.86,1253.75,1253.66,1253.54,1253.43,1252.80,1252.73,1252.59,1252.47,1249.52,1248.39,1247.35,1245.22,1244.64,1242.94,1241.13,1239.23,1238.36,1237.23,1236.82,1235.97,1235.49,1235.12,1233.92,1231.15,1228.65,1226.91,1226.21,1225.11,1224.06,1222.90,1223.37,1223.92,1224.98,1225.66,1227.24,1228.25,1230.73,1231.50,1232.72,1233.64,1235.16,1236.15,1235.39,1233.76,1233.29,1232.41,1231.50,1231.98,1232.53,1232.94,1234.66,1235.79,1236.96,1240.58,1243.90,1245.45,1247.42,1249.53,1249.53,1249.53,1249.53,1249.53,1249.53,1249.53,1249.53,1249.53,1249.53],\r\n\t\t\t\t\tgraphSpeed         : [],\r\n\t\t\t\t\tgraphHr            : [],\r\n\t\t\t\t\tgraphAtemp         : [],\r\n\t\t\t\t\tgraphCad           : [],\r\n\t\t\t\t\tgraphGrade         : [],\r\n\t\t\t\t\twaypoints          : [],\r\n\t\t\t\t\tunit               : \"2\",\r\n\t\t\t\t\tunitspeed          : \"0\",\r\n\t\t\t\t\tcolor1             : [\"#3366cc\"],\r\n\t\t\t\t\tcolor2             : \"#3366cc\",\r\n\t\t\t\t\tcolor3             : \"#ff0000\",\r\n\t\t\t\t\tcolor4             : \"#ff77bd\",\r\n\t\t\t\t\tcolor5             : \"#beecff\",\r\n\t\t\t\t\tcolor6             : \"#beecff\",\r\n\t\t\t\t\tcolor7             : \"#ff77bd\",\r\n\t\t\t\t\tchartFrom1         : \"\",\r\n\t\t\t\t\tchartTo1           : \"\",\r\n\t\t\t\t\tchartFrom2         : \"\",\r\n\t\t\t\t\tchartTo2           : \"\",\r\n\t\t\t\t\tstartIcon          : \"\",\r\n\t\t\t\t\tendIcon            : \"\",\r\n\t\t\t\t\tcurrentIcon        : \"\",\r\n\t\t\t\t\twaypointIcon       : \"https:\/\/lavia.cc\/gpx\/wp-content\/uploads\/gpx\/cropped-icona.ico\",\r\n\t\t\t\t\tcurrentpositioncon : \"\",\r\n\t\t\t\t\tusegpsposition     : \"\",\r\n\t\t\t\t\tzoomOnScrollWheel  : \"\",\r\n\t\t\t\t\tngGalleries        : [],\r\n\t\t\t\t\tngImages           : [],\r\n\t\t\t\t\tpluginUrl          : \"https:\/\/lavia.cc\/gpx\/wp-content\/plugins\",\r\n\t\t\t\t\tTFApiKey           : \"\",\r\n\t\t\t\t\tMapBoxApiKey           : \"\",\r\n\t\t\t\t\tlangs              : {\r\n\t\t\t\t\t\taltitude        : \"Altitudine\",\r\n\t\t\t\t\t\tcurrentPosition : \"Current position\",\r\n\t\t\t\t\t\tspeed           : \"Velocit\u00e0\",\r\n\t\t\t\t\t\tgrade           : \"Grade\",\r\n\t\t\t\t\t\theartRate       : \"Battito Cardiaco\",\r\n\t\t\t\t\t\tatemp           : \"Temperature\",\r\n\t\t\t\t\t\tcadence         : \"Cadenza\",\r\n\t\t\t\t\t\tgoFullScreen    : \"Go full screen\",\r\n\t\t\t\t\t\texitFullFcreen  : \"Exit full screen\",\r\n\t\t\t\t\t\thideImages      : \"Hide images\",\r\n\t\t\t\t\t\tshowImages      : \"Show images\",\r\n\t\t\t\t\t\tbackToCenter\t: \"Ritorna al centro della mappa\"\r\n\t\t\t\t\t}\r\n\t\t\t\t});\r\n\r\n\t\t\t});\r\n\r\n\t\t<\/script>\n<p>\ud83d\udfe2 Scarica la traccia e Segui\u00a0<a href=\"https:\/\/www.instagram.com\/lavia.cc\/\" target=\"_blank\" rel=\"noopener\">LAVIA<\/a>!<\/p>\n","protected":false},"excerpt":{"rendered":"<p>Il <strong>Monte due Mani<\/strong> si trova in Lombardia e pi\u00f9 precisamente in Valsassina, sulla sinistra orografica del Lago di Como, poco pi\u00f9 a nord della citt\u00e0 di Lecco ed \u00e8 infatti incastonato tra il Gruppo delle Grigne e il Resegone. \u00c8 formato da quattro punte, di cui le principali sono lo Zucco di Desio (1658 m) e appunto il Monte due Mani (<strong>1666 m<\/strong>), collegate da una breve e panoramica cresta. Per raggiungere la sua vetta sono possibili diversi itinerari tra cui anche una via ferrata. Noi consigliamo di percorre il sentiero che parte dal <strong>Culmine San Pietro<\/strong>, nel comune di Cassina Valsassina a 1258 m, in provincia di Lecco. Questa escursione al Monte due Mani \u00e8 adatta a <strong>tutti gli escursionisti<\/strong>, di qualsiasi livello anche se non \u00e8 da consigliare in presenza di neve ai camminatori non esperti. Il dislivello positivo \u00e8 di circa 650 metri per una distanza complessiva di 10,9 chilometri. Non sono presenti infatti particolari difficolt\u00e0, se non un minimo di attenzione nel tratto finale, in cui si concentra la maggior parte del dislivello. Dalla cima si apre un panorama mozzafiato sulle Grigne, la Valsassina, il Resegone, Lecco, la Brianza e parte dei laghi Briantei. Oltre alla vista, accanto alla croce di vetta, \u00e8 presente il<strong> Bivacco Locatelli, Milani, Scaioli<\/strong> . La struttura, sempre aperta, \u00e8 un appoggio sicuro e affidabile con all\u2019interno delle piccole provviste e materiale vario. Altra bellissima escursione da aggiungere alla vostra lista, salvatela!<\/p>\n<p>\ud83d\udcf7 Foto di <a href=\"https:\/\/www.instagram.com\/jaclissoni\/\">@jaclissoni<\/a><\/p>\n<p>\ud83d\udfe2\u00a0Segui<strong>\u00a0LAVIA<\/strong>, arriva alla\u00a0<strong>META<\/strong>!<\/p>\n","protected":false},"featured_media":4812,"comment_status":"open","ping_status":"closed","template":"","meta":[],"product_brand":[],"product_cat":[31],"product_tag":[490,73],"class_list":{"0":"post-4811","1":"product","2":"type-product","3":"status-publish","4":"has-post-thumbnail","6":"product_cat-escursionismo","7":"product_tag-lecco","8":"product_tag-lombardia","10":"first","11":"instock","12":"downloadable","13":"virtual","14":"product-type-simple"},"_links":{"self":[{"href":"https:\/\/lavia.cc\/gpx\/wp-json\/wp\/v2\/product\/4811","targetHints":{"allow":["GET"]}}],"collection":[{"href":"https:\/\/lavia.cc\/gpx\/wp-json\/wp\/v2\/product"}],"about":[{"href":"https:\/\/lavia.cc\/gpx\/wp-json\/wp\/v2\/types\/product"}],"replies":[{"embeddable":true,"href":"https:\/\/lavia.cc\/gpx\/wp-json\/wp\/v2\/comments?post=4811"}],"version-history":[{"count":2,"href":"https:\/\/lavia.cc\/gpx\/wp-json\/wp\/v2\/product\/4811\/revisions"}],"predecessor-version":[{"id":4814,"href":"https:\/\/lavia.cc\/gpx\/wp-json\/wp\/v2\/product\/4811\/revisions\/4814"}],"wp:featuredmedia":[{"embeddable":true,"href":"https:\/\/lavia.cc\/gpx\/wp-json\/wp\/v2\/media\/4812"}],"wp:attachment":[{"href":"https:\/\/lavia.cc\/gpx\/wp-json\/wp\/v2\/media?parent=4811"}],"wp:term":[{"taxonomy":"product_brand","embeddable":true,"href":"https:\/\/lavia.cc\/gpx\/wp-json\/wp\/v2\/product_brand?post=4811"},{"taxonomy":"product_cat","embeddable":true,"href":"https:\/\/lavia.cc\/gpx\/wp-json\/wp\/v2\/product_cat?post=4811"},{"taxonomy":"product_tag","embeddable":true,"href":"https:\/\/lavia.cc\/gpx\/wp-json\/wp\/v2\/product_tag?post=4811"}],"curies":[{"name":"wp","href":"https:\/\/api.w.org\/{rel}","templated":true}]}}