{"id":5269,"date":"2023-03-21T10:55:52","date_gmt":"2023-03-21T09:55:52","guid":{"rendered":"https:\/\/lavia.cc\/gpx\/?post_type=product&#038;p=5269"},"modified":"2024-07-29T20:59:30","modified_gmt":"2024-07-29T18:59:30","slug":"porta-di-prada-e-rifugio-bietti-buzzi-dal-cainallo","status":"publish","type":"product","link":"https:\/\/lavia.cc\/gpx\/tracce\/porta-di-prada-e-rifugio-bietti-buzzi-dal-cainallo\/","title":{"rendered":"Porta di Prada e Rifugio Bietti-Buzzi dal Cainallo"},"content":{"rendered":"<h4>Porta di Prada e Rifugio Bietti-Buzzi dal Cainallo<\/h4>\n<p>\u27a1\ufe0f Clicca qui per raggiungere il punto di partenza: <a href=\"https:\/\/www.google.com\/maps\/place\/Parcheggio+per+Via+della+Ganda\/@45.9801591,9.3626891,17z\/data=!3m1!4b1!4m6!3m5!1s0x478410a869751681:0xc0f1069e6ab33a23!8m2!3d45.9801591!4d9.3626891!16s%2Fg%2F11c5sqd73_\" target=\"_blank\" rel=\"noopener\">GOOGLE MAPS<\/a><\/p>\n<p>\u27a1\ufe0f Nel cuore della Grigna Settentrionale, nella conca del releccio si trova il <a href=\"https:\/\/www.rifugiobiettibuzzi.it\/it\/home\/\" target=\"_blank\" rel=\"noopener\">Rifugio Bietti Buzzi<\/a> di propriet\u00e0 del <strong>Cai Grigne<\/strong> di Mandello del Lario che \u00e8 un punto di partenza per salite di vario livello, sia estive che alpinistico invernali, che portano in vetta al Grignone.<\/p>\n<p>\ud83d\uddfa\ufe0f Mappa e altimetria dell&#8217;<a href=\"https:\/\/lavia.cc\/gpx\/categoria-tracce\/escursionismo\/\" target=\"_blank\" rel=\"noopener\">escursione<\/a>:<\/p>\n\r\n\t\t<div id=\"wpgpxmaps_5269_1613915\" class=\"wpgpxmaps\">\r\n\t\t\t<div id=\"map_5269_1613915_cont\" style=\"width:100%; height:450px;position:relative\" >\r\n\t\t\t\t<div id=\"map_5269_1613915\" style=\"width:100%; height:450px\"><\/div>\r\n\t\t\t\t<div id=\"wpgpxmaps_5269_1613915_osm_footer\" class=\"wpgpxmaps_osm_footer\" style=\"display:none;\"><span> &copy; <a href=\"http:\/\/www.openstreetmap.org\/copyright\" target=\"_blank\" rel=\"noopener\">OpenStreetMap<\/a> contributors<\/span><\/div>\r\n\t\t\t<\/div>\r\n\t\t\t<canvas id=\"myChart_5269_1613915\" class=\"plot\" style=\"width:100%; height:200px\"><\/canvas>\r\n\t\t\t<div id=\"ngimages_5269_1613915\" class=\"ngimages\" style=\"display:none\"><\/div>\r\n\t\t\t<div id=\"report_5269_1613915\" class=\"report\"><\/div>\r\n\t\t<\/div>\r\n\t\t\r\n\t\t<script type=\"text\/javascript\">\r\n\r\n\t\t\tjQuery(document).ready(function() {\r\n\r\n\t\t\t\tjQuery( \"#wpgpxmaps_5269_1613915\" ).wpgpxmaps( {\r\n\t\t\t\t\ttargetId           : \"5269_1613915\",\r\n\t\t\t\t\tmapType            : \"HYBRID\",\r\n\t\t\t\t\tmapData            : [[45.9798360,9.3631290],[45.9797110,9.3632770],[45.9795570,9.3632740],[45.9795260,9.3631340],[45.9795140,9.3626510],[45.9794770,9.3622370],[45.9793420,9.3623030],[45.9791380,9.3624420],[45.9790420,9.3624450],[45.9788920,9.3623170],[45.9786330,9.3614820],[45.9785350,9.3614830],[45.9783320,9.3614130],[45.9780570,9.3614700],[45.9778750,9.3613050],[45.9774480,9.3611070],[45.9772090,9.3608800],[45.9770890,9.3608070],[45.9769200,9.3607720],[45.9767220,9.3606590],[45.9766060,9.3607120],[45.9764580,9.3608370],[45.9763560,9.3608240],[45.9762340,9.3606890],[45.9760090,9.3606910],[45.9758070,9.3605160],[45.9755130,9.3604600],[45.9753770,9.3603870],[45.9751870,9.3601420],[45.9750780,9.3600880],[45.9747920,9.3601420],[45.9745760,9.3599460],[45.9743580,9.3599050],[45.9742230,9.3599500],[45.9741820,9.3601130],[45.9739990,9.3600680],[45.9738200,9.3600950],[45.9736350,9.3602070],[45.9734300,9.3602510],[45.9731800,9.3601750],[45.9730870,9.3601860],[45.9729850,9.3603550],[45.9728430,9.3603760],[45.9724970,9.3604300],[45.9724280,9.3605340],[45.9721890,9.3611370],[45.9720980,9.3612600],[45.9718640,9.3618200],[45.9715860,9.3620480],[45.9715320,9.3621510],[45.9714980,9.3623570],[45.9714330,9.3624950],[45.9712880,9.3625850],[45.9712020,9.3627590],[45.9711450,9.3631100],[45.9709950,9.3631940],[45.9709050,9.3632200],[45.9708230,9.3633000],[45.9707880,9.3629440],[45.9706560,9.3629490],[45.9706210,9.3627720],[45.9705380,9.3629010],[45.9704240,9.3630030],[45.9703080,9.3632360],[45.9701960,9.3633190],[45.9698630,9.3635950],[45.9697930,9.3638500],[45.9698450,9.3640940],[45.9699180,9.3643860],[45.9699100,9.3645230],[45.9698310,9.3646530],[45.9696470,9.3647170],[45.9691490,9.3648130],[45.9690520,9.3648970],[45.9688490,9.3648540],[45.9687200,9.3649530],[45.9685750,9.3651740],[45.9684800,9.3651820],[45.9681850,9.3652930],[45.9680120,9.3654380],[45.9675960,9.3656810],[45.9674420,9.3656620],[45.9673020,9.3655670],[45.9671940,9.3655380],[45.9669510,9.3657650],[45.9668530,9.3659720],[45.9667630,9.3663120],[45.9666800,9.3664280],[45.9665200,9.3665740],[45.9662020,9.3666830],[45.9661520,9.3668650],[45.9660230,9.3672590],[45.9656080,9.3676640],[45.9655070,9.3680190],[45.9655020,9.3682020],[45.9654210,9.3687830],[45.9653670,9.3689340],[45.9652280,9.3690370],[45.9650000,9.3690370],[45.9646040,9.3691450],[45.9643900,9.3691470],[45.9641190,9.3692070],[45.9638650,9.3693630],[45.9636790,9.3691600],[45.9632710,9.3691130],[45.9631800,9.3690740],[45.9629360,9.3691860],[45.9626050,9.3692620],[45.9624410,9.3692430],[45.9622210,9.3691510],[45.9620490,9.3691690],[45.9620940,9.3690140],[45.9620430,9.3690060],[45.9619530,9.3688780],[45.9618980,9.3689010],[45.9618090,9.3689800],[45.9616670,9.3690340],[45.9616210,9.3692000],[45.9614920,9.3691570],[45.9613630,9.3691980],[45.9612740,9.3691550],[45.9610830,9.3691940],[45.9608720,9.3689930],[45.9606820,9.3687560],[45.9605670,9.3686850],[45.9603280,9.3686330],[45.9601480,9.3685850],[45.9598210,9.3686030],[45.9596140,9.3685710],[45.9594650,9.3684560],[45.9593460,9.3683430],[45.9592510,9.3683680],[45.9591360,9.3683470],[45.9590020,9.3685550],[45.9588560,9.3686930],[45.9586560,9.3688100],[45.9585450,9.3688410],[45.9582900,9.3687720],[45.9581270,9.3689270],[45.9580240,9.3691030],[45.9579680,9.3693270],[45.9579740,9.3695110],[45.9580590,9.3696480],[45.9581020,9.3697810],[45.9581070,9.3699460],[45.9579490,9.3700860],[45.9577070,9.3701760],[45.9575870,9.3701970],[45.9574740,9.3703240],[45.9574240,9.3704770],[45.9573610,9.3710070],[45.9574180,9.3716960],[45.9573370,9.3719170],[45.9572670,9.3720320],[45.9571800,9.3720910],[45.9570660,9.3724470],[45.9570750,9.3726890],[45.9570400,9.3728910],[45.9570290,9.3730200],[45.9568150,9.3729940],[45.9565930,9.3733590],[45.9565770,9.3735470],[45.9564150,9.3735110],[45.9563030,9.3735350],[45.9562250,9.3736080],[45.9559270,9.3735580],[45.9558360,9.3735550],[45.9557140,9.3736250],[45.9555480,9.3735570],[45.9553280,9.3735720],[45.9551330,9.3733780],[45.9549740,9.3733710],[45.9547580,9.3732960],[45.9546640,9.3733480],[45.9545830,9.3734810],[45.9546640,9.3733480],[45.9547580,9.3732960],[45.9549740,9.3733710],[45.9551330,9.3733780],[45.9553280,9.3735720],[45.9555480,9.3735570],[45.9556530,9.3735790],[45.9558360,9.3735550],[45.9559270,9.3735580],[45.9562250,9.3736080],[45.9563030,9.3735350],[45.9564150,9.3735110],[45.9565220,9.3735790],[45.9565930,9.3733590],[45.9567530,9.3730310],[45.9570290,9.3730200],[45.9570400,9.3728910],[45.9570750,9.3726890],[45.9570660,9.3724470],[45.9571800,9.3720910],[45.9572670,9.3720320],[45.9573370,9.3719170],[45.9574180,9.3716960],[45.9573610,9.3710070],[45.9574240,9.3704770],[45.9574740,9.3703240],[45.9575870,9.3701970],[45.9577070,9.3701760],[45.9578660,9.3700820],[45.9580740,9.3700060],[45.9581020,9.3697810],[45.9580590,9.3696480],[45.9579740,9.3695110],[45.9579680,9.3693270],[45.9580240,9.3691030],[45.9581270,9.3689270],[45.9582900,9.3687720],[45.9585450,9.3688410],[45.9586560,9.3688100],[45.9588560,9.3686930],[45.9590020,9.3685550],[45.9591360,9.3683470],[45.9592510,9.3683680],[45.9593460,9.3683430],[45.9594650,9.3684560],[45.9595670,9.3686200],[45.9598210,9.3686030],[45.9601480,9.3685850],[45.9602580,9.3686680],[45.9604930,9.3687000],[45.9606820,9.3687560],[45.9608720,9.3689930],[45.9610830,9.3691940],[45.9612740,9.3691550],[45.9613630,9.3691980],[45.9614550,9.3692070],[45.9615690,9.3692060],[45.9616670,9.3690340],[45.9618090,9.3689800],[45.9618980,9.3689010],[45.9619530,9.3688780],[45.9619850,9.3690210],[45.9620870,9.3689100],[45.9620310,9.3691310],[45.9621840,9.3691290],[45.9624410,9.3692430],[45.9626050,9.3692620],[45.9629360,9.3691860],[45.9631800,9.3690740],[45.9632710,9.3691130],[45.9636040,9.3691310],[45.9638650,9.3693630],[45.9641190,9.3692070],[45.9643900,9.3691470],[45.9646040,9.3691450],[45.9650000,9.3690370],[45.9652280,9.3690370],[45.9653250,9.3689870],[45.9654210,9.3687830],[45.9655020,9.3682020],[45.9655070,9.3680190],[45.9656080,9.3676640],[45.9660230,9.3672590],[45.9660990,9.3669600],[45.9661630,9.3667630],[45.9665200,9.3665740],[45.9666800,9.3664280],[45.9667630,9.3663120],[45.9668530,9.3659720],[45.9669500,9.3658490],[45.9671940,9.3655380],[45.9673020,9.3655670],[45.9674420,9.3656620],[45.9675960,9.3656810],[45.9680120,9.3654380],[45.9681850,9.3652930],[45.9684800,9.3651820],[45.9685750,9.3651740],[45.9687200,9.3649530],[45.9688490,9.3648540],[45.9690520,9.3648970],[45.9691490,9.3648130],[45.9695710,9.3647700],[45.9698310,9.3646530],[45.9699100,9.3645230],[45.9699180,9.3643860],[45.9698450,9.3640940],[45.9697930,9.3638500],[45.9698130,9.3636780],[45.9701960,9.3633190],[45.9703080,9.3632360],[45.9704240,9.3630030],[45.9705380,9.3629010],[45.9706210,9.3627720],[45.9706560,9.3629490],[45.9707880,9.3629440],[45.9708230,9.3633000],[45.9709050,9.3632200],[45.9709950,9.3631940],[45.9711450,9.3631100],[45.9712020,9.3627590],[45.9712880,9.3625850],[45.9714330,9.3624950],[45.9714980,9.3623570],[45.9715320,9.3621510],[45.9715860,9.3620480],[45.9718640,9.3618200],[45.9720980,9.3612600],[45.9721890,9.3611370],[45.9724280,9.3605340],[45.9724970,9.3604300],[45.9728430,9.3603760],[45.9729360,9.3603880],[45.9730870,9.3601860],[45.9731800,9.3601750],[45.9734300,9.3602510],[45.9736350,9.3602070],[45.9738200,9.3600950],[45.9739990,9.3600680],[45.9741820,9.3601130],[45.9742230,9.3599500],[45.9743580,9.3599050],[45.9745760,9.3599460],[45.9747920,9.3601420],[45.9750780,9.3600880],[45.9751870,9.3601420],[45.9753770,9.3603870],[45.9755130,9.3604600],[45.9758070,9.3605160],[45.9760090,9.3606910],[45.9762340,9.3606890],[45.9763560,9.3608240],[45.9764580,9.3608370],[45.9766060,9.3607120],[45.9767220,9.3606590],[45.9769200,9.3607720],[45.9770890,9.3608070],[45.9772090,9.3608800],[45.9774480,9.3611070],[45.9778750,9.3613050],[45.9780570,9.3614700],[45.9783320,9.3614130],[45.9785350,9.3614830],[45.9786330,9.3614820],[45.9788370,9.3622180],[45.9790420,9.3624450],[45.9791380,9.3624420],[45.9793420,9.3623030],[45.9794770,9.3622370],[45.9795140,9.3626510],[45.9795260,9.3631340],[45.9795570,9.3632740],[45.9797110,9.3632770],[45.9798360,9.3631290],[45.9800280,9.3629000]],\r\n\t\t\t\t\tgraphDist          : [0.00,0.02,0.04,0.05,0.08,0.12,0.13,0.16,0.17,0.19,0.26,0.27,0.29,0.33,0.35,0.40,0.43,0.45,0.46,0.49,0.50,0.52,0.53,0.55,0.58,0.60,0.64,0.65,0.68,0.69,0.73,0.75,0.78,0.79,0.81,0.83,0.85,0.87,0.90,0.93,0.94,0.95,0.97,1.01,1.02,1.07,1.09,1.14,1.17,1.18,1.20,1.21,1.23,1.25,1.28,1.29,1.30,1.32,1.34,1.36,1.37,1.39,1.40,1.43,1.44,1.48,1.50,1.52,1.55,1.56,1.57,1.59,1.65,1.66,1.69,1.70,1.73,1.74,1.77,1.79,1.84,1.86,1.88,1.89,1.92,1.94,1.97,1.99,2.01,2.04,2.06,2.09,2.15,2.18,2.19,2.24,2.25,2.27,2.29,2.34,2.36,2.39,2.42,2.45,2.50,2.51,2.54,2.57,2.59,2.62,2.64,2.65,2.67,2.69,2.70,2.71,2.73,2.74,2.76,2.78,2.79,2.81,2.84,2.86,2.88,2.90,2.93,2.97,2.99,3.01,3.03,3.04,3.05,3.07,3.09,3.12,3.13,3.16,3.18,3.20,3.22,3.23,3.24,3.26,3.27,3.29,3.32,3.33,3.35,3.36,3.40,3.46,3.48,3.49,3.50,3.53,3.55,3.56,3.57,3.60,3.64,3.65,3.67,3.68,3.69,3.73,3.74,3.75,3.77,3.80,3.82,3.84,3.87,3.88,3.89,3.90,3.92,3.94,3.96,3.98,4.01,4.02,4.04,4.05,4.09,4.10,4.11,4.12,4.14,4.17,4.21,4.22,4.23,4.25,4.28,4.29,4.30,4.32,4.38,4.42,4.43,4.45,4.46,4.48,4.51,4.52,4.54,4.55,4.56,4.58,4.60,4.62,4.65,4.66,4.69,4.71,4.73,4.74,4.75,4.77,4.79,4.82,4.85,4.87,4.89,4.92,4.95,4.97,4.99,5.01,5.02,5.03,5.05,5.07,5.08,5.09,5.11,5.12,5.14,5.16,5.19,5.21,5.25,5.27,5.28,5.32,5.36,5.39,5.42,5.44,5.49,5.51,5.52,5.54,5.59,5.60,5.63,5.69,5.71,5.73,5.77,5.80,5.81,5.84,5.85,5.89,5.90,5.92,5.94,5.99,6.01,6.04,6.05,6.08,6.09,6.12,6.13,6.18,6.21,6.22,6.23,6.26,6.28,6.29,6.34,6.36,6.38,6.39,6.41,6.42,6.44,6.47,6.48,6.49,6.50,6.53,6.55,6.57,6.58,6.60,6.61,6.64,6.69,6.71,6.76,6.77,6.81,6.82,6.85,6.86,6.88,6.91,6.93,6.95,6.97,6.99,7.00,7.03,7.05,7.09,7.10,7.13,7.15,7.18,7.21,7.23,7.25,7.26,7.28,7.29,7.32,7.33,7.35,7.38,7.43,7.46,7.49,7.51,7.52,7.58,7.61,7.62,7.65,7.66,7.70,7.73,7.74,7.76,7.78,7.81],\r\n\t\t\t\t\tgraphEle           : [1445.94,1445.94,1445.94,1445.94,1445.94,1447.88,1449.71,1452.60,1453.83,1456.06,1464.23,1465.49,1468.16,1471.26,1473.55,1478.34,1481.39,1482.78,1484.61,1486.88,1488.19,1490.74,1492.26,1494.54,1497.89,1501.39,1505.79,1507.95,1511.74,1513.45,1518.72,1523.82,1528.21,1530.98,1533.49,1537.20,1540.79,1544.80,1548.94,1553.05,1554.35,1556.51,1558.56,1563.40,1564.79,1571.49,1573.23,1579.10,1583.04,1584.14,1585.95,1587.37,1589.31,1591.14,1594.21,1596.19,1597.32,1598.61,1602.04,1603.96,1605.76,1607.44,1609.28,1612.01,1613.73,1619.00,1621.71,1624.02,1626.75,1627.96,1629.48,1631.88,1638.30,1639.74,1642.34,1644.19,1647.13,1648.54,1653.07,1656.04,1662.71,1665.01,1667.31,1668.94,1672.92,1674.96,1677.72,1678.98,1681.04,1684.60,1686.12,1689.45,1691.72,1691.81,1691.85,1691.99,1692.03,1692.08,1692.15,1690.35,1688.52,1686.17,1683.80,1681.80,1678.29,1677.47,1675.46,1672.93,1671.68,1669.95,1668.61,1667.59,1666.44,1665.15,1664.13,1663.34,1664.17,1665.08,1666.07,1667.11,1667.80,1669.20,1671.04,1672.87,1673.79,1675.58,1676.85,1678.42,1679.42,1680.43,1681.11,1681.58,1682.15,1683.10,1683.94,1684.95,1685.19,1685.74,1686.15,1686.48,1686.83,1687.10,1687.37,1687.59,1687.83,1688.23,1688.85,1689.68,1690.66,1691.46,1694.01,1697.31,1698.49,1699.22,1699.88,1701.47,1702.20,1702.83,1703.27,1704.20,1705.70,1706.27,1707.04,1707.54,1707.95,1708.81,1708.81,1708.82,1708.82,1708.82,1708.83,1708.83,1708.83,1708.83,1708.84,1708.84,1708.84,1708.75,1708.67,1708.57,1708.47,1708.42,1708.33,1708.29,1708.16,1708.12,1708.07,1707.74,1706.62,1704.98,1703.32,1702.73,1701.88,1700.89,1699.28,1698.72,1698.09,1697.06,1694.19,1691.96,1691.26,1690.40,1689.68,1688.65,1687.34,1686.64,1686.52,1686.36,1686.20,1685.99,1685.79,1685.54,1685.22,1685.08,1684.81,1684.59,1683.71,1682.83,1682.13,1681.08,1679.97,1678.02,1675.63,1674.73,1672.83,1671.37,1670.34,1669.33,1668.55,1668.17,1667.80,1667.26,1666.55,1665.96,1665.54,1665.00,1664.55,1664.41,1666.21,1667.96,1670.72,1672.41,1675.86,1678.49,1679.46,1682.77,1684.66,1686.34,1688.01,1689.31,1691.76,1693.15,1693.41,1692.88,1691.62,1691.24,1690.42,1688.89,1688.22,1686.77,1681.75,1679.34,1677.86,1674.65,1673.00,1668.57,1667.17,1665.20,1662.96,1656.41,1653.49,1649.05,1647.66,1644.58,1642.45,1639.46,1637.95,1632.54,1629.05,1627.52,1626.30,1623.54,1621.28,1619.73,1613.73,1612.03,1609.34,1607.53,1605.88,1604.11,1602.22,1598.84,1597.51,1596.27,1594.10,1590.84,1589.09,1587.23,1585.87,1584.13,1583.08,1579.30,1573.95,1572.48,1565.46,1563.86,1558.29,1556.79,1553.43,1551.94,1547.85,1544.53,1541.22,1537.66,1533.98,1531.49,1528.74,1524.38,1519.32,1513.61,1511.33,1506.27,1504.35,1500.57,1497.57,1494.71,1492.75,1491.44,1489.26,1487.71,1485.00,1482.86,1481.41,1478.20,1473.18,1470.77,1467.66,1465.32,1464.22,1463.03,1463.03,1463.03,1463.03,1463.03,1463.03,1463.03,1463.03,1463.03,1463.03,1463.03],\r\n\t\t\t\t\tgraphSpeed         : [],\r\n\t\t\t\t\tgraphHr            : [],\r\n\t\t\t\t\tgraphAtemp         : [],\r\n\t\t\t\t\tgraphCad           : [],\r\n\t\t\t\t\tgraphGrade         : [],\r\n\t\t\t\t\twaypoints          : [],\r\n\t\t\t\t\tunit               : \"2\",\r\n\t\t\t\t\tunitspeed          : \"0\",\r\n\t\t\t\t\tcolor1             : [\"#3366cc\"],\r\n\t\t\t\t\tcolor2             : \"#3366cc\",\r\n\t\t\t\t\tcolor3             : \"#ff0000\",\r\n\t\t\t\t\tcolor4             : \"#ff77bd\",\r\n\t\t\t\t\tcolor5             : \"#beecff\",\r\n\t\t\t\t\tcolor6             : \"#beecff\",\r\n\t\t\t\t\tcolor7             : \"#ff77bd\",\r\n\t\t\t\t\tchartFrom1         : \"\",\r\n\t\t\t\t\tchartTo1           : \"\",\r\n\t\t\t\t\tchartFrom2         : \"\",\r\n\t\t\t\t\tchartTo2           : \"\",\r\n\t\t\t\t\tstartIcon          : \"\",\r\n\t\t\t\t\tendIcon            : \"\",\r\n\t\t\t\t\tcurrentIcon        : \"\",\r\n\t\t\t\t\twaypointIcon       : \"https:\/\/lavia.cc\/gpx\/wp-content\/uploads\/gpx\/cropped-icona.ico\",\r\n\t\t\t\t\tcurrentpositioncon : \"\",\r\n\t\t\t\t\tusegpsposition     : \"\",\r\n\t\t\t\t\tzoomOnScrollWheel  : \"\",\r\n\t\t\t\t\tngGalleries        : [],\r\n\t\t\t\t\tngImages           : [],\r\n\t\t\t\t\tpluginUrl          : \"https:\/\/lavia.cc\/gpx\/wp-content\/plugins\",\r\n\t\t\t\t\tTFApiKey           : \"\",\r\n\t\t\t\t\tMapBoxApiKey           : \"\",\r\n\t\t\t\t\tlangs              : {\r\n\t\t\t\t\t\taltitude        : \"Altitudine\",\r\n\t\t\t\t\t\tcurrentPosition : \"Current position\",\r\n\t\t\t\t\t\tspeed           : \"Velocit\u00e0\",\r\n\t\t\t\t\t\tgrade           : \"Grade\",\r\n\t\t\t\t\t\theartRate       : \"Battito Cardiaco\",\r\n\t\t\t\t\t\tatemp           : \"Temperature\",\r\n\t\t\t\t\t\tcadence         : \"Cadenza\",\r\n\t\t\t\t\t\tgoFullScreen    : \"Go full screen\",\r\n\t\t\t\t\t\texitFullFcreen  : \"Exit full screen\",\r\n\t\t\t\t\t\thideImages      : \"Hide images\",\r\n\t\t\t\t\t\tshowImages      : \"Show images\",\r\n\t\t\t\t\t\tbackToCenter\t: \"Ritorna al centro della mappa\"\r\n\t\t\t\t\t}\r\n\t\t\t\t});\r\n\r\n\t\t\t});\r\n\r\n\t\t<\/script>\n<p>\ud83d\udfe2 Scarica la traccia e Segui\u00a0<a href=\"https:\/\/www.instagram.com\/lavia.cc\/\" target=\"_blank\" rel=\"noopener\">LAVIA<\/a>!<\/p>\n","protected":false},"excerpt":{"rendered":"<p>La <strong>Grigna<\/strong> settentrionale \u00e8 una delle montagne lecchesi pi\u00f9 famose in assoluto. Molte sono le escursioni che si possono fare: sia verso la vetta, come la salita in cima al <strong>Grignone<\/strong> (2.410 m) dalla Valsassina, sia verso i tanti rifugi che ne popolano i versanti. L\u2019uscita di oggi permette di raggiungere la Porta di Prada e il Rifugio Bietti-Buzzi, partendo dall\u2019<strong>Alpe Cainallo<\/strong>. Siamo sul versante ovest della Grigna, quello che si affaccia direttamente sul<strong> Lago di Como<\/strong>. In particolare, il <strong>Rifugio Bietti-Buzzi<\/strong> sorge nella Conca del Releccio, nel comune di Mandello del Lario, ed \u00e8 di propriet\u00e0 del CAI Grigne con sede proprio nel comune lariano. Il punto di partenza, l\u2019Alpe Cainallo, per\u00f2 si trova sul versante nord della montagna ed \u00e8 compreso nel comune di Esino Lario. La<strong> Porta di Prada<\/strong> \u00e8 un arco nella roccia calcarea che \u00e8 stato modellato dagli agenti atmosferici nel corso dei millenni. Per via della sua particolarit\u00e0, unitamente alla posizione panoramica in cui si trova, \u00e8 uno dei luoghi pi\u00f9 visitati (e fotografati) della Grigna e pi\u00f9 in generale delle montagne di <strong>Lecco<\/strong>. Il sentiero che dal Cainallo, e precisamente dal Vo\u2019 di Moncodeno, dove termina la strada, conduce alla Porta di Prada e al Rifugio Bietti-Buzzi non presenta <strong>difficolt\u00e0 particolari<\/strong>. Si tratta di un percorso semplice e con un andamento prevalentemente pianeggiante. Tuttavia, l\u2019ambiente in cui si svolge l\u2019escursione \u00e8 impervio e, specialmente d\u2019inverno, si possono nascondere molti pericoli anche sui percorsi pi\u00f9 semplici. D\u2019inverno pu\u00f2 capitare di trovare alcune parti di sentiero coperte dal ghiaccio. Si consiglia di indossare i ramponcini anti-scivolo.<\/p>\n<p>\ud83d\udcf7 Foto di <a href=\"https:\/\/www.instagram.com\/p\/CoMsukcKSkH\/\">@busno_87<\/a><\/p>\n<div class=\"x6s0dn4 x78zum5 x1q0g3np xs83m0k xeuugli x1n2onr6\">\n<h2 class=\"x1lliihq x1plvlek xryxfnj x1n2onr6 x193iq5w xeuugli x1fj9vlw x13faqbe x1vvkbs x1s928wv xhkezso x1gmr53x x1cpjm7i x1fgarty x1943h6x x1i0vuye x1ms8i2q xo1l8bm x5n08af x10wh9bi x1wdrske x8viiok x18hxmgj\" tabindex=\"-1\"><span style=\"font-size: 16px;\">\ud83d\udfe2 Segui<\/span><strong style=\"font-size: 16px;\">\u00a0LAVIA<\/strong><span style=\"font-size: 16px;\">, arriva alla\u00a0<\/span><strong style=\"font-size: 16px;\">META<\/strong><span style=\"font-size: 16px;\">!<\/span><\/h2>\n<\/div>\n","protected":false},"featured_media":5271,"comment_status":"open","ping_status":"closed","template":"","meta":[],"product_brand":[],"product_cat":[31],"product_tag":[490,73],"class_list":{"0":"post-5269","1":"product","2":"type-product","3":"status-publish","4":"has-post-thumbnail","6":"product_cat-escursionismo","7":"product_tag-lecco","8":"product_tag-lombardia","10":"first","11":"instock","12":"downloadable","13":"virtual","14":"product-type-simple"},"_links":{"self":[{"href":"https:\/\/lavia.cc\/gpx\/wp-json\/wp\/v2\/product\/5269","targetHints":{"allow":["GET"]}}],"collection":[{"href":"https:\/\/lavia.cc\/gpx\/wp-json\/wp\/v2\/product"}],"about":[{"href":"https:\/\/lavia.cc\/gpx\/wp-json\/wp\/v2\/types\/product"}],"replies":[{"embeddable":true,"href":"https:\/\/lavia.cc\/gpx\/wp-json\/wp\/v2\/comments?post=5269"}],"version-history":[{"count":6,"href":"https:\/\/lavia.cc\/gpx\/wp-json\/wp\/v2\/product\/5269\/revisions"}],"predecessor-version":[{"id":5274,"href":"https:\/\/lavia.cc\/gpx\/wp-json\/wp\/v2\/product\/5269\/revisions\/5274"}],"wp:featuredmedia":[{"embeddable":true,"href":"https:\/\/lavia.cc\/gpx\/wp-json\/wp\/v2\/media\/5271"}],"wp:attachment":[{"href":"https:\/\/lavia.cc\/gpx\/wp-json\/wp\/v2\/media?parent=5269"}],"wp:term":[{"taxonomy":"product_brand","embeddable":true,"href":"https:\/\/lavia.cc\/gpx\/wp-json\/wp\/v2\/product_brand?post=5269"},{"taxonomy":"product_cat","embeddable":true,"href":"https:\/\/lavia.cc\/gpx\/wp-json\/wp\/v2\/product_cat?post=5269"},{"taxonomy":"product_tag","embeddable":true,"href":"https:\/\/lavia.cc\/gpx\/wp-json\/wp\/v2\/product_tag?post=5269"}],"curies":[{"name":"wp","href":"https:\/\/api.w.org\/{rel}","templated":true}]}}