{"id":5999,"date":"2023-06-08T12:33:15","date_gmt":"2023-06-08T10:33:15","guid":{"rendered":"https:\/\/lavia.cc\/gpx\/?post_type=product&#038;p=5999"},"modified":"2024-09-02T07:16:30","modified_gmt":"2024-09-02T05:16:30","slug":"anello-eremo-di-santanna-da-tirli","status":"publish","type":"product","link":"https:\/\/lavia.cc\/gpx\/tracce\/anello-eremo-di-santanna-da-tirli\/","title":{"rendered":"Anello Eremo di Sant&#8217;Anna da Tirli"},"content":{"rendered":"<h5>Anello Eremo di Sant&#8217;Anna &#8211; Tirli a Castiglione della Pescaia<\/h5>\n<p>\u27a1\ufe0f Clicca qui per raggiungere il punto di partenza: <a href=\"https:\/\/www.google.it\/maps\/place\/42%C2%B050&#039;44.7%22N+10%C2%B053&#039;50.9%22E\/@42.845748,10.8968353,19z\/data=!3m1!4b1!4m13!1m8!3m7!1s0x1329c67e9018c7ab:0x4f14447cff733f1!2sVia+della+Chiesa,+58043+Tirli+GR!3b1!8m2!3d42.8450887!4d10.8960422!16s%2Fg%2F1v9nk75j!3m3!8m2!3d42.845748!4d10.897479?entry=ttu\" target=\"_blank\" rel=\"noopener\">GOOGLE MAPS<\/a> (Via della Chiesa, Tirli)<\/p>\n<p>\ud83d\udd5c Periodo consigliato: tutto l\u2019anno<\/p>\n<p>\ud83d\uddfa\ufe0f Mappa e altimetria dell&#8217;Anello Eremo di Sant&#8217;Anna:<\/p>\n\r\n\t\t<div id=\"wpgpxmaps_5999_3560502\" class=\"wpgpxmaps\">\r\n\t\t\t<div id=\"map_5999_3560502_cont\" style=\"width:100%; height:450px;position:relative\" >\r\n\t\t\t\t<div id=\"map_5999_3560502\" style=\"width:100%; height:450px\"><\/div>\r\n\t\t\t\t<div id=\"wpgpxmaps_5999_3560502_osm_footer\" class=\"wpgpxmaps_osm_footer\" style=\"display:none;\"><span> &copy; <a href=\"http:\/\/www.openstreetmap.org\/copyright\" target=\"_blank\" rel=\"noopener\">OpenStreetMap<\/a> contributors<\/span><\/div>\r\n\t\t\t<\/div>\r\n\t\t\t<canvas id=\"myChart_5999_3560502\" class=\"plot\" style=\"width:100%; height:200px\"><\/canvas>\r\n\t\t\t<div id=\"ngimages_5999_3560502\" class=\"ngimages\" style=\"display:none\"><\/div>\r\n\t\t\t<div id=\"report_5999_3560502\" class=\"report\"><\/div>\r\n\t\t<\/div>\r\n\t\t\r\n\t\t<script type=\"text\/javascript\">\r\n\r\n\t\t\tjQuery(document).ready(function() {\r\n\r\n\t\t\t\tjQuery( \"#wpgpxmaps_5999_3560502\" ).wpgpxmaps( {\r\n\t\t\t\t\ttargetId           : \"5999_3560502\",\r\n\t\t\t\t\tmapType            : \"HYBRID\",\r\n\t\t\t\t\tmapData            : [[42.8457580,10.8976360],[42.8458080,10.8978100],[42.8458170,10.8979980],[42.8459690,10.8980940],[42.8460600,10.8981490],[42.8463640,10.8984690],[42.8465090,10.8985460],[42.8466400,10.8986980],[42.8466820,10.8988550],[42.8467740,10.8995450],[42.8471770,10.8999540],[42.8474000,10.9003740],[42.8475450,10.9009260],[42.8476730,10.9009590],[42.8477770,10.9010440],[42.8478890,10.9010860],[42.8479730,10.9012070],[42.8480300,10.9013320],[42.8480800,10.9018620],[42.8481460,10.9020690],[42.8482250,10.9022610],[42.8484010,10.9025100],[42.8484980,10.9025430],[42.8485860,10.9024350],[42.8486800,10.9021660],[42.8490200,10.9015300],[42.8491900,10.9013300],[42.8497100,10.9009100],[42.8502600,10.9003700],[42.8503700,10.9003000],[42.8506100,10.9002400],[42.8508600,10.9004800],[42.8511600,10.9006900],[42.8512700,10.9007300],[42.8513800,10.9006900],[42.8516600,10.9004800],[42.8519600,10.9003000],[42.8524300,10.8997900],[42.8525200,10.8997500],[42.8526000,10.8998300],[42.8527300,10.9000700],[42.8529200,10.9002400],[42.8532700,10.9004500],[42.8538500,10.9010100],[42.8540200,10.9012100],[42.8541000,10.9013300],[42.8542300,10.9016100],[42.8543400,10.9019400],[42.8545300,10.9021700],[42.8548800,10.9023200],[42.8550700,10.9024900],[42.8552400,10.9028400],[42.8552800,10.9029900],[42.8553300,10.9032700],[42.8553100,10.9035700],[42.8553300,10.9037200],[42.8554300,10.9039500],[42.8556100,10.9041200],[42.8557600,10.9043200],[42.8558000,10.9044500],[42.8558200,10.9049600],[42.8561430,10.9051000],[42.8561810,10.9048050],[42.8562180,10.9047130],[42.8563070,10.9047700],[42.8563960,10.9048110],[42.8564860,10.9048750],[42.8566010,10.9051090],[42.8566070,10.9052350],[42.8566090,10.9054440],[42.8566140,10.9055810],[42.8566060,10.9057280],[42.8566130,10.9058740],[42.8566250,10.9060340],[42.8566120,10.9061730],[42.8565900,10.9062930],[42.8565450,10.9064140],[42.8564970,10.9065580],[42.8564370,10.9066770],[42.8563990,10.9067630],[42.8563710,10.9068830],[42.8563570,10.9070160],[42.8563570,10.9071370],[42.8564330,10.9071880],[42.8565540,10.9070910],[42.8566760,10.9070420],[42.8567690,10.9069540],[42.8568520,10.9067360],[42.8569480,10.9065700],[42.8571500,10.9064600],[42.8574500,10.9064000],[42.8576200,10.9062300],[42.8576700,10.9061200],[42.8577500,10.9055600],[42.8579700,10.9050000],[42.8581200,10.9047500],[42.8581400,10.9044900],[42.8581400,10.9043600],[42.8576700,10.9031200],[42.8576200,10.9029400],[42.8576000,10.9026200],[42.8575400,10.9024700],[42.8574500,10.9023600],[42.8572800,10.9023000],[42.8571700,10.9023200],[42.8570000,10.9021700],[42.8569100,10.9017400],[42.8568300,10.9014800],[42.8568900,10.9010300],[42.8569400,10.9009100],[42.8569400,10.9007500],[42.8570200,10.9005200],[42.8571500,10.9003300],[42.8573000,10.9001800],[42.8574700,10.9000700],[42.8576000,10.8998800],[42.8577900,10.8994000],[42.8578400,10.8991200],[42.8578400,10.8987600],[42.8578200,10.8986300],[42.8578600,10.8985200],[42.8578600,10.8983900],[42.8579000,10.8981400],[42.8579900,10.8980700],[42.8581000,10.8980700],[42.8582900,10.8981400],[42.8584000,10.8981400],[42.8585700,10.8980900],[42.8597500,10.8974900],[42.8601100,10.8973400],[42.8605200,10.8972400],[42.8609100,10.8968300],[42.8609700,10.8967200],[42.8611200,10.8965500],[42.8613100,10.8964200],[42.8615700,10.8961800],[42.8618500,10.8959900],[42.8620600,10.8959500],[42.8622600,10.8960100],[42.8626900,10.8959900],[42.8638500,10.8954100],[42.8639300,10.8953300],[42.8642100,10.8943400],[42.8642700,10.8938900],[42.8642500,10.8937600],[42.8642500,10.8934800],[42.8643000,10.8931600],[42.8643000,10.8927300],[42.8644300,10.8922100],[42.8645100,10.8918700],[42.8645800,10.8917900],[42.8646800,10.8917600],[42.8648800,10.8918300],[42.8650700,10.8917600],[42.8653700,10.8917000],[42.8657300,10.8914400],[42.8658400,10.8914200],[42.8659500,10.8913600],[42.8660100,10.8912500],[42.8661390,10.8911100],[42.8661200,10.8909500],[42.8661400,10.8908200],[42.8661200,10.8906900],[42.8659300,10.8902000],[42.8659900,10.8897900],[42.8660800,10.8896800],[42.8661400,10.8895500],[42.8663800,10.8893000],[42.8667600,10.8891000],[42.8669800,10.8887800],[42.8675600,10.8886300],[42.8677700,10.8886300],[42.8679240,10.8885600],[42.8678200,10.8884800],[42.8676000,10.8884400],[42.8674100,10.8884400],[42.8671700,10.8883700],[42.8666800,10.8880500],[42.8664600,10.8879700],[42.8660800,10.8877700],[42.8659300,10.8876400],[42.8656300,10.8870900],[42.8653700,10.8868100],[42.8653000,10.8867000],[42.8651300,10.8863400],[42.8650700,10.8859300],[42.8650500,10.8855400],[42.8650000,10.8852400],[42.8647900,10.8847300],[42.8646800,10.8848450],[42.8644850,10.8857130],[42.8644660,10.8859510],[42.8643970,10.8860380],[42.8642980,10.8860860],[42.8642350,10.8858810],[42.8641340,10.8857260],[42.8640630,10.8854810],[42.8639810,10.8849960],[42.8638840,10.8851810],[42.8639340,10.8855210],[42.8638390,10.8859200],[42.8637770,10.8862620],[42.8638030,10.8864920],[42.8637490,10.8867110],[42.8635940,10.8870180],[42.8635530,10.8871710],[42.8635440,10.8876020],[42.8634780,10.8877980],[42.8633630,10.8879890],[42.8630690,10.8883660],[42.8628530,10.8887940],[42.8627250,10.8892690],[42.8625800,10.8896060],[42.8624930,10.8899450],[42.8624330,10.8902890],[42.8623580,10.8904370],[42.8621370,10.8907840],[42.8616430,10.8910780],[42.8614750,10.8914120],[42.8613930,10.8913450],[42.8610310,10.8913030],[42.8603230,10.8911200],[42.8601190,10.8909270],[42.8597260,10.8908730],[42.8590970,10.8904760],[42.8588690,10.8902510],[42.8585930,10.8900370],[42.8584830,10.8900160],[42.8583970,10.8897040],[42.8582470,10.8895440],[42.8581530,10.8893930],[42.8579950,10.8893000],[42.8576340,10.8890070],[42.8572800,10.8885780],[42.8569340,10.8883740],[42.8566510,10.8884060],[42.8564780,10.8883850],[42.8562020,10.8884710],[42.8561000,10.8883420],[42.8559820,10.8882770],[42.8557780,10.8883310],[42.8555650,10.8883100],[42.8553690,10.8881810],[42.8549480,10.8881330],[42.8547830,10.8880470],[42.8543150,10.8881430],[42.8542280,10.8880950],[42.8539220,10.8881270],[42.8537050,10.8880520],[42.8535830,10.8879610],[42.8533670,10.8875860],[42.8532060,10.8874570],[42.8529350,10.8873600],[42.8527970,10.8873920],[42.8524980,10.8873280],[42.8521780,10.8876330],[42.8521110,10.8875030],[42.8520800,10.8873110],[42.8519740,10.8872900],[42.8510370,10.8874370],[42.8508250,10.8874460],[42.8502390,10.8875690],[42.8499760,10.8876630],[42.8496370,10.8877350],[42.8493240,10.8876870],[42.8491120,10.8875720],[42.8489070,10.8875420],[42.8484610,10.8876170],[42.8482390,10.8876110],[42.8481410,10.8875810],[42.8479340,10.8874550],[42.8478500,10.8873860],[42.8475660,10.8870370],[42.8472640,10.8868140],[42.8471490,10.8867540],[42.8470060,10.8867600],[42.8467650,10.8872030],[42.8469020,10.8874260],[42.8469370,10.8875770],[42.8469270,10.8878860],[42.8468600,10.8880490],[42.8466210,10.8884230],[42.8464860,10.8885650],[42.8460900,10.8887120],[42.8459560,10.8888490],[42.8458740,10.8890580],[42.8458540,10.8893510],[42.8459270,10.8897700],[42.8458810,10.8899960],[42.8458020,10.8902130],[42.8456320,10.8904130],[42.8455720,10.8905400],[42.8455420,10.8907020],[42.8455570,10.8910220],[42.8455260,10.8913570],[42.8454960,10.8914730],[42.8453270,10.8916820],[42.8450950,10.8917160],[42.8450250,10.8918900],[42.8449150,10.8919900],[42.8448440,10.8924220],[42.8449960,10.8927110],[42.8450790,10.8929310],[42.8451830,10.8932140],[42.8452690,10.8933560],[42.8453210,10.8935120],[42.8453440,10.8937240],[42.8453040,10.8939260],[42.8452720,10.8941820],[42.8452700,10.8944210],[42.8451570,10.8944670],[42.8450460,10.8945550],[42.8449730,10.8946630],[42.8449240,10.8949340],[42.8450390,10.8955050],[42.8450850,10.8957340],[42.8450850,10.8962510],[42.8450720,10.8964710],[42.8451070,10.8966930],[42.8451760,10.8968400],[42.8453310,10.8970210],[42.8454430,10.8972170],[42.8457580,10.8976360]],\r\n\t\t\t\t\tgraphDist          : [0.00,0.02,0.03,0.05,0.07,0.11,0.13,0.15,0.16,0.22,0.27,0.32,0.36,0.38,0.39,0.40,0.42,0.43,0.47,0.49,0.51,0.54,0.55,0.56,0.59,0.65,0.68,0.74,0.82,0.83,0.86,0.89,0.93,0.94,0.96,0.99,1.03,1.10,1.11,1.12,1.14,1.17,1.21,1.29,1.31,1.33,1.35,1.38,1.41,1.45,1.48,1.51,1.52,1.55,1.57,1.58,1.61,1.63,1.65,1.67,1.71,1.75,1.77,1.78,1.79,1.81,1.82,1.84,1.85,1.87,1.88,1.89,1.90,1.92,1.93,1.94,1.95,1.96,1.98,1.99,2.00,2.01,2.02,2.03,2.04,2.06,2.07,2.09,2.11,2.14,2.17,2.19,2.20,2.25,2.30,2.33,2.35,2.36,2.47,2.49,2.52,2.53,2.54,2.56,2.58,2.60,2.63,2.66,2.70,2.71,2.72,2.74,2.76,2.78,2.80,2.83,2.87,2.89,2.92,2.93,2.95,2.96,2.98,2.99,3.00,3.02,3.04,3.05,3.20,3.24,3.28,3.34,3.35,3.37,3.40,3.43,3.47,3.49,3.51,3.56,3.70,3.71,3.80,3.83,3.84,3.87,3.89,3.93,3.97,4.00,4.01,4.02,4.05,4.07,4.10,4.15,4.16,4.18,4.19,4.21,4.22,4.23,4.24,4.29,4.32,4.33,4.35,4.38,4.42,4.46,4.53,4.55,4.57,4.58,4.61,4.63,4.65,4.71,4.74,4.78,4.80,4.86,4.90,4.91,4.94,4.98,5.01,5.04,5.08,5.10,5.17,5.19,5.20,5.21,5.23,5.25,5.27,5.31,5.33,5.36,5.39,5.42,5.44,5.46,5.49,5.50,5.54,5.56,5.58,5.62,5.66,5.71,5.74,5.77,5.80,5.81,5.85,5.91,5.94,5.95,6.00,6.08,6.11,6.15,6.23,6.26,6.30,6.31,6.34,6.36,6.38,6.40,6.44,6.50,6.54,6.57,6.59,6.62,6.64,6.65,6.68,6.70,6.73,6.77,6.79,6.85,6.86,6.89,6.92,6.93,6.97,6.99,7.02,7.04,7.07,7.12,7.13,7.15,7.16,7.26,7.29,7.35,7.38,7.42,7.46,7.48,7.50,7.55,7.58,7.59,7.62,7.63,7.67,7.71,7.72,7.74,7.78,7.81,7.82,7.84,7.86,7.90,7.92,7.97,7.98,8.00,8.03,8.06,8.08,8.10,8.13,8.14,8.15,8.18,8.21,8.22,8.24,8.27,8.29,8.30,8.34,8.37,8.39,8.41,8.43,8.44,8.46,8.48,8.50,8.52,8.53,8.54,8.56,8.58,8.63,8.65,8.69,8.71,8.73,8.74,8.76,8.78,8.83],\r\n\t\t\t\t\tgraphEle           : [393.28,393.28,393.28,393.28,393.28,394.44,396.86,399.53,401.44,409.43,417.28,421.82,423.85,424.46,425.03,425.58,426.16,426.66,428.51,429.29,429.22,427.55,426.89,426.12,424.68,420.89,419.42,416.79,414.79,414.43,413.71,412.80,412.02,411.77,411.53,410.85,410.15,408.86,408.70,408.61,408.41,408.20,407.86,407.22,406.81,406.45,405.71,404.91,404.13,403.02,402.33,400.68,399.27,396.72,394.06,392.71,390.34,387.70,385.17,383.93,379.23,373.74,370.18,368.37,366.78,365.23,363.56,360.19,358.66,356.15,354.52,352.76,351.02,349.47,348.16,346.94,345.67,344.20,342.86,341.67,340.49,339.23,338.07,336.84,335.06,333.44,331.79,329.52,327.79,326.22,324.01,322.48,321.79,318.76,315.38,314.54,314.03,313.77,311.03,310.65,309.54,308.45,307.41,305.88,304.92,303.13,300.29,298.50,295.60,294.72,292.83,289.71,286.53,283.42,280.28,277.10,270.42,266.89,262.90,261.59,260.38,259.10,256.58,255.19,253.71,251.04,249.56,247.23,231.75,227.42,222.62,217.35,216.36,214.43,212.34,209.24,206.16,204.07,202.05,198.77,189.37,188.62,182.86,180.38,179.66,178.14,176.37,174.10,171.29,169.42,168.78,168.07,166.56,165.19,163.07,160.21,159.43,158.60,157.89,156.73,155.90,155.21,154.53,151.67,149.56,148.83,148.15,146.33,143.88,141.94,138.45,137.35,136.50,135.88,134.71,133.72,132.43,129.58,128.24,125.84,124.79,121.83,119.87,119.24,118.23,117.40,116.62,116.00,114.84,114.46,115.56,116.07,116.35,116.66,117.15,117.59,118.16,119.22,120.05,121.43,123.10,124.49,125.40,126.31,127.78,128.42,130.38,131.43,132.62,135.29,137.81,140.26,143.69,147.47,151.19,153.08,157.92,165.66,172.69,175.23,184.87,203.99,210.58,221.11,239.65,247.18,255.67,258.65,264.61,268.61,271.67,275.28,284.12,294.07,301.63,306.30,309.16,313.81,316.10,318.19,321.61,325.12,328.70,335.14,337.79,344.89,346.29,350.90,354.25,356.47,359.84,361.55,364.13,365.41,368.19,371.81,372.88,373.87,374.44,379.52,380.67,384.17,386.23,388.82,391.20,392.92,394.48,398.11,400.11,401.01,403.05,403.94,407.38,410.47,411.58,412.87,416.82,418.90,420.04,422.25,423.59,427.14,428.81,430.15,429.96,429.76,429.52,429.15,428.96,428.75,428.50,428.33,426.63,423.36,419.92,418.66,415.43,412.19,410.16,408.23,403.72,401.39,399.87,397.92,396.78,395.73,394.38,393.09,391.50,390.02,389.03,388.26,388.26,388.26,388.26,388.26,388.26,388.26,388.26,388.26,388.26,388.26,388.26],\r\n\t\t\t\t\tgraphSpeed         : [],\r\n\t\t\t\t\tgraphHr            : [],\r\n\t\t\t\t\tgraphAtemp         : [],\r\n\t\t\t\t\tgraphCad           : [],\r\n\t\t\t\t\tgraphGrade         : [],\r\n\t\t\t\t\twaypoints          : [],\r\n\t\t\t\t\tunit               : \"2\",\r\n\t\t\t\t\tunitspeed          : \"0\",\r\n\t\t\t\t\tcolor1             : [\"#3366cc\"],\r\n\t\t\t\t\tcolor2             : \"#3366cc\",\r\n\t\t\t\t\tcolor3             : \"#ff0000\",\r\n\t\t\t\t\tcolor4             : \"#ff77bd\",\r\n\t\t\t\t\tcolor5             : \"#beecff\",\r\n\t\t\t\t\tcolor6             : \"#beecff\",\r\n\t\t\t\t\tcolor7             : \"#ff77bd\",\r\n\t\t\t\t\tchartFrom1         : \"\",\r\n\t\t\t\t\tchartTo1           : \"\",\r\n\t\t\t\t\tchartFrom2         : \"\",\r\n\t\t\t\t\tchartTo2           : \"\",\r\n\t\t\t\t\tstartIcon          : \"\",\r\n\t\t\t\t\tendIcon            : \"\",\r\n\t\t\t\t\tcurrentIcon        : \"\",\r\n\t\t\t\t\twaypointIcon       : \"https:\/\/lavia.cc\/gpx\/wp-content\/uploads\/gpx\/cropped-icona.ico\",\r\n\t\t\t\t\tcurrentpositioncon : \"\",\r\n\t\t\t\t\tusegpsposition     : \"\",\r\n\t\t\t\t\tzoomOnScrollWheel  : \"\",\r\n\t\t\t\t\tngGalleries        : [],\r\n\t\t\t\t\tngImages           : [],\r\n\t\t\t\t\tpluginUrl          : \"https:\/\/lavia.cc\/gpx\/wp-content\/plugins\",\r\n\t\t\t\t\tTFApiKey           : \"\",\r\n\t\t\t\t\tMapBoxApiKey           : \"\",\r\n\t\t\t\t\tlangs              : {\r\n\t\t\t\t\t\taltitude        : \"Altitudine\",\r\n\t\t\t\t\t\tcurrentPosition : \"Current position\",\r\n\t\t\t\t\t\tspeed           : \"Velocit\u00e0\",\r\n\t\t\t\t\t\tgrade           : \"Grade\",\r\n\t\t\t\t\t\theartRate       : \"Battito Cardiaco\",\r\n\t\t\t\t\t\tatemp           : \"Temperature\",\r\n\t\t\t\t\t\tcadence         : \"Cadenza\",\r\n\t\t\t\t\t\tgoFullScreen    : \"Go full screen\",\r\n\t\t\t\t\t\texitFullFcreen  : \"Exit full screen\",\r\n\t\t\t\t\t\thideImages      : \"Hide images\",\r\n\t\t\t\t\t\tshowImages      : \"Show images\",\r\n\t\t\t\t\t\tbackToCenter\t: \"Ritorna al centro della mappa\"\r\n\t\t\t\t\t}\r\n\t\t\t\t});\r\n\r\n\t\t\t});\r\n\r\n\t\t<\/script>\n<p>\ud83d\udfe2 Scarica la <strong>TRACCIA<\/strong> e segui <strong><a href=\"https:\/\/www.instagram.com\/lavia.cc\/\" target=\"_blank\" rel=\"noopener\">LAVIA<\/a><\/strong>!<\/p>\n","protected":false},"excerpt":{"rendered":"<p><strong>\ud83d\udccd TRACCIA CARICATA DA:\u00a0<a href=\"https:\/\/www.instagram.com\/maremmagreenpassion\/\" target=\"_blank\" rel=\"noopener\">@maremmagreenpassion<\/a><\/strong><\/p>\n<p>Torniamo nei boschi per trovare tesori nascosti! Siamo a Tirli, sulle colline castiglionesi, dove il folto e rigoglioso bosco, una vera propria risorsa per gli abitanti del posto, custodisce fra le sue foglie un altro piccolo luogo segreto&#8230;Partiamo dal cimitero, sulla destra del quale imboccheremo il sentiero 47 per l&#8217;eremo di Sant&#8217;Anna che \u00e8 ancora oggi meta di processioni dei fedeli e offre un&#8217;attrezzata area pic-nic per chi si avventura in escursioni a piedi o in bicicletta. Lungo il percorso sono state installate alcune sedute offerte dalle associazioni locali per agevolare la passeggiata verso l&#8217;eremo di Sant&#8217;Anna anche a chi ha difficolt\u00e0 a camminare e sembra che la tradizione della processione in onore di Sant&#8217;Anna, che si ripete ogni 26 Luglio, sia nata in memoria di un giorno in cui gli abitanti portarono in processione la statua della Santa perch\u00e9 minacciati da un terribile incendio scoppiato nel bosco, cosa che si crede favor\u00ec l&#8217;arrivo improvviso di una pioggia provvidenziale che li salv\u00f2 dalla rovina&#8230;Questo primo tratto \u00e8 quindi molto agevole e abbastanza breve, una vera e propria scampagnata che si pu\u00f2 fare anche con bambini piccoli! Il percorso totale che proponiamo \u00e8 di circa 9 km e specialmente in questo periodo vi lascer\u00e0 sbalorditi per la ricchezza e la variet\u00e0 della vegetazione che viene descritta e illustrata anche in un grazioso itinerario didattico disposto intorno alla costruzione dell&#8217;eremo. Da qui inizia la discesa in Pian d&#8217;Alma dove recuperiamo un tratto del percorso 32 in direzione Punta Ala (anche per mtb). Attraversiamo quindi il torrente per tagliare verso Tirli, risalendo la ripida della Zinghera e usciamo dal bosco al campo di calcio, dirigendoci verso il paese. Tirli \u00e8 un piccolo borgo medievale che ha un bellissimo affaccio sulla costa ed \u00e8 frequentato dagli amanti della mountain bike che per arrivare fino a qui devono affrontare salite molto impegnative, degne di essere ripagate con una bella mangiata&#8230; e da Tirli non si va via certo a pancia vuota!<\/p>\n<p>\ud83c\udf89<strong> W LA MAREMMA MANGERECCIA!<\/strong><\/p>\n<p>\ud83d\udfe2 Segui\u00a0<strong>LAVIA,<\/strong>\u00a0arriva alla\u00a0<strong>META<\/strong>!<\/p>\n","protected":false},"featured_media":6009,"comment_status":"open","ping_status":"closed","template":"","meta":[],"product_brand":[],"product_cat":[31],"product_tag":[883,880,997,126],"class_list":{"0":"post-5999","1":"product","2":"type-product","3":"status-publish","4":"has-post-thumbnail","6":"product_cat-escursionismo","7":"product_tag-castiglione-della-pescaia","8":"product_tag-grosseto","9":"product_tag-tirli","10":"product_tag-toscana","12":"first","13":"instock","14":"downloadable","15":"virtual","16":"product-type-simple"},"_links":{"self":[{"href":"https:\/\/lavia.cc\/gpx\/wp-json\/wp\/v2\/product\/5999","targetHints":{"allow":["GET"]}}],"collection":[{"href":"https:\/\/lavia.cc\/gpx\/wp-json\/wp\/v2\/product"}],"about":[{"href":"https:\/\/lavia.cc\/gpx\/wp-json\/wp\/v2\/types\/product"}],"replies":[{"embeddable":true,"href":"https:\/\/lavia.cc\/gpx\/wp-json\/wp\/v2\/comments?post=5999"}],"version-history":[{"count":5,"href":"https:\/\/lavia.cc\/gpx\/wp-json\/wp\/v2\/product\/5999\/revisions"}],"predecessor-version":[{"id":6007,"href":"https:\/\/lavia.cc\/gpx\/wp-json\/wp\/v2\/product\/5999\/revisions\/6007"}],"wp:featuredmedia":[{"embeddable":true,"href":"https:\/\/lavia.cc\/gpx\/wp-json\/wp\/v2\/media\/6009"}],"wp:attachment":[{"href":"https:\/\/lavia.cc\/gpx\/wp-json\/wp\/v2\/media?parent=5999"}],"wp:term":[{"taxonomy":"product_brand","embeddable":true,"href":"https:\/\/lavia.cc\/gpx\/wp-json\/wp\/v2\/product_brand?post=5999"},{"taxonomy":"product_cat","embeddable":true,"href":"https:\/\/lavia.cc\/gpx\/wp-json\/wp\/v2\/product_cat?post=5999"},{"taxonomy":"product_tag","embeddable":true,"href":"https:\/\/lavia.cc\/gpx\/wp-json\/wp\/v2\/product_tag?post=5999"}],"curies":[{"name":"wp","href":"https:\/\/api.w.org\/{rel}","templated":true}]}}