{"id":6958,"date":"2023-08-16T08:27:12","date_gmt":"2023-08-16T06:27:12","guid":{"rendered":"https:\/\/lavia.cc\/gpx\/?post_type=product&#038;p=6958"},"modified":"2023-08-16T08:29:36","modified_gmt":"2023-08-16T06:29:36","slug":"podere-il-capannone-masso-delle-fanciulle","status":"publish","type":"product","link":"https:\/\/lavia.cc\/gpx\/tracce\/podere-il-capannone-masso-delle-fanciulle\/","title":{"rendered":"Podere \u201cIl Capannone\u201d \u2192 Masso delle Fanciulle a 6 zampe"},"content":{"rendered":"<h5>Podere \u201cIl Capannone\u201d \u2192 Masso delle Fanciulle a 6 zampe<\/h5>\n<p>Posto all\u2019interno della Riserva Naturale Foresta di Berignone, il percorso \u00e8 mediamente impegnativo. Si pu\u00f2 percorrere a 6 zampe\u00a0<img decoding=\"async\" class=\"an1\" src=\"https:\/\/fonts.gstatic.com\/s\/e\/notoemoji\/15.0\/1f43e\/32.png\" alt=\"\ud83d\udc3e\" data-emoji=\"\ud83d\udc3e\" aria-label=\"\ud83d\udc3e\" \/><\/p>\n<p>Consigliamo di evitare questo percorso:<br \/>\n&#8211; Se ci sono appena state precipitazioni (il sentiero potrebbe essere sdrucciolevole e il fiume in piena!)<br \/>\n&#8211; In estate, se non si ama la folla (la zona \u00e8 piuttosto popolare per coloro che cercano un po&#8217; di refrigerio!)<\/p>\n<p>ATTENZIONE: <img decoding=\"async\" class=\"an1\" src=\"https:\/\/fonts.gstatic.com\/s\/e\/notoemoji\/15.0\/26a0_fe0f\/32.png\" alt=\"\u26a0\ufe0f\" data-emoji=\"\u26a0\ufe0f\" aria-label=\"\u26a0\ufe0f\" \/><br \/>\n&#8211; Non ci sono fontane\/punti acqua potabile\u00a0<img decoding=\"async\" class=\"an1\" src=\"https:\/\/fonts.gstatic.com\/s\/e\/notoemoji\/15.0\/1f6b1\/32.png\" alt=\"\ud83d\udeb1\" data-emoji=\"\ud83d\udeb1\" aria-label=\"\ud83d\udeb1\" \/><br \/>\n&#8211; A seconda della stagione e delle piogge\/nevicate, il fiume Cecina potrebbe essere in piena\u00a0<img decoding=\"async\" class=\"an1\" src=\"https:\/\/fonts.gstatic.com\/s\/e\/notoemoji\/15.0\/1f30a\/32.png\" alt=\"\ud83c\udf0a\" data-emoji=\"\ud83c\udf0a\" aria-label=\"\ud83c\udf0a\" \/><br \/>\n&#8211; Il sentiero \u00e8 ben segnalato ma, in alcuni punti, sdrucciolevole\u00a0<img decoding=\"async\" class=\"an1\" src=\"https:\/\/fonts.gstatic.com\/s\/e\/notoemoji\/15.0\/1f34c\/32.png\" alt=\"\ud83c\udf4c\" data-emoji=\"\ud83c\udf4c\" aria-label=\"\ud83c\udf4c\" \/><br \/>\n&#8211; Per favore, rispetta la natura: non lasciare in giro i rifiuti!\u00a0<img decoding=\"async\" class=\"an1\" src=\"https:\/\/fonts.gstatic.com\/s\/e\/notoemoji\/15.0\/1f5d1_fe0f\/32.png\" alt=\"\ud83d\uddd1\ufe0f\" data-emoji=\"\ud83d\uddd1\ufe0f\" aria-label=\"\ud83d\uddd1\ufe0f\" \/><img decoding=\"async\" class=\"an1\" src=\"https:\/\/fonts.gstatic.com\/s\/e\/notoemoji\/15.0\/267b_fe0f\/32.png\" alt=\"\u267b\ufe0f\" data-emoji=\"\u267b\ufe0f\" aria-label=\"\u267b\ufe0f\" \/><\/p>\n<p>Mappa e altimetria dell&#8217;<a href=\"https:\/\/lavia.cc\/gpx\/categoria-tracce\/escursionismo\/\" target=\"_blank\" rel=\"noopener\">escursione<\/a> al Masso delle Fanciulle:<\/p>\n\r\n\t\t<div id=\"wpgpxmaps_6958_3464332\" class=\"wpgpxmaps\">\r\n\t\t\t<div id=\"map_6958_3464332_cont\" style=\"width:100%; height:450px;position:relative\" >\r\n\t\t\t\t<div id=\"map_6958_3464332\" style=\"width:100%; height:450px\"><\/div>\r\n\t\t\t\t<div id=\"wpgpxmaps_6958_3464332_osm_footer\" class=\"wpgpxmaps_osm_footer\" style=\"display:none;\"><span> &copy; <a href=\"http:\/\/www.openstreetmap.org\/copyright\" target=\"_blank\" rel=\"noopener\">OpenStreetMap<\/a> contributors<\/span><\/div>\r\n\t\t\t<\/div>\r\n\t\t\t<canvas id=\"myChart_6958_3464332\" class=\"plot\" style=\"width:100%; height:200px\"><\/canvas>\r\n\t\t\t<div id=\"ngimages_6958_3464332\" class=\"ngimages\" style=\"display:none\"><\/div>\r\n\t\t\t<div id=\"report_6958_3464332\" class=\"report\"><\/div>\r\n\t\t<\/div>\r\n\t\t\r\n\t\t<script type=\"text\/javascript\">\r\n\r\n\t\t\tjQuery(document).ready(function() {\r\n\r\n\t\t\t\tjQuery( \"#wpgpxmaps_6958_3464332\" ).wpgpxmaps( {\r\n\t\t\t\t\ttargetId           : \"6958_3464332\",\r\n\t\t\t\t\tmapType            : \"HYBRID\",\r\n\t\t\t\t\tmapData            : [[43.3298100,10.9218910],[43.3293010,10.9228270],[43.3289060,10.9235260],[43.3285190,10.9242830],[43.3282690,10.9246910],[43.3279310,10.9250830],[43.3270020,10.9263270],[43.3268460,10.9266020],[43.3254510,10.9294830],[43.3252080,10.9298330],[43.3250970,10.9299620],[43.3250400,10.9301320],[43.3250240,10.9304210],[43.3249300,10.9307280],[43.3247950,10.9310200],[43.3247210,10.9311310],[43.3242870,10.9315370],[43.3241350,10.9317590],[43.3240310,10.9323440],[43.3239310,10.9326610],[43.3238710,10.9327780],[43.3232620,10.9338040],[43.3230000,10.9338600],[43.3228950,10.9339150],[43.3227610,10.9340190],[43.3225050,10.9343280],[43.3222350,10.9344750],[43.3221500,10.9345580],[43.3217650,10.9347440],[43.3217500,10.9348770],[43.3218430,10.9351420],[43.3218570,10.9353050],[43.3220840,10.9353950],[43.3221440,10.9355090],[43.3217060,10.9359700],[43.3215770,10.9359560],[43.3214410,10.9358600],[43.3210090,10.9357470],[43.3203980,10.9353890],[43.3202860,10.9353920],[43.3200950,10.9359950],[43.3200270,10.9360930],[43.3196020,10.9362810],[43.3194760,10.9363690],[43.3192940,10.9364100],[43.3190380,10.9365300],[43.3188740,10.9365750],[43.3186100,10.9365170],[43.3185280,10.9364430],[43.3184380,10.9364170],[43.3180600,10.9365420],[43.3179400,10.9365400],[43.3178210,10.9365800],[43.3177650,10.9367000],[43.3176950,10.9371820],[43.3176270,10.9373510],[43.3175400,10.9374470],[43.3173500,10.9375260],[43.3170050,10.9374280],[43.3169020,10.9374280],[43.3168170,10.9375480],[43.3167410,10.9377390],[43.3163280,10.9378370],[43.3161530,10.9377660],[43.3160200,10.9377620],[43.3158520,10.9378290],[43.3157990,10.9379600],[43.3158460,10.9383220],[43.3157840,10.9386110],[43.3155930,10.9390890],[43.3155570,10.9393280],[43.3155560,10.9396240],[43.3155070,10.9398210],[43.3153140,10.9401230],[43.3150410,10.9404480],[43.3147270,10.9409050],[43.3145320,10.9412900],[43.3144630,10.9413820],[43.3142470,10.9414940],[43.3140110,10.9414690],[43.3137580,10.9413540],[43.3134000,10.9418280],[43.3132140,10.9419770],[43.3130810,10.9423560],[43.3128080,10.9427560],[43.3124380,10.9427550],[43.3118650,10.9428360],[43.3116540,10.9428010],[43.3114610,10.9426270],[43.3111560,10.9422330],[43.3109580,10.9417380],[43.3110820,10.9416510],[43.3112020,10.9416110],[43.3112730,10.9413850],[43.3112650,10.9410120],[43.3112480,10.9405350],[43.3112940,10.9403860],[43.3115730,10.9401130],[43.3119620,10.9399500],[43.3121090,10.9398590],[43.3123780,10.9398380],[43.3125030,10.9395850],[43.3125530,10.9392930],[43.3125060,10.9390610],[43.3123000,10.9388240],[43.3122460,10.9385470],[43.3120750,10.9384170],[43.3117900,10.9379160],[43.3115230,10.9374450],[43.3112860,10.9367880],[43.3111470,10.9364310],[43.3112190,10.9360300],[43.3113700,10.9355100],[43.3115400,10.9353030],[43.3115910,10.9352010],[43.3114970,10.9350220],[43.3112530,10.9349080],[43.3110850,10.9346620],[43.3111370,10.9342350],[43.3110600,10.9341670],[43.3108380,10.9342070],[43.3106530,10.9342880],[43.3104370,10.9341510],[43.3099100,10.9335620],[43.3098260,10.9333950],[43.3098450,10.9331250],[43.3099180,10.9328750],[43.3099170,10.9327270],[43.3100140,10.9322470],[43.3099730,10.9318970],[43.3098810,10.9316580],[43.3090070,10.9315520],[43.3085070,10.9316050],[43.3079910,10.9318470],[43.3075250,10.9322080],[43.3073480,10.9323770],[43.3070140,10.9325830],[43.3067650,10.9326870],[43.3065070,10.9327270],[43.3060870,10.9328530],[43.3059120,10.9331060],[43.3056830,10.9331720],[43.3054830,10.9331550],[43.3052600,10.9330600],[43.3050180,10.9331980],[43.3047070,10.9339050],[43.3045800,10.9345750],[43.3046990,10.9351240],[43.3048800,10.9355370],[43.3051010,10.9358150],[43.3054610,10.9361240],[43.3058160,10.9362880],[43.3059380,10.9365140],[43.3059490,10.9368320],[43.3059310,10.9372120],[43.3057710,10.9377000],[43.3056420,10.9379980],[43.3055900,10.9386230],[43.3054950,10.9388380],[43.3054030,10.9388930],[43.3054950,10.9388380],[43.3055900,10.9386230],[43.3056420,10.9379980],[43.3057710,10.9377000],[43.3059310,10.9372120],[43.3059490,10.9368320],[43.3059380,10.9365140],[43.3058160,10.9362880],[43.3054610,10.9361240],[43.3051010,10.9358150],[43.3048800,10.9355370],[43.3046990,10.9351240],[43.3045800,10.9345750],[43.3047070,10.9339050],[43.3050180,10.9331980],[43.3052600,10.9330600],[43.3054830,10.9331550],[43.3056830,10.9331720],[43.3059120,10.9331060],[43.3060870,10.9328530],[43.3065070,10.9327270],[43.3067650,10.9326870],[43.3070140,10.9325830],[43.3073480,10.9323770],[43.3075250,10.9322080],[43.3079910,10.9318470],[43.3085070,10.9316050],[43.3090070,10.9315520],[43.3098810,10.9316580],[43.3099730,10.9318970],[43.3100140,10.9322470],[43.3099170,10.9327270],[43.3099180,10.9328750],[43.3098450,10.9331250],[43.3098260,10.9333950],[43.3099100,10.9335620],[43.3104370,10.9341510],[43.3106530,10.9342880],[43.3108380,10.9342070],[43.3110600,10.9341670],[43.3111370,10.9342350],[43.3110850,10.9346620],[43.3112530,10.9349080],[43.3114970,10.9350220],[43.3115910,10.9352010],[43.3115400,10.9353030],[43.3113700,10.9355100],[43.3112190,10.9360300],[43.3111470,10.9364310],[43.3112860,10.9367880],[43.3115230,10.9374450],[43.3120750,10.9384170],[43.3122460,10.9385470],[43.3123000,10.9388240],[43.3125060,10.9390610],[43.3125530,10.9392930],[43.3125030,10.9395850],[43.3123780,10.9398380],[43.3121090,10.9398590],[43.3119620,10.9399500],[43.3115730,10.9401130],[43.3112940,10.9403860],[43.3112480,10.9405350],[43.3113020,10.9409160],[43.3112980,10.9412710],[43.3112020,10.9416110],[43.3110820,10.9416510],[43.3109580,10.9417380],[43.3111560,10.9422330],[43.3114610,10.9426270],[43.3116540,10.9428010],[43.3118650,10.9428360],[43.3124380,10.9427550],[43.3128080,10.9427560],[43.3130810,10.9423560],[43.3132140,10.9419770],[43.3134000,10.9418280],[43.3136900,10.9413780],[43.3140110,10.9414690],[43.3142470,10.9414940],[43.3143870,10.9414420],[43.3145320,10.9412900],[43.3147270,10.9409050],[43.3150410,10.9404480],[43.3153140,10.9401230],[43.3155070,10.9398210],[43.3155560,10.9396240],[43.3155570,10.9393280],[43.3155930,10.9390890],[43.3157840,10.9386110],[43.3158460,10.9383220],[43.3157990,10.9379600],[43.3158520,10.9378290],[43.3160200,10.9377620],[43.3161530,10.9377660],[43.3163280,10.9378370],[43.3166750,10.9378050],[43.3168170,10.9375480],[43.3169020,10.9374280],[43.3170050,10.9374280],[43.3173500,10.9375260],[43.3175400,10.9374470],[43.3176270,10.9373510],[43.3176950,10.9371820],[43.3177650,10.9367000],[43.3178210,10.9365800],[43.3179400,10.9365400],[43.3180600,10.9365420],[43.3184380,10.9364170],[43.3185280,10.9364430],[43.3186100,10.9365170],[43.3188740,10.9365750],[43.3190380,10.9365300],[43.3192940,10.9364100],[43.3194760,10.9363690],[43.3196020,10.9362810],[43.3200270,10.9360930],[43.3200950,10.9359950],[43.3202600,10.9354070],[43.3203980,10.9353890],[43.3210090,10.9357470],[43.3214410,10.9358600],[43.3215770,10.9359560],[43.3217060,10.9359700],[43.3221110,10.9355870],[43.3221270,10.9354350],[43.3219030,10.9354000],[43.3218430,10.9351420],[43.3217500,10.9348770],[43.3217650,10.9347440],[43.3221500,10.9345580],[43.3222350,10.9344750],[43.3225050,10.9343280],[43.3227610,10.9340190],[43.3228950,10.9339150],[43.3230000,10.9338600],[43.3232620,10.9338040],[43.3238710,10.9327780],[43.3239310,10.9326610],[43.3240310,10.9323440],[43.3241350,10.9317590],[43.3242870,10.9315370],[43.3247210,10.9311310],[43.3247950,10.9310200],[43.3249300,10.9307280],[43.3250240,10.9304210],[43.3250400,10.9301320],[43.3250970,10.9299620],[43.3252080,10.9298330],[43.3254510,10.9294830],[43.3268460,10.9266020],[43.3270020,10.9263270],[43.3279310,10.9250830],[43.3282690,10.9246910],[43.3285190,10.9242830],[43.3289060,10.9235260],[43.3293010,10.9228270],[43.3298100,10.9218910]],\r\n\t\t\t\t\tgraphDist          : [0.00,0.09,0.17,0.24,0.28,0.33,0.48,0.51,0.79,0.82,0.84,0.86,0.88,0.91,0.93,0.95,1.00,1.03,1.08,1.11,1.12,1.23,1.26,1.27,1.28,1.32,1.36,1.37,1.41,1.42,1.45,1.46,1.49,1.50,1.56,1.58,1.60,1.65,1.72,1.73,1.79,1.80,1.85,1.86,1.88,1.91,1.93,1.96,1.97,1.98,2.03,2.04,2.06,2.07,2.11,2.12,2.14,2.16,2.20,2.21,2.22,2.24,2.29,2.31,2.32,2.34,2.35,2.38,2.41,2.45,2.47,2.50,2.51,2.55,2.59,2.64,2.68,2.69,2.71,2.74,2.77,2.82,2.85,2.88,2.93,2.97,3.03,3.06,3.08,3.13,3.17,3.19,3.20,3.22,3.25,3.29,3.31,3.35,3.39,3.41,3.44,3.46,3.49,3.51,3.54,3.56,3.58,3.64,3.68,3.74,3.78,3.81,3.86,3.88,3.89,3.91,3.94,3.97,4.00,4.01,4.04,4.06,4.09,4.16,4.18,4.20,4.22,4.23,4.28,4.30,4.33,4.42,4.48,4.54,4.60,4.62,4.66,4.69,4.72,4.77,4.80,4.82,4.85,4.87,4.90,4.97,5.02,5.07,5.11,5.14,5.19,5.23,5.25,5.28,5.31,5.35,5.38,5.43,5.45,5.47,5.48,5.50,5.55,5.58,5.62,5.65,5.68,5.70,5.74,5.79,5.82,5.86,5.91,5.96,6.03,6.06,6.08,6.11,6.13,6.16,6.21,6.24,6.27,6.31,6.33,6.39,6.45,6.51,6.60,6.63,6.65,6.70,6.71,6.73,6.75,6.77,6.84,6.87,6.89,6.92,6.93,6.96,6.99,7.02,7.04,7.05,7.07,7.12,7.15,7.19,7.25,7.35,7.37,7.39,7.42,7.44,7.47,7.49,7.52,7.54,7.58,7.62,7.64,7.67,7.70,7.73,7.74,7.76,7.80,7.85,7.87,7.90,7.96,8.00,8.05,8.08,8.11,8.15,8.19,8.22,8.23,8.25,8.29,8.34,8.38,8.42,8.43,8.46,8.48,8.52,8.55,8.58,8.59,8.61,8.62,8.64,8.68,8.71,8.72,8.73,8.77,8.80,8.81,8.82,8.86,8.88,8.89,8.90,8.95,8.96,8.97,9.00,9.02,9.05,9.07,9.08,9.13,9.14,9.19,9.21,9.28,9.33,9.35,9.37,9.42,9.43,9.46,9.48,9.51,9.52,9.56,9.57,9.61,9.65,9.66,9.68,9.70,9.81,9.82,9.85,9.90,9.93,9.98,10.00,10.02,10.05,10.07,10.09,10.11,10.14,10.42,10.45,10.60,10.65,10.69,10.76,10.84,10.93],\r\n\t\t\t\t\tgraphEle           : [127.99,127.99,128.76,129.63,130.13,130.54,131.49,131.71,135.28,135.80,136.01,136.22,136.53,136.97,137.70,138.02,139.56,140.20,141.48,142.64,143.72,153.71,156.46,157.63,159.22,163.34,167.21,168.60,174.05,175.35,178.21,179.80,183.32,184.74,189.90,191.10,192.52,196.59,203.17,204.51,210.37,211.56,216.93,218.63,220.85,224.40,226.94,231.01,232.50,233.90,239.82,241.64,243.51,245.09,250.49,252.17,253.50,255.86,260.05,261.28,262.73,264.62,269.73,271.87,273.01,274.52,275.46,277.76,279.65,283.07,284.60,286.45,287.66,289.67,292.16,295.30,297.65,298.31,299.59,299.27,298.92,298.25,297.96,297.56,296.23,294.01,290.55,289.27,287.88,285.01,281.72,280.60,279.61,278.18,275.95,273.05,272.11,267.62,262.24,260.10,256.54,253.59,250.70,248.39,244.02,240.60,237.40,229.83,222.71,214.28,209.76,205.15,198.89,195.41,194.03,191.56,188.22,185.10,181.10,179.94,177.09,174.63,171.60,163.42,161.70,159.40,157.12,155.87,151.65,148.64,146.81,141.02,137.72,135.02,133.71,133.18,132.28,131.64,131.14,131.13,131.12,131.11,131.11,131.10,131.10,132.50,134.00,135.25,136.30,136.79,137.35,137.85,138.12,138.43,138.80,138.90,138.93,138.98,139.00,139.01,139.02,139.05,138.93,138.81,138.62,138.49,138.38,138.28,137.67,136.60,135.85,134.97,133.92,132.85,131.63,131.10,130.63,130.22,130.29,130.74,131.49,131.95,132.41,133.06,133.70,135.73,137.80,139.71,147.69,149.59,152.09,155.60,156.65,158.86,161.32,163.16,171.64,174.61,177.03,179.82,181.07,185.39,188.76,192.30,194.50,195.74,198.85,204.44,209.34,214.18,222.93,237.41,240.40,243.59,247.70,250.38,253.72,257.12,261.24,263.03,267.24,270.79,272.01,274.93,277.73,280.39,281.21,282.14,284.86,287.64,289.17,290.58,293.76,295.51,297.39,298.84,299.85,299.73,298.56,297.73,297.23,296.59,295.40,292.99,289.99,287.56,286.30,284.51,283.04,279.74,277.67,275.09,274.03,272.34,271.06,269.29,265.93,263.62,262.44,261.14,256.09,253.25,251.65,249.64,244.52,243.03,241.28,239.56,234.01,232.70,231.31,227.52,225.14,221.30,218.68,216.68,210.47,209.51,205.02,203.65,197.14,192.79,191.10,189.66,184.20,182.84,180.25,178.00,175.63,174.54,169.38,167.99,164.13,159.60,157.55,156.06,152.53,144.92,144.30,142.78,140.13,138.79,137.64,137.46,137.04,136.65,136.30,136.08,135.84,135.28,131.90,131.64,130.40,130.01,129.66,129.32,129.32,129.32],\r\n\t\t\t\t\tgraphSpeed         : [],\r\n\t\t\t\t\tgraphHr            : [],\r\n\t\t\t\t\tgraphAtemp         : [],\r\n\t\t\t\t\tgraphCad           : [],\r\n\t\t\t\t\tgraphGrade         : [],\r\n\t\t\t\t\twaypoints          : [],\r\n\t\t\t\t\tunit               : \"2\",\r\n\t\t\t\t\tunitspeed          : \"0\",\r\n\t\t\t\t\tcolor1             : [\"#3366cc\"],\r\n\t\t\t\t\tcolor2             : \"#3366cc\",\r\n\t\t\t\t\tcolor3             : \"#ff0000\",\r\n\t\t\t\t\tcolor4             : \"#ff77bd\",\r\n\t\t\t\t\tcolor5             : \"#beecff\",\r\n\t\t\t\t\tcolor6             : \"#beecff\",\r\n\t\t\t\t\tcolor7             : \"#ff77bd\",\r\n\t\t\t\t\tchartFrom1         : \"\",\r\n\t\t\t\t\tchartTo1           : \"\",\r\n\t\t\t\t\tchartFrom2         : \"\",\r\n\t\t\t\t\tchartTo2           : \"\",\r\n\t\t\t\t\tstartIcon          : \"\",\r\n\t\t\t\t\tendIcon            : \"\",\r\n\t\t\t\t\tcurrentIcon        : \"\",\r\n\t\t\t\t\twaypointIcon       : \"https:\/\/lavia.cc\/gpx\/wp-content\/uploads\/gpx\/cropped-icona.ico\",\r\n\t\t\t\t\tcurrentpositioncon : \"\",\r\n\t\t\t\t\tusegpsposition     : \"\",\r\n\t\t\t\t\tzoomOnScrollWheel  : \"\",\r\n\t\t\t\t\tngGalleries        : [],\r\n\t\t\t\t\tngImages           : [],\r\n\t\t\t\t\tpluginUrl          : \"https:\/\/lavia.cc\/gpx\/wp-content\/plugins\",\r\n\t\t\t\t\tTFApiKey           : \"\",\r\n\t\t\t\t\tMapBoxApiKey           : \"\",\r\n\t\t\t\t\tlangs              : {\r\n\t\t\t\t\t\taltitude        : \"Altitudine\",\r\n\t\t\t\t\t\tcurrentPosition : \"Current position\",\r\n\t\t\t\t\t\tspeed           : \"Velocit\u00e0\",\r\n\t\t\t\t\t\tgrade           : \"Grade\",\r\n\t\t\t\t\t\theartRate       : \"Battito Cardiaco\",\r\n\t\t\t\t\t\tatemp           : \"Temperature\",\r\n\t\t\t\t\t\tcadence         : \"Cadenza\",\r\n\t\t\t\t\t\tgoFullScreen    : \"Go full screen\",\r\n\t\t\t\t\t\texitFullFcreen  : \"Exit full screen\",\r\n\t\t\t\t\t\thideImages      : \"Hide images\",\r\n\t\t\t\t\t\tshowImages      : \"Show images\",\r\n\t\t\t\t\t\tbackToCenter\t: \"Ritorna al centro della mappa\"\r\n\t\t\t\t\t}\r\n\t\t\t\t});\r\n\r\n\t\t\t});\r\n\r\n\t\t<\/script>\n<p>\ud83d\udfe2 Segui\u00a0<strong>LAVIA,<\/strong>\u00a0arriva alla\u00a0<strong>META<\/strong>!<\/p>\n","protected":false},"excerpt":{"rendered":"<p><strong>\ud83d\udccd TRACCIA CARICATA DA: <a href=\"https:\/\/www.instagram.com\/cubadogtrekking\/\" target=\"_blank\" rel=\"noopener\">@cubadogtrekking<\/a><\/strong><\/p>\n<p>Il Podere &#8220;Il Capannone&#8221; \u00e8 il punto di partenza principale per i numerosi sentieri che si snodano nella Riserva Naturalistica di Berignone. La radura erbosa antistante l&#8217;edificio \u00e8 un&#8217;area di sosta accessibile e attrezzata con alcuni tavoli e un barbecue, perfetta per riposare e godere della tranquillit\u00e0 della foresta prima di partire per &#8211; o tornando da &#8211; uno dei sentieri. Il luogo \u00e8 stato un centro nevralgico di incontri e scambi per tutte quelle figure &#8211; boscaioli, contadini e carbonai &#8211; che ruotavano attorno al bosco. Attualmente l&#8217;edificio \u00e8 purtroppo abbandonato. Il Masso delle Fanciulle \u00e8 uno dei luoghi pi\u00f9 caratteristici e pittoreschi della Riserva Naturale di Berignone: \u00e8 una strozzatura della valle, limitata sui lati da due faraglioni di roccia che creano un laghetto profondo e ampio. Il nome del Masso delle Fanciulle \u00e8 dovuto a un&#8217;antica leggenda locale: due cugine, entrambe molto belle e dolci, si recavano quotidianamente nei pressi del masso per pascolare le pecore, trascorrendo il tempo cantando e facendo il bagno. Ripetutamente, a loro insaputa, un lupo mannaro le spiava e un giorno, rapito dai propri turpi desideri, decise di azzannarle; le due ragazze provarono a sfuggirgli finch\u00e9, rimaste intrappolate sulla cima della sporgenza rocciosa, si presero per mano e si gettarono nelle acque del fiume. Bench\u00e9 la vicenda appaia fantasiosa, \u00e8 possibile cogliere il collegamento simbolico che associa il lupo a uno dei signorotti locali dell&#8217;epoca, e l&#8217;attacco a un tentativo di violenza. Ciononostante, anche la versione pi\u00f9 realistica della leggenda del Masso delle Fanciulle non riesce a scalfire l&#8217;atmosfera magica e quieta del luogo. Attualmente, questa parte del fiume Cecina \u00e8 diventata molto popolare tra i turisti e gli abitanti della zona, rendendola fin troppo affollata nei caldi giorni d&#8217;estate. Il trekking \u00e8 mediamente impegnativo e inaccessibile a passeggini e sedie a rotelle, poich\u00e9 in diversi punti il sentiero \u00e8 stretto, ripido, dal fondo pietroso e sdrucciolevole. La prima parte, fino al Podere Casinieri, \u00e8 su strada ben battuta. Su tutto il cammino, nel periodo in cui \u00e8 stato percorso, le indicazioni salienti non mancano (strisce bianco-rosse su rocce e alberi) e la via \u00e8 visibile.<\/p>\n<p>\ud83d\udfe2 Segui\u00a0<strong>LAVIA,<\/strong>\u00a0arriva alla\u00a0<strong>META<\/strong>!<\/p>\n","protected":false},"featured_media":6962,"comment_status":"open","ping_status":"closed","template":"","meta":[],"product_brand":[],"product_cat":[31,720],"product_tag":[126,1079],"class_list":{"0":"post-6958","1":"product","2":"type-product","3":"status-publish","4":"has-post-thumbnail","6":"product_cat-escursionismo","7":"product_cat-dog-walking","8":"product_tag-toscana","9":"product_tag-volterra","11":"first","12":"instock","13":"downloadable","14":"virtual","15":"product-type-simple"},"_links":{"self":[{"href":"https:\/\/lavia.cc\/gpx\/wp-json\/wp\/v2\/product\/6958","targetHints":{"allow":["GET"]}}],"collection":[{"href":"https:\/\/lavia.cc\/gpx\/wp-json\/wp\/v2\/product"}],"about":[{"href":"https:\/\/lavia.cc\/gpx\/wp-json\/wp\/v2\/types\/product"}],"replies":[{"embeddable":true,"href":"https:\/\/lavia.cc\/gpx\/wp-json\/wp\/v2\/comments?post=6958"}],"version-history":[{"count":2,"href":"https:\/\/lavia.cc\/gpx\/wp-json\/wp\/v2\/product\/6958\/revisions"}],"predecessor-version":[{"id":6963,"href":"https:\/\/lavia.cc\/gpx\/wp-json\/wp\/v2\/product\/6958\/revisions\/6963"}],"wp:featuredmedia":[{"embeddable":true,"href":"https:\/\/lavia.cc\/gpx\/wp-json\/wp\/v2\/media\/6962"}],"wp:attachment":[{"href":"https:\/\/lavia.cc\/gpx\/wp-json\/wp\/v2\/media?parent=6958"}],"wp:term":[{"taxonomy":"product_brand","embeddable":true,"href":"https:\/\/lavia.cc\/gpx\/wp-json\/wp\/v2\/product_brand?post=6958"},{"taxonomy":"product_cat","embeddable":true,"href":"https:\/\/lavia.cc\/gpx\/wp-json\/wp\/v2\/product_cat?post=6958"},{"taxonomy":"product_tag","embeddable":true,"href":"https:\/\/lavia.cc\/gpx\/wp-json\/wp\/v2\/product_tag?post=6958"}],"curies":[{"name":"wp","href":"https:\/\/api.w.org\/{rel}","templated":true}]}}