{"id":7872,"date":"2023-11-06T20:08:58","date_gmt":"2023-11-06T19:08:58","guid":{"rendered":"https:\/\/lavia.cc\/gpx\/?post_type=product&#038;p=7872"},"modified":"2023-11-17T16:38:13","modified_gmt":"2023-11-17T15:38:13","slug":"risalita-acquedotto-nottolini-escursione","status":"publish","type":"product","link":"https:\/\/lavia.cc\/gpx\/tracce\/risalita-acquedotto-nottolini-escursione\/","title":{"rendered":"Risalita dell&#8217;Acquedotto Nottolini: dalle porte di Lucca all&#8217;Osservatorio Astronomico di Capannori"},"content":{"rendered":"<h5>Risalita dell&#8217;Acquedotto Nottolini: dalle porte di Lucca all&#8217;Osservatorio Astronomico di Capannori<\/h5>\n<p class=\"LC20lb MBeuO DKV0Md\"><strong>\ud83d\udca1CURIOSIT\u00c0:<\/strong> \u00e8 stato stabilito che quando il sole \u00e8 perfettamente allineato al manufatto \u00e8 un\u2019ora ben precisa che pu\u00f2 essere calcolata (studio dell&#8217;esperto Tullio Della Togna), per questo l&#8217;Acquedotto Nottolini \u00e8 ritenuto una delle meridiane pi\u00f9 lunghe del mondo!<\/p>\n<p>\u27a1\ufe0f Clicca qui per raggiungere il punto di partenza: <a href=\"https:\/\/www.google.it\/maps\/place\/fontanella+acquedotto+Nottolini\/@43.8250293,10.5123961,17.06z\/data=!4m15!1m8!3m7!1s0x12d584138bb78da9:0xdddcbe7b6902995d!2sVia+Sorbano+del+Giudice,+55100+Lucca+LU!3b1!8m2!3d43.8252279!4d10.5107818!16s%2Fg%2F119w8tsk1!3m5!1s0x12d585d1ba28ba49:0x51420e911d782264!8m2!3d43.8250528!4d10.5133525!16s%2Fg%2F11fsz8vwf0?entry=ttu\" target=\"_blank\" rel=\"noopener\">GOOGLE MAPS<\/a> (Via Sorbano del Giudice, Lucca)<\/p>\n<p>\ud83d\udd5c Periodo consigliato: tutto l\u2019anno<\/p>\n<p>\ud83d\uddfa\ufe0f Mappa e altimetria dell&#8217;<a href=\"https:\/\/lavia.cc\/gpx\/categoria-tracce\/escursionismo\/\" target=\"_blank\" rel=\"noopener\">escursione<\/a> &#8220;Risalita dell&#8217;Acquedotto Nottolini&#8221;:<\/p>\n\r\n\t\t<div id=\"wpgpxmaps_7872_64294\" class=\"wpgpxmaps\">\r\n\t\t\t<div id=\"map_7872_64294_cont\" style=\"width:100%; height:450px;position:relative\" >\r\n\t\t\t\t<div id=\"map_7872_64294\" style=\"width:100%; height:450px\"><\/div>\r\n\t\t\t\t<div id=\"wpgpxmaps_7872_64294_osm_footer\" class=\"wpgpxmaps_osm_footer\" style=\"display:none;\"><span> &copy; <a href=\"http:\/\/www.openstreetmap.org\/copyright\" target=\"_blank\" rel=\"noopener\">OpenStreetMap<\/a> contributors<\/span><\/div>\r\n\t\t\t<\/div>\r\n\t\t\t<canvas id=\"myChart_7872_64294\" class=\"plot\" style=\"width:100%; height:200px\"><\/canvas>\r\n\t\t\t<div id=\"ngimages_7872_64294\" class=\"ngimages\" style=\"display:none\"><\/div>\r\n\t\t\t<div id=\"report_7872_64294\" class=\"report\"><\/div>\r\n\t\t<\/div>\r\n\t\t\r\n\t\t<script type=\"text\/javascript\">\r\n\r\n\t\t\tjQuery(document).ready(function() {\r\n\r\n\t\t\t\tjQuery( \"#wpgpxmaps_7872_64294\" ).wpgpxmaps( {\r\n\t\t\t\t\ttargetId           : \"7872_64294\",\r\n\t\t\t\t\tmapType            : \"HYBRID\",\r\n\t\t\t\t\tmapData            : [[43.8249560,10.5133360],[43.8216950,10.5147030],[43.8215660,10.5147570],[43.8212170,10.5149010],[43.8210400,10.5149760],[43.8198690,10.5154800],[43.8174220,10.5165000],[43.8170580,10.5166440],[43.8155100,10.5172970],[43.8153850,10.5173500],[43.8152820,10.5173960],[43.8129070,10.5184060],[43.8102500,10.5195240],[43.8101410,10.5195720],[43.8092770,10.5199430],[43.8078310,10.5205450],[43.8076860,10.5205930],[43.8075110,10.5205940],[43.8074430,10.5206960],[43.8074100,10.5208540],[43.8073230,10.5211110],[43.8070780,10.5214650],[43.8063900,10.5223220],[43.8063060,10.5224220],[43.8059030,10.5227770],[43.8055910,10.5229300],[43.8053400,10.5231350],[43.8052500,10.5240370],[43.8052740,10.5243560],[43.8051780,10.5243420],[43.8050190,10.5243710],[43.8039180,10.5244560],[43.8037760,10.5244350],[43.8027380,10.5239760],[43.8024920,10.5239080],[43.8016040,10.5240830],[43.8012150,10.5242370],[43.8009310,10.5244520],[43.8008090,10.5245440],[43.8003730,10.5246140],[43.8001950,10.5248210],[43.7996720,10.5255860],[43.7994540,10.5257750],[43.7991750,10.5262700],[43.7990790,10.5267070],[43.7988540,10.5269850],[43.7986980,10.5272110],[43.7985670,10.5272750],[43.7983810,10.5272910],[43.7977190,10.5271980],[43.7973730,10.5270410],[43.7972050,10.5269030],[43.7969590,10.5267710],[43.7968130,10.5267260],[43.7966860,10.5267550],[43.7963870,10.5269340],[43.7963210,10.5270360],[43.7961180,10.5272320],[43.7958420,10.5272540],[43.7957000,10.5271870],[43.7953620,10.5268750],[43.7952230,10.5267910],[43.7949680,10.5266760],[43.7947730,10.5266420],[43.7945600,10.5265610],[43.7942890,10.5266260],[43.7941870,10.5266100],[43.7941170,10.5264740],[43.7940890,10.5260830],[43.7940150,10.5258700],[43.7939300,10.5254830],[43.7937380,10.5250280],[43.7936770,10.5251920],[43.7936450,10.5254900],[43.7936300,10.5251190],[43.7935040,10.5242620],[43.7933550,10.5239400],[43.7933890,10.5235330],[43.7932980,10.5230820],[43.7933530,10.5229490],[43.7934310,10.5227620],[43.7935090,10.5225750],[43.7935490,10.5223550],[43.7939170,10.5222550],[43.7940240,10.5222170],[43.7941750,10.5217350],[43.7941430,10.5216000],[43.7939890,10.5213110],[43.7938920,10.5212330],[43.7938010,10.5214920],[43.7936030,10.5220570],[43.7935490,10.5223550],[43.7935090,10.5225750],[43.7934310,10.5227620],[43.7933530,10.5229490],[43.7932980,10.5230820],[43.7933890,10.5235330],[43.7933550,10.5239400],[43.7935040,10.5242620],[43.7936300,10.5251190],[43.7936450,10.5254900],[43.7936770,10.5251920],[43.7937380,10.5250280],[43.7939300,10.5254830],[43.7940150,10.5258700],[43.7940890,10.5260830],[43.7941170,10.5264740],[43.7941870,10.5266100],[43.7942890,10.5266260],[43.7945600,10.5265610],[43.7947730,10.5266420],[43.7949680,10.5266760],[43.7952230,10.5267910],[43.7953620,10.5268750],[43.7957000,10.5271870],[43.7958420,10.5272540],[43.7961180,10.5272320],[43.7963210,10.5270360],[43.7963870,10.5269340],[43.7966860,10.5267550],[43.7968130,10.5267260],[43.7969590,10.5267710],[43.7972050,10.5269030],[43.7973730,10.5270410],[43.7977190,10.5271980],[43.7983810,10.5272910],[43.7985670,10.5272750],[43.7986980,10.5272110],[43.7988540,10.5269850],[43.7990360,10.5268000],[43.7991750,10.5262700],[43.7994540,10.5257750],[43.7996720,10.5255860],[43.8001950,10.5248210],[43.8003730,10.5246140],[43.8008090,10.5245440],[43.8009310,10.5244520],[43.8012150,10.5242370],[43.8016040,10.5240830],[43.8024120,10.5239040],[43.8027380,10.5239760],[43.8037760,10.5244350],[43.8039180,10.5244560],[43.8050190,10.5243710],[43.8051780,10.5243420],[43.8052740,10.5243560],[43.8052470,10.5240920],[43.8053400,10.5231350],[43.8055910,10.5229300],[43.8059030,10.5227770],[43.8063310,10.5224650],[43.8063900,10.5223220],[43.8070780,10.5214650],[43.8073060,10.5211660],[43.8074100,10.5208540],[43.8074430,10.5206960],[43.8075110,10.5205940],[43.8076200,10.5206200],[43.8077840,10.5205630],[43.8092770,10.5199430],[43.8101410,10.5195720],[43.8102500,10.5195240],[43.8129070,10.5184060],[43.8152820,10.5173960],[43.8153850,10.5173500],[43.8155100,10.5172970],[43.8170580,10.5166440],[43.8174220,10.5165000],[43.8198690,10.5154800],[43.8210400,10.5149760],[43.8212170,10.5149010],[43.8215660,10.5147570],[43.8216950,10.5147030],[43.8249560,10.5133360],[43.8268080,10.5125410],[43.8282870,10.5119060],[43.8283120,10.5116140],[43.8283090,10.5115870],[43.8286760,10.5115980],[43.8286750,10.5116280],[43.8287080,10.5117560],[43.8300650,10.5111670],[43.8333040,10.5098030],[43.8348860,10.5091270],[43.8356430,10.5088420],[43.8356940,10.5086800],[43.8357910,10.5086850],[43.8358570,10.5087730]],\r\n\t\t\t\t\tgraphDist          : [0.00,0.38,0.39,0.43,0.45,0.59,0.88,0.92,1.10,1.11,1.12,1.40,1.71,1.72,1.82,1.99,2.01,2.03,2.04,2.05,2.07,2.11,2.22,2.23,2.29,2.32,2.36,2.43,2.46,2.47,2.48,2.61,2.62,2.74,2.77,2.87,2.92,2.95,2.97,3.02,3.04,3.13,3.16,3.21,3.25,3.28,3.31,3.32,3.34,3.42,3.46,3.48,3.51,3.53,3.54,3.58,3.59,3.62,3.65,3.66,3.71,3.73,3.76,3.78,3.80,3.83,3.85,3.86,3.89,3.91,3.94,3.99,4.00,4.02,4.05,4.13,4.16,4.19,4.23,4.24,4.26,4.27,4.29,4.33,4.35,4.39,4.40,4.43,4.44,4.46,4.51,4.54,4.56,4.57,4.59,4.60,4.64,4.67,4.70,4.78,4.81,4.83,4.84,4.89,4.92,4.94,4.97,4.98,5.00,5.03,5.05,5.07,5.10,5.12,5.17,5.18,5.21,5.24,5.25,5.29,5.30,5.32,5.35,5.37,5.41,5.49,5.51,5.52,5.55,5.57,5.62,5.67,5.70,5.79,5.81,5.86,5.88,5.91,5.96,6.05,6.09,6.21,6.22,6.35,6.36,6.37,6.40,6.47,6.51,6.54,6.60,6.61,6.72,6.75,6.78,6.79,6.80,6.82,6.83,7.01,7.11,7.12,7.43,7.71,7.72,7.73,7.91,7.95,8.24,8.38,8.40,8.44,8.45,8.83,9.05,9.22,9.24,9.26,9.30,9.31,9.32,9.48,9.85,10.04,10.13,10.14,10.15,10.16],\r\n\t\t\t\t\tgraphEle           : [12.76,12.01,11.95,11.81,11.74,11.34,10.92,10.92,11.18,11.16,11.15,11.28,14.42,14.92,18.85,25.33,25.96,26.72,27.15,27.66,28.53,29.77,31.62,31.85,32.90,34.64,36.70,41.33,42.97,43.65,44.78,53.47,54.61,62.69,64.29,70.01,73.27,76.88,78.43,83.32,85.91,96.09,100.78,109.06,115.08,120.65,124.77,127.31,130.71,142.86,149.51,153.08,157.78,159.90,161.72,166.34,167.74,171.24,175.16,177.28,183.00,184.74,187.82,190.08,192.61,195.77,196.95,198.38,201.63,203.58,206.51,210.33,211.67,213.85,216.54,221.65,221.84,222.04,222.27,222.35,222.45,222.56,222.67,222.69,222.64,222.47,222.42,222.31,222.26,222.16,221.97,221.94,221.92,221.89,221.87,221.86,221.82,221.78,221.74,216.14,213.56,211.47,210.18,206.52,203.58,201.63,198.39,196.96,195.79,192.65,190.13,187.88,184.82,182.91,177.23,175.13,171.27,167.81,166.43,161.87,160.08,157.77,152.98,149.43,142.82,130.75,127.37,124.83,120.67,116.52,108.98,100.64,95.90,86.05,83.38,78.33,76.73,73.01,70.09,64.85,62.73,54.58,53.45,44.88,43.71,43.01,41.62,36.56,34.44,33.06,32.03,31.72,29.76,28.57,27.56,27.07,26.66,26.21,25.52,18.85,14.78,14.27,11.27,11.16,11.18,11.17,10.92,10.93,11.34,11.71,11.78,11.90,11.95,12.31,12.26,12.53,12.59,12.64,12.75,12.78,12.81,12.49,13.14,13.39,13.39,13.39,13.39,13.39],\r\n\t\t\t\t\tgraphSpeed         : [],\r\n\t\t\t\t\tgraphHr            : [],\r\n\t\t\t\t\tgraphAtemp         : [],\r\n\t\t\t\t\tgraphCad           : [],\r\n\t\t\t\t\tgraphGrade         : [],\r\n\t\t\t\t\twaypoints          : [],\r\n\t\t\t\t\tunit               : \"2\",\r\n\t\t\t\t\tunitspeed          : \"0\",\r\n\t\t\t\t\tcolor1             : [\"#3366cc\"],\r\n\t\t\t\t\tcolor2             : \"#3366cc\",\r\n\t\t\t\t\tcolor3             : \"#ff0000\",\r\n\t\t\t\t\tcolor4             : \"#ff77bd\",\r\n\t\t\t\t\tcolor5             : \"#beecff\",\r\n\t\t\t\t\tcolor6             : \"#beecff\",\r\n\t\t\t\t\tcolor7             : \"#ff77bd\",\r\n\t\t\t\t\tchartFrom1         : \"\",\r\n\t\t\t\t\tchartTo1           : \"\",\r\n\t\t\t\t\tchartFrom2         : \"\",\r\n\t\t\t\t\tchartTo2           : \"\",\r\n\t\t\t\t\tstartIcon          : \"\",\r\n\t\t\t\t\tendIcon            : \"\",\r\n\t\t\t\t\tcurrentIcon        : \"\",\r\n\t\t\t\t\twaypointIcon       : \"https:\/\/lavia.cc\/gpx\/wp-content\/uploads\/gpx\/cropped-icona.ico\",\r\n\t\t\t\t\tcurrentpositioncon : \"\",\r\n\t\t\t\t\tusegpsposition     : \"\",\r\n\t\t\t\t\tzoomOnScrollWheel  : \"\",\r\n\t\t\t\t\tngGalleries        : [],\r\n\t\t\t\t\tngImages           : [],\r\n\t\t\t\t\tpluginUrl          : \"https:\/\/lavia.cc\/gpx\/wp-content\/plugins\",\r\n\t\t\t\t\tTFApiKey           : \"\",\r\n\t\t\t\t\tMapBoxApiKey           : \"\",\r\n\t\t\t\t\tlangs              : {\r\n\t\t\t\t\t\taltitude        : \"Altitudine\",\r\n\t\t\t\t\t\tcurrentPosition : \"Current position\",\r\n\t\t\t\t\t\tspeed           : \"Velocit\u00e0\",\r\n\t\t\t\t\t\tgrade           : \"Grade\",\r\n\t\t\t\t\t\theartRate       : \"Battito Cardiaco\",\r\n\t\t\t\t\t\tatemp           : \"Temperature\",\r\n\t\t\t\t\t\tcadence         : \"Cadenza\",\r\n\t\t\t\t\t\tgoFullScreen    : \"Go full screen\",\r\n\t\t\t\t\t\texitFullFcreen  : \"Exit full screen\",\r\n\t\t\t\t\t\thideImages      : \"Hide images\",\r\n\t\t\t\t\t\tshowImages      : \"Show images\",\r\n\t\t\t\t\t\tbackToCenter\t: \"Ritorna al centro della mappa\"\r\n\t\t\t\t\t}\r\n\t\t\t\t});\r\n\r\n\t\t\t});\r\n\r\n\t\t<\/script>\n<p>\ud83d\udfe2 Segui\u00a0<strong>LAVIA,<\/strong>\u00a0arriva alla\u00a0<strong>META<\/strong>!<\/p>\n","protected":false},"excerpt":{"rendered":"<p><strong>\ud83d\udccd TRACCIA CARICATA DA:\u00a0<a href=\"https:\/\/www.instagram.com\/maremmagreenpassion\/\" target=\"_blank\" rel=\"noopener\">@maremmagreenpassion<\/a><\/strong><\/p>\n<p>Lucca \u00e8 circondata da un bellissimo territorio ricco di importanti testimonianze storiche e di meravigliosi paesaggi. Stavolta affrontiamo con entusiasmo una porzione della Via degli Acquedotti. La partenza in realt\u00e0 \u00e8 alla fine del percorso, ovvero alle porte di Lucca presso il Tempietto di San Concordio (attualmente in restauro), con sviluppo del tracciato lungo la variante della Via Francigena. Subito dopo il sovrappasso pedonale della A11 al momento non \u00e8 possibile proseguire a causa del cantiere per la realizzazione della pista ciclabile, quindi per evitare interruzioni, si pu\u00f2 spostare il punto di partenza in Via Sorbano del Giudice, accorciando l&#8217;escursione di circa 2,5 km. In totale, partendo dal Tempietto di San Concordio, affronteremmo una bella passeggiata di media difficolt\u00e0 della lunghezza di circa 10 km (andata e ritorno), fino all&#8217;Osservatorio Astronomico del Comune di Capannori nella frazione di Vorno. L&#8217;acquedotto Nottolini \u00e8 un&#8217;imponente opera di ingegneria idraulica in stile romano, realizzato da Lorenzo Nottolini, geniale architetto e ingegnere di Lucca, vissuto in epoca neoclassica. All&#8217;altro capo della sequenza di 3200 m di arcate, fa da contrafforte il Tempietto di Guamo a San Quirico, dal quale inizieremo a salire le pendici del monte per raggiungere il punto di captazione delle sorgenti denominato &#8220;Parole d&#8217;Oro&#8221;. Quest&#8217;opera fa letteralmente venire i brividi da quanto riesce a rappresentare in maniera esemplare il concetto della perfetta integrazione fra costruito e contesto naturalistico circostante: \u00e8 come se umilmente, ma anche con grande audacia, il progettista avesse capito le regole della natura, traducendole in un opera funzionale alle esigenze dell&#8217;uomo, pur sempre nel rispetto del luogo e delle sue caratteristiche. Sorpassato questo punto entreremo in un rigoglioso bosco di castagni e felci, per ritrovare la strada asfaltata che ci condurr\u00e0 fino all&#8217;Osservatorio. Da quass\u00f9 sar\u00e0 possibile apprezzare la visuale di tutta la citt\u00e0 di Lucca, collegata al monte dalla monumentale opera dell&#8217;Acquedotto Nottolini.<\/p>\n<p>\ud83d\udcf7 Durante l\u2019escursione cerca l\u2019<a href=\"https:\/\/lavia.cc\/gpx\/mappa-degli-adesivi-lavia\/\" target=\"_blank\" rel=\"noopener\">adesivo LAVIA<\/a>. Se lo trovi fai una foto e taggaci in una storia su Instagram!<\/p>\n<p>\ud83d\udfe2 Segui\u00a0<strong>LAVIA,<\/strong>\u00a0arriva alla\u00a0<strong>META<\/strong>!<\/p>\n","protected":false},"featured_media":7874,"comment_status":"open","ping_status":"closed","template":"","meta":[],"product_brand":[],"product_cat":[31],"product_tag":[351,126],"class_list":{"0":"post-7872","1":"product","2":"type-product","3":"status-publish","4":"has-post-thumbnail","6":"product_cat-escursionismo","7":"product_tag-lucca","8":"product_tag-toscana","10":"first","11":"instock","12":"downloadable","13":"virtual","14":"product-type-simple"},"_links":{"self":[{"href":"https:\/\/lavia.cc\/gpx\/wp-json\/wp\/v2\/product\/7872","targetHints":{"allow":["GET"]}}],"collection":[{"href":"https:\/\/lavia.cc\/gpx\/wp-json\/wp\/v2\/product"}],"about":[{"href":"https:\/\/lavia.cc\/gpx\/wp-json\/wp\/v2\/types\/product"}],"replies":[{"embeddable":true,"href":"https:\/\/lavia.cc\/gpx\/wp-json\/wp\/v2\/comments?post=7872"}],"version-history":[{"count":2,"href":"https:\/\/lavia.cc\/gpx\/wp-json\/wp\/v2\/product\/7872\/revisions"}],"predecessor-version":[{"id":7877,"href":"https:\/\/lavia.cc\/gpx\/wp-json\/wp\/v2\/product\/7872\/revisions\/7877"}],"wp:featuredmedia":[{"embeddable":true,"href":"https:\/\/lavia.cc\/gpx\/wp-json\/wp\/v2\/media\/7874"}],"wp:attachment":[{"href":"https:\/\/lavia.cc\/gpx\/wp-json\/wp\/v2\/media?parent=7872"}],"wp:term":[{"taxonomy":"product_brand","embeddable":true,"href":"https:\/\/lavia.cc\/gpx\/wp-json\/wp\/v2\/product_brand?post=7872"},{"taxonomy":"product_cat","embeddable":true,"href":"https:\/\/lavia.cc\/gpx\/wp-json\/wp\/v2\/product_cat?post=7872"},{"taxonomy":"product_tag","embeddable":true,"href":"https:\/\/lavia.cc\/gpx\/wp-json\/wp\/v2\/product_tag?post=7872"}],"curies":[{"name":"wp","href":"https:\/\/api.w.org\/{rel}","templated":true}]}}